{"id":596,"date":"2022-01-26T20:42:48","date_gmt":"2022-01-26T19:42:48","guid":{"rendered":"https:\/\/agora.xtec.cat\/ceiplesfonts\/?page_id=596"},"modified":"2022-02-09T15:06:12","modified_gmt":"2022-02-09T14:06:12","slug":"projecte-mindfulness","status":"publish","type":"page","link":"https:\/\/agora.xtec.cat\/ceiplesfonts\/projecte-educatiu\/projecte-mindfulness\/","title":{"rendered":"Projecte Mindfulness"},"content":{"rendered":"<p><span style=\"font-weight: 400;\">El mindfulness \u00e9s l\u2019entrenament que utilitza la meditaci\u00f3, despullada de qualsevol connotaci\u00f3 religiosa. La meditaci\u00f3 \u00e9s una disciplina que, ens aporta m\u00e9s consci\u00e8ncia i ens aquieta la ment, l\u2019ensinistra perqu\u00e8 vagi on nosaltres volem. \u00c9s un projecte que es realitza des de P3 a 6\u00e8 i que genera una atmosfera de benestar global i clima positiu a l\u2019escola.<\/span><\/p>\n<p><iframe loading=\"lazy\" width=\"560\" height=\"315\" src=\"https:\/\/www.youtube.com\/embed\/FGdt5VYzWaw\" title=\"YouTube video player\" frameborder=\"0\" allow=\"accelerometer; autoplay; clipboard-write; encrypted-media; gyroscope; picture-in-picture\" allowfullscreen><\/iframe><\/p>\n","protected":false},"excerpt":{"rendered":"<p>El mindfulness \u00e9s l\u2019entrenament que utilitza la meditaci\u00f3, despullada de qualsevol connotaci\u00f3 religiosa. La meditaci\u00f3 \u00e9s una disciplina que, ens aporta m\u00e9s consci\u00e8ncia i ens aquieta la ment, l\u2019ensinistra perqu\u00e8 vagi on nosaltres volem. \u00c9s un projecte que es realitza des de P3 a 6\u00e8&hellip;  <a href=\"https:\/\/agora.xtec.cat\/ceiplesfonts\/projecte-educatiu\/projecte-mindfulness\/\" title=\"Read Projecte Mindfulness\">Llegeix m\u00e9s\u00bb<\/a><\/p>\n","protected":false},"author":1,"featured_media":0,"parent":64,"menu_order":3,"comment_status":"closed","ping_status":"closed","template":"page-templates\/side-menu.php","meta":{"_bbp_topic_count":0,"_bbp_reply_count":0,"_bbp_total_topic_count":0,"_bbp_total_reply_count":0,"_bbp_voice_count":0,"_bbp_anonymous_reply_count":0,"_bbp_topic_count_hidden":0,"_bbp_reply_count_hidden":0,"_bbp_forum_subforum_count":0,"footnotes":""},"class_list":["post-596","page","type-page","status-publish","hentry"],"post_mailing_queue_ids":[],"_links":{"self":[{"href":"https:\/\/agora.xtec.cat\/ceiplesfonts\/wp-json\/wp\/v2\/pages\/596","targetHints":{"allow":["GET"]}}],"collection":[{"href":"https:\/\/agora.xtec.cat\/ceiplesfonts\/wp-json\/wp\/v2\/pages"}],"about":[{"href":"https:\/\/agora.xtec.cat\/ceiplesfonts\/wp-json\/wp\/v2\/types\/page"}],"author":[{"embeddable":true,"href":"https:\/\/agora.xtec.cat\/ceiplesfonts\/wp-json\/wp\/v2\/users\/1"}],"replies":[{"embeddable":true,"href":"https:\/\/agora.xtec.cat\/ceiplesfonts\/wp-json\/wp\/v2\/comments?post=596"}],"version-history":[{"count":2,"href":"https:\/\/agora.xtec.cat\/ceiplesfonts\/wp-json\/wp\/v2\/pages\/596\/revisions"}],"predecessor-version":[{"id":843,"href":"https:\/\/agora.xtec.cat\/ceiplesfonts\/wp-json\/wp\/v2\/pages\/596\/revisions\/843"}],"up":[{"embeddable":true,"href":"https:\/\/agora.xtec.cat\/ceiplesfonts\/wp-json\/wp\/v2\/pages\/64"}],"wp:attachment":[{"href":"https:\/\/agora.xtec.cat\/ceiplesfonts\/wp-json\/wp\/v2\/media?parent=596"}],"curies":[{"name":"wp","href":"https:\/\/api.w.org\/{rel}","templated":true}]}}

<p><span style="font-weight: 400;">El mindfulness és l’entrenament que utilitza la meditació, despullada de qualsevol connotació religiosa. La meditació és una disciplina que, ens aporta més consciència i ens aquieta la ment, l’ensinistra perquè vagi on nosaltres volem. És un projecte que es realitza des de P3 a 6è i que genera una atmosfera de benestar global i clima positiu a l’escola.</span></p>
<p><iframe loading="lazy" width="560" height="315" src="https://www.youtube.com/embed/FGdt5VYzWaw" title="YouTube video player" frameborder="0" allow="accelerometer; autoplay; clipboard-write; encrypted-media; gyroscope; picture-in-picture" allowfullscreen></iframe></p>

<p>El mindfulness és l’entrenament que utilitza la meditació, despullada de qualsevol connotació religiosa. La meditació és una disciplina que, ens aporta més consciència i ens aquieta la ment, l’ensinistra perquè vagi on nosaltres volem. És un projecte que es realitza des de P3 a 6è&hellip;  <a href="https://agora.xtec.cat/ceiplesfonts/projecte-educatiu/projecte-mindfulness/" title="Read Projecte Mindfulness">Llegeix més»</a></p>
