{"id":26,"date":"2014-09-18T12:24:32","date_gmt":"2014-09-18T10:24:32","guid":{"rendered":"http:\/\/agora.xtec.cat\/ceiplesfonts\/?page_id=26"},"modified":"2025-10-07T16:19:44","modified_gmt":"2025-10-07T14:19:44","slug":"historia","status":"publish","type":"page","link":"https:\/\/agora.xtec.cat\/ceiplesfonts\/lescola\/historia\/","title":{"rendered":"Hist\u00f2ria"},"content":{"rendered":"<p style=\"text-align: justify;\"><span style=\"font-weight: 400;\"><img loading=\"lazy\" decoding=\"async\" class=\"alignleft\" src=\"https:\/\/ampalesfonts.files.wordpress.com\/2020\/08\/dsc_1061-copia-t3.jpg?w=760\" alt=\"Escola Les Fonts Argentona\" width=\"463\" height=\"107\" \/><\/span><\/p>\n<p style=\"text-align: justify;\"><span style=\"font-weight: 400;\">Argentona \u00e9s coneguda arreu com <\/span><b>el poble de les fonts<\/b><span style=\"font-weight: 400;\">, per la quantitat que n\u2019hi ha repartides pel seu terme municipal. Algunes tenen propietats curatives i\/o medicinals i d\u2019altres no tant, per\u00f2 totes acompleixen <\/span><b>la seva funci\u00f3 de donar aigua, element imprescindible per a la vida humana.<\/b><\/p>\n<p style=\"text-align: justify;\"><span style=\"font-weight: 400;\">La nostra escola vol ser <\/span><b>una font m\u00e9s del poble<\/b><span style=\"font-weight: 400;\">, d\u2019on brolli una aigua que desvetlli les ganes d\u2019aprendre, que eduqui les emocions, estimuli la cooperaci\u00f3 i que afavoreixi el creixement personal.\u00a0<\/span><span style=\"font-weight: 400;\">\u00c9s un centre d\u2019Ensenyament Infantil i Prim\u00e0ria p\u00fablic que dep\u00e8n de la Generalitat de Catalunya. L\u2019Escola Les Fonts fou creada l\u2019any 2002. L\u2019origen d\u2019aquesta escola neix de la necessitat de poder donar oferta de places p\u00fabliques a la demanda de poblaci\u00f3 infantil del poble. L\u20191 de mar\u00e7 de 2003 s\u2019inaugura la primera instal\u00b7laci\u00f3 de l\u2019edifici d\u2019Educaci\u00f3 Infantil i durant el tercer trimestre del curs 2002-2003 comencen les obres d\u2019ampliaci\u00f3, quedant l\u2019edifici d\u2019Educaci\u00f3 Infantil acabat a finals d\u2019agost. Durant l\u2019estiu de l\u2019any 2004 es realitza la construcci\u00f3 de l\u2019edifici d\u2019E.Prim\u00e0ria, tamb\u00e9 de construcci\u00f3 industrialitzada. El 23 d\u2019abril de 2005 s\u2019inaugura l\u2019edifici de prim\u00e0ria.<\/span><\/p>\n<p>&nbsp;<\/p>\n","protected":false},"excerpt":{"rendered":"<p>Argentona \u00e9s coneguda arreu com el poble de les fonts, per la quantitat que n\u2019hi ha repartides pel seu terme municipal. Algunes tenen propietats curatives i\/o medicinals i d\u2019altres no tant, per\u00f2 totes acompleixen la seva funci\u00f3 de donar aigua, element imprescindible per a la&hellip;  <a href=\"https:\/\/agora.xtec.cat\/ceiplesfonts\/lescola\/historia\/\" title=\"Read Hist\u00f2ria\">Llegeix m\u00e9s\u00bb<\/a><\/p>\n","protected":false},"author":1,"featured_media":0,"parent":22,"menu_order":2,"comment_status":"closed","ping_status":"closed","template":"page-templates\/side-menu.php","meta":{"_bbp_topic_count":0,"_bbp_reply_count":0,"_bbp_total_topic_count":0,"_bbp_total_reply_count":0,"_bbp_voice_count":0,"_bbp_anonymous_reply_count":0,"_bbp_topic_count_hidden":0,"_bbp_reply_count_hidden":0,"_bbp_forum_subforum_count":0,"footnotes":""},"class_list":["post-26","page","type-page","status-publish","hentry"],"post_mailing_queue_ids":[],"_links":{"self":[{"href":"https:\/\/agora.xtec.cat\/ceiplesfonts\/wp-json\/wp\/v2\/pages\/26","targetHints":{"allow":["GET"]}}],"collection":[{"href":"https:\/\/agora.xtec.cat\/ceiplesfonts\/wp-json\/wp\/v2\/pages"}],"about":[{"href":"https:\/\/agora.xtec.cat\/ceiplesfonts\/wp-json\/wp\/v2\/types\/page"}],"author":[{"embeddable":true,"href":"https:\/\/agora.xtec.cat\/ceiplesfonts\/wp-json\/wp\/v2\/users\/1"}],"replies":[{"embeddable":true,"href":"https:\/\/agora.xtec.cat\/ceiplesfonts\/wp-json\/wp\/v2\/comments?post=26"}],"version-history":[{"count":4,"href":"https:\/\/agora.xtec.cat\/ceiplesfonts\/wp-json\/wp\/v2\/pages\/26\/revisions"}],"predecessor-version":[{"id":3356,"href":"https:\/\/agora.xtec.cat\/ceiplesfonts\/wp-json\/wp\/v2\/pages\/26\/revisions\/3356"}],"up":[{"embeddable":true,"href":"https:\/\/agora.xtec.cat\/ceiplesfonts\/wp-json\/wp\/v2\/pages\/22"}],"wp:attachment":[{"href":"https:\/\/agora.xtec.cat\/ceiplesfonts\/wp-json\/wp\/v2\/media?parent=26"}],"curies":[{"name":"wp","href":"https:\/\/api.w.org\/{rel}","templated":true}]}}

Història

<p style="text-align: justify;"><span style="font-weight: 400;"><img loading="lazy" decoding="async" class="alignleft" src="https://ampalesfonts.files.wordpress.com/2020/08/dsc_1061-copia-t3.jpg?w=760" alt="Escola Les Fonts Argentona" width="463" height="107" /></span></p>
<p style="text-align: justify;"><span style="font-weight: 400;">Argentona és coneguda arreu com </span><b>el poble de les fonts</b><span style="font-weight: 400;">, per la quantitat que n’hi ha repartides pel seu terme municipal. Algunes tenen propietats curatives i/o medicinals i d’altres no tant, però totes acompleixen </span><b>la seva funció de donar aigua, element imprescindible per a la vida humana.</b></p>
<p style="text-align: justify;"><span style="font-weight: 400;">La nostra escola vol ser </span><b>una font més del poble</b><span style="font-weight: 400;">, d’on brolli una aigua que desvetlli les ganes d’aprendre, que eduqui les emocions, estimuli la cooperació i que afavoreixi el creixement personal. </span><span style="font-weight: 400;">És un centre d’Ensenyament Infantil i Primària públic que depèn de la Generalitat de Catalunya. L’Escola Les Fonts fou creada l’any 2002. L’origen d’aquesta escola neix de la necessitat de poder donar oferta de places públiques a la demanda de població infantil del poble. L’1 de març de 2003 s’inaugura la primera instal·lació de l’edifici d’Educació Infantil i durant el tercer trimestre del curs 2002-2003 comencen les obres d’ampliació, quedant l’edifici d’Educació Infantil acabat a finals d’agost. Durant l’estiu de l’any 2004 es realitza la construcció de l’edifici d’E.Primària, també de construcció industrialitzada. El 23 d’abril de 2005 s’inaugura l’edifici de primària.</span></p>
<p>&nbsp;</p>

<p>Argentona és coneguda arreu com el poble de les fonts, per la quantitat que n’hi ha repartides pel seu terme municipal. Algunes tenen propietats curatives i/o medicinals i d’altres no tant, però totes acompleixen la seva funció de donar aigua, element imprescindible per a la&hellip;  <a href="https://agora.xtec.cat/ceiplesfonts/lescola/historia/" title="Read Història">Llegeix més»</a></p>
