{"id":4043,"date":"2023-11-07T12:28:57","date_gmt":"2023-11-07T11:28:57","guid":{"rendered":"https:\/\/agora.xtec.cat\/ceiplesculapi\/?page_id=4043"},"modified":"2026-01-28T13:23:58","modified_gmt":"2026-01-28T12:23:58","slug":"escola-verda-ods","status":"publish","type":"page","link":"https:\/\/agora.xtec.cat\/ceiplesculapi\/projecte-descola\/escola-verda\/escola-verda-ods\/","title":{"rendered":"Escola Verda &#8211; ODS"},"content":{"rendered":"<p style=\"text-align: justify;\">Els\u00a0<strong>ODS<\/strong>\u00a0s\u00f3n els\u00a0<strong>objectius de desenvolupament sostenible<\/strong>, inclosos en la resoluci\u00f3 &#8220;Agenda 2030: transformar el nostre m\u00f3n&#8221;, que el setembre de 2015 l&#8217;Assemblea General de les Nacions Unides va aprovar, per tal de\u00a0definir\u00a0un full de ruta unificat per fer front als reptes globals de la humanitat. Aquest document identifica cinc grans \u00e0rees d&#8217;actuaci\u00f3\u00a0(persones, planeta, prosperitat, pau i\u00a0partenariat), al voltant de les quals hi ha 17 objectius de desenvolupament sostenible\u00a0(ODS)<em>\u00a0<\/em>i 169 fites per assolir en l&#8217;horitz\u00f3 2030, amb l&#8217;objectiu final de promoure la prosperitat a la vegada que es protegeix el medi ambient.<\/p>\n<p style=\"text-align: justify;\">Els\u00a0<strong>17 ODS<\/strong>\u00a0no s\u00f3n independents els uns dels altres, sin\u00f3 que estan interconnectats. Les intervencions en una \u00e0rea afectaran els resultats de les altres, i \u00e9s per aix\u00f2 que el desenvolupament ha d&#8217;equilibrar la sostenibilitat mediambiental, l&#8217;econ\u00f2mica i la social. Aix\u00ed, posar fi a la pobresa ha d&#8217;anar acompanyat d&#8217;un seguit d&#8217;estrat\u00e8gies per al creixement econ\u00f2mic i per al desenvolupament de respostes a necessitats socials com l&#8217;educaci\u00f3, la salut, la igualtat i les oportunitats laborals, a la vegada que es lluita contra el canvi clim\u00e0tic i es treballa per preservar boscos i oceans.<\/p>\n<p><em>(Clica sobre la imatge per saber-ne m\u00e9s)<\/em><\/p>\n<table style=\"border-collapse: collapse; width: 100%;\">\n<tbody>\n<tr>\n<td style=\"width: 16.6667%;\"><a href=\"https:\/\/educacio.gencat.cat\/web\/.content\/home\/departament\/linies-estrategiques\/ods\/fitxes-ods\/fitxa-ods-01.pdf\"><img loading=\"lazy\" decoding=\"async\" class=\"aligncenter size-full wp-image-5364\" src=\"https:\/\/agora.xtec.cat\/ceiplesculapi\/wp-content\/uploads\/usu591\/2026\/01\/ods-1.jpg\" alt=\"\" width=\"209\" height=\"209\" srcset=\"https:\/\/agora.xtec.cat\/ceiplesculapi\/wp-content\/uploads\/usu591\/2026\/01\/ods-1.jpg 209w, https:\/\/agora.xtec.cat\/ceiplesculapi\/wp-content\/uploads\/usu591\/2026\/01\/ods-1-150x150.jpg 150w\" sizes=\"auto, (max-width: 209px) 100vw, 209px\" \/><\/a><\/td>\n<td style=\"width: 16.6667%;\"><a href=\"https:\/\/educacio.gencat.cat\/web\/.content\/home\/departament\/linies-estrategiques\/ods\/fitxes-ods\/fitxa-ods-02.pdf\"><img loading=\"lazy\" decoding=\"async\" class=\"aligncenter size-full wp-image-5365\" src=\"https:\/\/agora.xtec.cat\/ceiplesculapi\/wp-content\/uploads\/usu591\/2026\/01\/ods-2.jpg\" alt=\"\" width=\"209\" height=\"205\" \/><\/a><\/td>\n<td style=\"width: 16.6667%;\"><a href=\"https:\/\/educacio.gencat.cat\/web\/.content\/home\/departament\/linies-estrategiques\/ods\/fitxes-ods\/fitxa-ods-03.pdf\"><img loading=\"lazy\" decoding=\"async\" class=\"aligncenter wp-image-5366\" src=\"https:\/\/agora.xtec.cat\/ceiplesculapi\/wp-content\/uploads\/usu591\/2026\/01\/ods-3.jpg\" alt=\"\" width=\"190\" height=\"188\" \/><\/a><\/td>\n<td style=\"width: 16.6667%;\"><a href=\"https:\/\/educacio.gencat.cat\/web\/.content\/home\/departament\/linies-estrategiques\/ods\/fitxes-ods\/fitxa-ods-04.pdf\"><img loading=\"lazy\" decoding=\"async\" class=\"aligncenter size-full wp-image-5367\" src=\"https:\/\/agora.xtec.cat\/ceiplesculapi\/wp-content\/uploads\/usu591\/2026\/01\/ods-4.jpg\" alt=\"\" width=\"207\" height=\"200\" \/><\/a><\/td>\n<td style=\"width: 16.6667%;\"><a href=\"https:\/\/educacio.gencat.cat\/web\/.content\/home\/departament\/linies-estrategiques\/ods\/fitxes-ods\/fitxa-ods-05.pdf\"><img loading=\"lazy\" decoding=\"async\" class=\"aligncenter size-full wp-image-5368\" src=\"https:\/\/agora.xtec.cat\/ceiplesculapi\/wp-content\/uploads\/usu591\/2026\/01\/ods-5.jpg\" alt=\"\" width=\"208\" height=\"207\" srcset=\"https:\/\/agora.xtec.cat\/ceiplesculapi\/wp-content\/uploads\/usu591\/2026\/01\/ods-5.jpg 208w, https:\/\/agora.xtec.cat\/ceiplesculapi\/wp-content\/uploads\/usu591\/2026\/01\/ods-5-150x150.jpg 150w\" sizes=\"auto, (max-width: 208px) 100vw, 208px\" \/><\/a><\/td>\n<td style=\"width: 16.6667%;\"><a href=\"https:\/\/educacio.gencat.cat\/web\/.content\/home\/departament\/linies-estrategiques\/ods\/fitxes-ods\/fitxa-ods-06.pdf\"><img loading=\"lazy\" decoding=\"async\" class=\"aligncenter size-full wp-image-5369\" src=\"https:\/\/agora.xtec.cat\/ceiplesculapi\/wp-content\/uploads\/usu591\/2026\/01\/ods-6.jpg\" alt=\"\" width=\"208\" height=\"204\" \/><\/a><\/td>\n<\/tr>\n<tr>\n<td style=\"width: 16.6667%;\"><a href=\"https:\/\/educacio.gencat.cat\/web\/.content\/home\/departament\/linies-estrategiques\/ods\/fitxes-ods\/fitxa-ods-07.pdf\"><img loading=\"lazy\" decoding=\"async\" class=\"aligncenter size-full wp-image-5370\" src=\"https:\/\/agora.xtec.cat\/ceiplesculapi\/wp-content\/uploads\/usu591\/2026\/01\/ods-7.jpg\" alt=\"\" width=\"208\" height=\"205\" \/><\/a><\/td>\n<td style=\"width: 16.6667%;\"><a href=\"https:\/\/educacio.gencat.cat\/web\/.content\/home\/departament\/linies-estrategiques\/ods\/fitxes-ods\/fitxa-ods-08.pdf\"><img loading=\"lazy\" decoding=\"async\" class=\"aligncenter wp-image-5371\" src=\"https:\/\/agora.xtec.cat\/ceiplesculapi\/wp-content\/uploads\/usu591\/2026\/01\/ods-8.jpg\" alt=\"\" width=\"186\" height=\"189\" \/><\/a><\/td>\n<td style=\"width: 16.6667%;\"><a href=\"https:\/\/educacio.gencat.cat\/web\/.content\/home\/departament\/linies-estrategiques\/ods\/fitxes-ods\/fitxa-ods-09.pdf\"><img loading=\"lazy\" decoding=\"async\" class=\"aligncenter size-full wp-image-5372\" src=\"https:\/\/agora.xtec.cat\/ceiplesculapi\/wp-content\/uploads\/usu591\/2026\/01\/ods-9.jpg\" alt=\"\" width=\"206\" height=\"205\" srcset=\"https:\/\/agora.xtec.cat\/ceiplesculapi\/wp-content\/uploads\/usu591\/2026\/01\/ods-9.jpg 206w, https:\/\/agora.xtec.cat\/ceiplesculapi\/wp-content\/uploads\/usu591\/2026\/01\/ods-9-150x150.jpg 150w\" sizes=\"auto, (max-width: 206px) 100vw, 206px\" \/><\/a><\/td>\n<td style=\"width: 16.6667%;\"><a href=\"https:\/\/educacio.gencat.cat\/web\/.content\/home\/departament\/linies-estrategiques\/ods\/fitxes-ods\/fitxa-ods-10.pdf\"><img loading=\"lazy\" decoding=\"async\" class=\"aligncenter size-full wp-image-5373\" src=\"https:\/\/agora.xtec.cat\/ceiplesculapi\/wp-content\/uploads\/usu591\/2026\/01\/ods-10.jpg\" alt=\"\" width=\"206\" height=\"204\" srcset=\"https:\/\/agora.xtec.cat\/ceiplesculapi\/wp-content\/uploads\/usu591\/2026\/01\/ods-10.jpg 206w, https:\/\/agora.xtec.cat\/ceiplesculapi\/wp-content\/uploads\/usu591\/2026\/01\/ods-10-150x150.jpg 150w\" sizes=\"auto, (max-width: 206px) 100vw, 206px\" \/><\/a><\/td>\n<td style=\"width: 16.6667%;\"><a href=\"https:\/\/educacio.gencat.cat\/web\/.content\/home\/departament\/linies-estrategiques\/ods\/fitxes-ods\/fitxa-ods-11.pdf\"><img loading=\"lazy\" decoding=\"async\" class=\"aligncenter size-full wp-image-5374\" src=\"https:\/\/agora.xtec.cat\/ceiplesculapi\/wp-content\/uploads\/usu591\/2026\/01\/ods-11.jpg\" alt=\"\" width=\"206\" height=\"203\" \/><\/a><\/td>\n<td style=\"width: 16.6667%;\"><a href=\"https:\/\/educacio.gencat.cat\/web\/.content\/home\/departament\/linies-estrategiques\/ods\/fitxes-ods\/fitxa-ods-12.pdf\"><img loading=\"lazy\" decoding=\"async\" class=\"aligncenter size-full wp-image-5375\" src=\"https:\/\/agora.xtec.cat\/ceiplesculapi\/wp-content\/uploads\/usu591\/2026\/01\/ods-12.jpg\" alt=\"\" width=\"207\" height=\"204\" \/><\/a><\/td>\n<\/tr>\n<tr>\n<td style=\"width: 16.6667%;\"><a href=\"https:\/\/educacio.gencat.cat\/web\/.content\/home\/departament\/linies-estrategiques\/ods\/fitxes-ods\/fitxa-ods-13.pdf\"><img loading=\"lazy\" decoding=\"async\" class=\"aligncenter size-full wp-image-5376\" src=\"https:\/\/agora.xtec.cat\/ceiplesculapi\/wp-content\/uploads\/usu591\/2026\/01\/ods-13.jpg\" alt=\"\" width=\"205\" height=\"205\" srcset=\"https:\/\/agora.xtec.cat\/ceiplesculapi\/wp-content\/uploads\/usu591\/2026\/01\/ods-13.jpg 205w, https:\/\/agora.xtec.cat\/ceiplesculapi\/wp-content\/uploads\/usu591\/2026\/01\/ods-13-150x150.jpg 150w\" sizes=\"auto, (max-width: 205px) 100vw, 205px\" \/><\/a><\/td>\n<td style=\"width: 16.6667%;\"><a href=\"https:\/\/educacio.gencat.cat\/web\/.content\/home\/departament\/linies-estrategiques\/ods\/fitxes-ods\/fitxa-ods-14.pdf\"><img loading=\"lazy\" decoding=\"async\" class=\"aligncenter size-full wp-image-5377\" src=\"https:\/\/agora.xtec.cat\/ceiplesculapi\/wp-content\/uploads\/usu591\/2026\/01\/ods-14.jpg\" alt=\"\" width=\"207\" height=\"205\" srcset=\"https:\/\/agora.xtec.cat\/ceiplesculapi\/wp-content\/uploads\/usu591\/2026\/01\/ods-14.jpg 207w, https:\/\/agora.xtec.cat\/ceiplesculapi\/wp-content\/uploads\/usu591\/2026\/01\/ods-14-150x150.jpg 150w\" sizes=\"auto, (max-width: 207px) 100vw, 207px\" \/><\/a><\/td>\n<td style=\"width: 16.6667%;\"><a href=\"https:\/\/educacio.gencat.cat\/web\/.content\/home\/departament\/linies-estrategiques\/ods\/fitxes-ods\/fitxa-ods-15.pdf\"><img loading=\"lazy\" decoding=\"async\" class=\"aligncenter wp-image-5378\" src=\"https:\/\/agora.xtec.cat\/ceiplesculapi\/wp-content\/uploads\/usu591\/2026\/01\/ods-15.jpg\" alt=\"\" width=\"190\" height=\"188\" \/><\/a><\/td>\n<td style=\"width: 16.6667%;\"><a href=\"https:\/\/educacio.gencat.cat\/web\/.content\/home\/departament\/linies-estrategiques\/ods\/fitxes-ods\/fitxa-ods-16.pdf\"><img loading=\"lazy\" decoding=\"async\" class=\"aligncenter wp-image-5379\" src=\"https:\/\/agora.xtec.cat\/ceiplesculapi\/wp-content\/uploads\/usu591\/2026\/01\/ods-16.jpg\" alt=\"\" width=\"188\" height=\"187\" srcset=\"https:\/\/agora.xtec.cat\/ceiplesculapi\/wp-content\/uploads\/usu591\/2026\/01\/ods-16.jpg 180w, https:\/\/agora.xtec.cat\/ceiplesculapi\/wp-content\/uploads\/usu591\/2026\/01\/ods-16-150x150.jpg 150w\" sizes=\"auto, (max-width: 188px) 100vw, 188px\" \/><\/a><\/td>\n<td style=\"width: 16.6667%;\"><a href=\"https:\/\/educacio.gencat.cat\/web\/.content\/home\/departament\/linies-estrategiques\/ods\/fitxes-ods\/fitxa-ods-17.pdf\"><img loading=\"lazy\" decoding=\"async\" class=\"aligncenter wp-image-5380\" src=\"https:\/\/agora.xtec.cat\/ceiplesculapi\/wp-content\/uploads\/usu591\/2026\/01\/ods-17.jpg\" alt=\"\" width=\"189\" height=\"191\" \/><\/a><\/td>\n<td style=\"width: 16.6667%;\"><\/td>\n<\/tr>\n<\/tbody>\n<\/table>\n<p>&nbsp;<\/p>\n<p>&nbsp;<\/p>\n","protected":false},"excerpt":{"rendered":"<p>Els\u00a0ODS\u00a0s\u00f3n els\u00a0objectius de desenvolupament sostenible, inclosos en la resoluci\u00f3 &#8220;Agenda 2030: transformar el nostre m\u00f3n&#8221;, que el setembre de 2015 l&#8217;Assemblea General de les Nacions Unides va aprovar, per tal de\u00a0definir\u00a0un full de ruta unificat per fer front als reptes globals de la humanitat. Aquest document identifica cinc grans \u00e0rees d&#8217;actuaci\u00f3\u00a0(persones, planeta, prosperitat, pau i\u00a0partenariat), [&hellip;]<\/p>\n","protected":false},"author":1,"featured_media":0,"parent":5386,"menu_order":0,"comment_status":"closed","ping_status":"closed","template":"","meta":{"_bbp_topic_count":0,"_bbp_reply_count":0,"_bbp_total_topic_count":0,"_bbp_total_reply_count":0,"_bbp_voice_count":0,"_bbp_anonymous_reply_count":0,"_bbp_topic_count_hidden":0,"_bbp_reply_count_hidden":0,"_bbp_forum_subforum_count":0,"site-sidebar-layout":"default","site-content-layout":"","ast-site-content-layout":"default","site-content-style":"default","site-sidebar-style":"default","ast-global-header-display":"","ast-banner-title-visibility":"","ast-main-header-display":"","ast-hfb-above-header-display":"","ast-hfb-below-header-display":"","ast-hfb-mobile-header-display":"","site-post-title":"","ast-breadcrumbs-content":"","ast-featured-img":"","footer-sml-layout":"","theme-transparent-header-meta":"default","adv-header-id-meta":"","stick-header-meta":"","header-above-stick-meta":"","header-main-stick-meta":"","header-below-stick-meta":"","astra-migrate-meta-layouts":"set","ast-page-background-enabled":"default","ast-page-background-meta":{"desktop":{"background-color":"var(--ast-global-color-4)","background-image":"","background-repeat":"repeat","background-position":"center center","background-size":"auto","background-attachment":"scroll","background-type":"","background-media":"","overlay-type":"","overlay-color":"","overlay-opacity":"","overlay-gradient":""},"tablet":{"background-color":"","background-image":"","background-repeat":"repeat","background-position":"center center","background-size":"auto","background-attachment":"scroll","background-type":"","background-media":"","overlay-type":"","overlay-color":"","overlay-opacity":"","overlay-gradient":""},"mobile":{"background-color":"","background-image":"","background-repeat":"repeat","background-position":"center center","background-size":"auto","background-attachment":"scroll","background-type":"","background-media":"","overlay-type":"","overlay-color":"","overlay-opacity":"","overlay-gradient":""}},"ast-content-background-meta":{"desktop":{"background-color":"var(--ast-global-color-5)","background-image":"","background-repeat":"repeat","background-position":"center center","background-size":"auto","background-attachment":"scroll","background-type":"","background-media":"","overlay-type":"","overlay-color":"","overlay-opacity":"","overlay-gradient":""},"tablet":{"background-color":"var(--ast-global-color-5)","background-image":"","background-repeat":"repeat","background-position":"center center","background-size":"auto","background-attachment":"scroll","background-type":"","background-media":"","overlay-type":"","overlay-color":"","overlay-opacity":"","overlay-gradient":""},"mobile":{"background-color":"var(--ast-global-color-5)","background-image":"","background-repeat":"repeat","background-position":"center center","background-size":"auto","background-attachment":"scroll","background-type":"","background-media":"","overlay-type":"","overlay-color":"","overlay-opacity":"","overlay-gradient":""}},"footnotes":""},"class_list":["post-4043","page","type-page","status-publish","hentry"],"post_mailing_queue_ids":[],"_links":{"self":[{"href":"https:\/\/agora.xtec.cat\/ceiplesculapi\/wp-json\/wp\/v2\/pages\/4043","targetHints":{"allow":["GET"]}}],"collection":[{"href":"https:\/\/agora.xtec.cat\/ceiplesculapi\/wp-json\/wp\/v2\/pages"}],"about":[{"href":"https:\/\/agora.xtec.cat\/ceiplesculapi\/wp-json\/wp\/v2\/types\/page"}],"author":[{"embeddable":true,"href":"https:\/\/agora.xtec.cat\/ceiplesculapi\/wp-json\/wp\/v2\/users\/1"}],"replies":[{"embeddable":true,"href":"https:\/\/agora.xtec.cat\/ceiplesculapi\/wp-json\/wp\/v2\/comments?post=4043"}],"version-history":[{"count":7,"href":"https:\/\/agora.xtec.cat\/ceiplesculapi\/wp-json\/wp\/v2\/pages\/4043\/revisions"}],"predecessor-version":[{"id":5419,"href":"https:\/\/agora.xtec.cat\/ceiplesculapi\/wp-json\/wp\/v2\/pages\/4043\/revisions\/5419"}],"up":[{"embeddable":true,"href":"https:\/\/agora.xtec.cat\/ceiplesculapi\/wp-json\/wp\/v2\/pages\/5386"}],"wp:attachment":[{"href":"https:\/\/agora.xtec.cat\/ceiplesculapi\/wp-json\/wp\/v2\/media?parent=4043"}],"curies":[{"name":"wp","href":"https:\/\/api.w.org\/{rel}","templated":true}]}}