{"id":64,"date":"2014-09-18T12:39:08","date_gmt":"2014-09-18T11:39:08","guid":{"rendered":"http:\/\/agora.xtec.cat\/ceiplescodinetes\/?page_id=64"},"modified":"2026-01-14T18:54:06","modified_gmt":"2026-01-14T17:54:06","slug":"projecte-educatiu","status":"publish","type":"page","link":"https:\/\/agora.xtec.cat\/ceiplescodinetes\/projecte-educatiu\/","title":{"rendered":"QUI SOM? El nostre Projecte Educatiu"},"content":{"rendered":"<p>Som una escola p\u00fablica d\u2019Educaci\u00f3 Infantil i Prim\u00e0ria, que compta gaireb\u00e9 amb una l\u00ednia completa en tots els seus nivells educatius. Tamb\u00e9 acollim als infants d&#8217;1 i 2 anys i els incorporem en el nostre projecte educatiu.<\/p>\n<p>L\u2019escola Les Codinetes va formar part de la ZER Baix Gai\u00e0 des de l\u2019any 1992 fins a l\u2019any 2011.<\/p>\n<p>La concreci\u00f3 del nostre objectiu com a entitat per i dels alumnes es fonamentar en el plantejament de <strong>situacions d\u2019aprenentatge riques i significatives<\/strong> per als infants on trobin l&#8217;oportunitat d\u2019interactuar i desenvolupar\u00a0\u00a0 diferents habilitats. Combinem l&#8217;aprenentatge sistem\u00e0tic i l&#8217;aprenentage globalitzat.<\/p>\n<p>Tenim molt en compte les relacions i aprenentatges que es produeixen en les <strong>interaccions amb els iguals<\/strong> i la <strong>cooperaci\u00f3\u00a0 del grup<\/strong> per la consecuci\u00f3 d\u2019una fita compartida. L&#8217;entorn \u00e9s una font infinita d&#8217;oportunitats d&#8217;aprenentatge.<\/p>\n<p>L&#8217;entorn i les fam\u00edlies participeu activament en aquest proc\u00e9s d&#8217;aprenentatge <span style=\"color: #999999;\"><strong>COMPARTIT<\/strong><\/span>.<\/p>\n<p>Us deixem l&#8217;enlla\u00e7 al\u00a0 nostre Projecte Educatiu, en constant proc\u00e9s de revisi\u00f3:\u00a0 <a style=\"color: #2795b6;\" href=\"https:\/\/agora.xtec.cat\/ceiplescodinetes\/wp-content\/uploads\/usu1661\/2020\/11\/PEC-2020-Les-Codinetes_compressed.pdf\" target=\"_blank\" rel=\"noopener noreferrer\">document del Projecte Educatiu Les Codinetes<\/a><\/p>\n<p>Tamb\u00e9 us convidem a veure el seg\u00fcent v\u00eddeo amb experi\u00e8ncies dels infants de <span style=\"color: #ffcc99;\"><strong>la llar<\/strong><\/span>, <span style=\"color: #ff99cc;\"><strong>educaci\u00f3 infantil<\/strong><\/span> i <strong><span style=\"color: #ff6600;\"><span style=\"color: #999999;\">prim\u00e0ria<\/span>\u00a0<\/span> <\/strong> \ud83d\ude42<\/p>\n<p><iframe loading=\"lazy\" src=\"https:\/\/www.youtube.com\/embed\/4Kmx6Qd86Es\" width=\"1180\" height=\"664\" frameborder=\"0\"><\/iframe><br \/>\n<a href=\"https:\/\/agora.xtec.cat\/ceiplescodinetes\/wp-content\/uploads\/usu1661\/2020\/11\/CODINETES-T1.jpg\"><img loading=\"lazy\" decoding=\"async\" class=\"size-large wp-image-3718 aligncenter\" src=\"https:\/\/agora.xtec.cat\/ceiplescodinetes\/wp-content\/uploads\/usu1661\/2020\/11\/CODINETES-T1-1024x724.jpg\" alt=\"\" width=\"1024\" height=\"724\" srcset=\"https:\/\/agora.xtec.cat\/ceiplescodinetes\/wp-content\/uploads\/usu1661\/2020\/11\/CODINETES-T1.jpg 1024w, https:\/\/agora.xtec.cat\/ceiplescodinetes\/wp-content\/uploads\/usu1661\/2020\/11\/CODINETES-T1-300x212.jpg 300w, https:\/\/agora.xtec.cat\/ceiplescodinetes\/wp-content\/uploads\/usu1661\/2020\/11\/CODINETES-T1-768x543.jpg 768w\" sizes=\"auto, (max-width: 1024px) 100vw, 1024px\" \/><\/a><a href=\"https:\/\/agora.xtec.cat\/ceiplescodinetes\/wp-content\/uploads\/usu1661\/2020\/03\/CODINETES-2-2020.jpg\"><img loading=\"lazy\" decoding=\"async\" class=\"size-large wp-image-2951 aligncenter\" src=\"https:\/\/agora.xtec.cat\/ceiplescodinetes\/wp-content\/uploads\/usu1661\/2020\/03\/CODINETES-2-2020-1024x724.jpg\" alt=\"\" width=\"1024\" height=\"724\" srcset=\"https:\/\/agora.xtec.cat\/ceiplescodinetes\/wp-content\/uploads\/usu1661\/2020\/03\/CODINETES-2-2020-1024x724.jpg 1024w, https:\/\/agora.xtec.cat\/ceiplescodinetes\/wp-content\/uploads\/usu1661\/2020\/03\/CODINETES-2-2020-300x212.jpg 300w, https:\/\/agora.xtec.cat\/ceiplescodinetes\/wp-content\/uploads\/usu1661\/2020\/03\/CODINETES-2-2020-768x543.jpg 768w, https:\/\/agora.xtec.cat\/ceiplescodinetes\/wp-content\/uploads\/usu1661\/2020\/03\/CODINETES-2-2020.jpg 1754w\" sizes=\"auto, (max-width: 1024px) 100vw, 1024px\" \/><\/a><\/p>\n<p>&nbsp;<\/p>\n<p>&nbsp;<\/p>\n<p>&nbsp;<\/p>\n<p>&nbsp;<\/p>\n<p>&nbsp;<\/p>\n<p>&nbsp;<\/p>\n<p>&nbsp;<\/p>\n","protected":false},"excerpt":{"rendered":"<p>Som una escola p\u00fablica d\u2019Educaci\u00f3 Infantil i Prim\u00e0ria, que compta gaireb\u00e9 amb una l\u00ednia completa en tots els seus nivells educatius. Tamb\u00e9 acollim als infants d&#8217;1 i 2 anys i els incorporem en el nostre projecte educatiu. L\u2019escola Les Codinetes va formar part de la ZER Baix Gai\u00e0 des de l\u2019any 1992 fins a l\u2019any [&hellip;]<\/p>\n","protected":false},"author":1,"featured_media":0,"parent":0,"menu_order":0,"comment_status":"closed","ping_status":"closed","template":"page-templates\/side-menu.php","meta":{"_bbp_topic_count":0,"_bbp_reply_count":0,"_bbp_total_topic_count":0,"_bbp_total_reply_count":0,"_bbp_voice_count":0,"_bbp_anonymous_reply_count":0,"_bbp_topic_count_hidden":0,"_bbp_reply_count_hidden":0,"_bbp_forum_subforum_count":0,"site-sidebar-layout":"default","site-content-layout":"","ast-site-content-layout":"","site-content-style":"default","site-sidebar-style":"default","ast-global-header-display":"","ast-banner-title-visibility":"","ast-main-header-display":"","ast-hfb-above-header-display":"","ast-hfb-below-header-display":"","ast-hfb-mobile-header-display":"","site-post-title":"","ast-breadcrumbs-content":"","ast-featured-img":"","footer-sml-layout":"","theme-transparent-header-meta":"","adv-header-id-meta":"","stick-header-meta":"","header-above-stick-meta":"","header-main-stick-meta":"","header-below-stick-meta":"","astra-migrate-meta-layouts":"default","ast-page-background-enabled":"default","ast-page-background-meta":{"desktop":{"background-color":"var(--ast-global-color-4)","background-image":"","background-repeat":"repeat","background-position":"center center","background-size":"auto","background-attachment":"scroll","background-type":"","background-media":"","overlay-type":"","overlay-color":"","overlay-opacity":"","overlay-gradient":""},"tablet":{"background-color":"","background-image":"","background-repeat":"repeat","background-position":"center center","background-size":"auto","background-attachment":"scroll","background-type":"","background-media":"","overlay-type":"","overlay-color":"","overlay-opacity":"","overlay-gradient":""},"mobile":{"background-color":"","background-image":"","background-repeat":"repeat","background-position":"center center","background-size":"auto","background-attachment":"scroll","background-type":"","background-media":"","overlay-type":"","overlay-color":"","overlay-opacity":"","overlay-gradient":""}},"ast-content-background-meta":{"desktop":{"background-color":"var(--ast-global-color-5)","background-image":"","background-repeat":"repeat","background-position":"center center","background-size":"auto","background-attachment":"scroll","background-type":"","background-media":"","overlay-type":"","overlay-color":"","overlay-opacity":"","overlay-gradient":""},"tablet":{"background-color":"var(--ast-global-color-5)","background-image":"","background-repeat":"repeat","background-position":"center center","background-size":"auto","background-attachment":"scroll","background-type":"","background-media":"","overlay-type":"","overlay-color":"","overlay-opacity":"","overlay-gradient":""},"mobile":{"background-color":"var(--ast-global-color-5)","background-image":"","background-repeat":"repeat","background-position":"center center","background-size":"auto","background-attachment":"scroll","background-type":"","background-media":"","overlay-type":"","overlay-color":"","overlay-opacity":"","overlay-gradient":""}},"footnotes":""},"class_list":["post-64","page","type-page","status-publish","hentry"],"post_mailing_queue_ids":[],"_links":{"self":[{"href":"https:\/\/agora.xtec.cat\/ceiplescodinetes\/wp-json\/wp\/v2\/pages\/64","targetHints":{"allow":["GET"]}}],"collection":[{"href":"https:\/\/agora.xtec.cat\/ceiplescodinetes\/wp-json\/wp\/v2\/pages"}],"about":[{"href":"https:\/\/agora.xtec.cat\/ceiplescodinetes\/wp-json\/wp\/v2\/types\/page"}],"author":[{"embeddable":true,"href":"https:\/\/agora.xtec.cat\/ceiplescodinetes\/wp-json\/wp\/v2\/users\/1"}],"replies":[{"embeddable":true,"href":"https:\/\/agora.xtec.cat\/ceiplescodinetes\/wp-json\/wp\/v2\/comments?post=64"}],"version-history":[{"count":6,"href":"https:\/\/agora.xtec.cat\/ceiplescodinetes\/wp-json\/wp\/v2\/pages\/64\/revisions"}],"predecessor-version":[{"id":6973,"href":"https:\/\/agora.xtec.cat\/ceiplescodinetes\/wp-json\/wp\/v2\/pages\/64\/revisions\/6973"}],"wp:attachment":[{"href":"https:\/\/agora.xtec.cat\/ceiplescodinetes\/wp-json\/wp\/v2\/media?parent=64"}],"curies":[{"name":"wp","href":"https:\/\/api.w.org\/{rel}","templated":true}]}}

<p>Som una escola pública d’Educació Infantil i Primària, que compta gairebé amb una línia completa en tots els seus nivells educatius. També acollim als infants d&#8217;1 i 2 anys i els incorporem en el nostre projecte educatiu.</p>
<p>L’escola Les Codinetes va formar part de la ZER Baix Gaià des de l’any 1992 fins a l’any 2011.</p>
<p>La concreció del nostre objectiu com a entitat per i dels alumnes es fonamentar en el plantejament de <strong>situacions d’aprenentatge riques i significatives</strong> per als infants on trobin l&#8217;oportunitat d’interactuar i desenvolupar   diferents habilitats. Combinem l&#8217;aprenentatge sistemàtic i l&#8217;aprenentage globalitzat.</p>
<p>Tenim molt en compte les relacions i aprenentatges que es produeixen en les <strong>interaccions amb els iguals</strong> i la <strong>cooperació  del grup</strong> per la consecució d’una fita compartida. L&#8217;entorn és una font infinita d&#8217;oportunitats d&#8217;aprenentatge.</p>
<p>L&#8217;entorn i les famílies participeu activament en aquest procés d&#8217;aprenentatge <span style="color: #999999;"><strong>COMPARTIT</strong></span>.</p>
<p>Us deixem l&#8217;enllaç al  nostre Projecte Educatiu, en constant procés de revisió:  <a style="color: #2795b6;" href="https://agora.xtec.cat/ceiplescodinetes/wp-content/uploads/usu1661/2020/11/PEC-2020-Les-Codinetes_compressed.pdf" target="_blank" rel="noopener noreferrer">document del Projecte Educatiu Les Codinetes</a></p>
<p>També us convidem a veure el següent vídeo amb experiències dels infants de <span style="color: #ffcc99;"><strong>la llar</strong></span>, <span style="color: #ff99cc;"><strong>educació infantil</strong></span> i <strong><span style="color: #ff6600;"><span style="color: #999999;">primària</span> </span> </strong> 🙂</p>
<p><iframe loading="lazy" src="https://www.youtube.com/embed/4Kmx6Qd86Es" width="1180" height="664" frameborder="0"></iframe><br />
<a href="https://agora.xtec.cat/ceiplescodinetes/wp-content/uploads/usu1661/2020/11/CODINETES-T1.jpg"><img loading="lazy" decoding="async" class="size-large wp-image-3718 aligncenter" src="https://agora.xtec.cat/ceiplescodinetes/wp-content/uploads/usu1661/2020/11/CODINETES-T1-1024x724.jpg" alt="" width="1024" height="724" srcset="https://agora.xtec.cat/ceiplescodinetes/wp-content/uploads/usu1661/2020/11/CODINETES-T1.jpg 1024w, https://agora.xtec.cat/ceiplescodinetes/wp-content/uploads/usu1661/2020/11/CODINETES-T1-300x212.jpg 300w, https://agora.xtec.cat/ceiplescodinetes/wp-content/uploads/usu1661/2020/11/CODINETES-T1-768x543.jpg 768w" sizes="auto, (max-width: 1024px) 100vw, 1024px" /></a><a href="https://agora.xtec.cat/ceiplescodinetes/wp-content/uploads/usu1661/2020/03/CODINETES-2-2020.jpg"><img loading="lazy" decoding="async" class="size-large wp-image-2951 aligncenter" src="https://agora.xtec.cat/ceiplescodinetes/wp-content/uploads/usu1661/2020/03/CODINETES-2-2020-1024x724.jpg" alt="" width="1024" height="724" srcset="https://agora.xtec.cat/ceiplescodinetes/wp-content/uploads/usu1661/2020/03/CODINETES-2-2020-1024x724.jpg 1024w, https://agora.xtec.cat/ceiplescodinetes/wp-content/uploads/usu1661/2020/03/CODINETES-2-2020-300x212.jpg 300w, https://agora.xtec.cat/ceiplescodinetes/wp-content/uploads/usu1661/2020/03/CODINETES-2-2020-768x543.jpg 768w, https://agora.xtec.cat/ceiplescodinetes/wp-content/uploads/usu1661/2020/03/CODINETES-2-2020.jpg 1754w" sizes="auto, (max-width: 1024px) 100vw, 1024px" /></a></p>
<p>&nbsp;</p>
<p>&nbsp;</p>
<p>&nbsp;</p>
<p>&nbsp;</p>
<p>&nbsp;</p>
<p>&nbsp;</p>
<p>&nbsp;</p>

<p>Som una escola pública d’Educació Infantil i Primària, que compta gairebé amb una línia completa en tots els seus nivells educatius. També acollim als infants d&#8217;1 i 2 anys i els incorporem en el nostre projecte educatiu. L’escola Les Codinetes va formar part de la ZER Baix Gaià des de l’any 1992 fins a l’any [&hellip;]</p>
