{"id":28,"date":"2014-09-18T12:29:35","date_gmt":"2014-09-18T11:29:35","guid":{"rendered":"http:\/\/agora.xtec.cat\/ceiplescodinetes\/?page_id=28"},"modified":"2024-09-20T13:38:26","modified_gmt":"2024-09-20T11:38:26","slug":"consell-escolar","status":"publish","type":"page","link":"https:\/\/agora.xtec.cat\/ceiplescodinetes\/lescola\/consell-escolar\/","title":{"rendered":"Consell escolar"},"content":{"rendered":"<h5 style=\"text-align: center;\"><span style=\"text-decoration: underline; color: #33cccc;\"><strong>INFORMACIONS sobre el CONSELL ESCOLAR<\/strong><\/span><\/h5>\n<p><a href=\"https:\/\/agora.xtec.cat\/ceiplescodinetes\/wp-content\/uploads\/usu1661\/2022\/01\/Composicio-consell-escolar-2022.pdf\" target=\"_blank\" rel=\"noopener noreferrer\">Composici\u00f3 actual del consell escolar<\/a><\/p>\n<p>&nbsp;<\/p>\n<p>ACORDS CONSELL ESCOLAR CURS 2023- 2024<\/p>\n<table style=\"width: 80.0314%;\" width=\"605\">\n<tbody>\n<tr>\n<td style=\"width: 14.9918%;\" width=\"92\"><strong>Trimestre<\/strong><\/td>\n<td style=\"width: 12.1911%;\" width=\"70\"><strong>Data<\/strong><\/td>\n<td style=\"width: 17.6277%;\" width=\"99\"><strong>Tipus de convocat\u00f2ria<\/strong><\/td>\n<td style=\"width: 131.479%;\" width=\"344\"><strong>Acords i\/o desacords<\/strong><\/td>\n<\/tr>\n<tr>\n<td style=\"width: 14.9918%;\" rowspan=\"2\" width=\"92\">1r trimestre<\/td>\n<td style=\"width: 12.1911%;\" width=\"70\">26\/10\/23<\/td>\n<td style=\"width: 17.6277%;\" width=\"99\">Ordin\u00e0ria<\/td>\n<td style=\"width: 131.479%;\" width=\"344\">-S\u2019aprova per unanimitat la PGA per al curs 23-24.<\/p>\n<p>-S\u2019aprova la modificaci\u00f3 del pressupost on s\u2019inclouen els ingressos i despeses de l\u2019escola bressol.<\/td>\n<\/tr>\n<tr>\n<td style=\"width: 12.1911%;\" width=\"70\">13\/12\/24<\/td>\n<td style=\"width: 17.6277%;\" width=\"99\">Ordin\u00e0ria<\/td>\n<td style=\"width: 131.479%;\" width=\"344\">*Presentaci\u00f3 de la nova constituci\u00f3 del consell escolar arrel de les eleccions del passat novembre.<\/td>\n<\/tr>\n<tr>\n<td style=\"width: 14.9918%;\" rowspan=\"2\" width=\"92\">2n trimestre<\/td>\n<td style=\"width: 12.1911%;\" width=\"70\">25\/01\/24<\/td>\n<td style=\"width: 17.6277%;\" width=\"99\">Ordin\u00e0ria<\/td>\n<td style=\"width: 131.479%;\" width=\"344\">-S\u2019aprova\u00a0 per unanimitat la modificaci\u00f3 de del pressupost per contemplar els nous ingressos i la creaci\u00f3 de la partida \u201cmotxilles escolars\u201d.<\/p>\n<p>-S\u2019aprova per unanimitat la liquidaci\u00f3 del pressupost de l\u2019exercici econ\u00f2mic 2023.<\/p>\n<p>-S\u2019aprova per unanimitat la proposta de pressupost per a l\u2019exercici 2024.<\/td>\n<\/tr>\n<tr>\n<td style=\"width: 12.1911%;\" width=\"70\">21\/03\/24<\/td>\n<td style=\"width: 17.6277%;\" width=\"99\">Ordin\u00e0ria<\/td>\n<td style=\"width: 131.479%;\" width=\"344\">-S\u2019aprova l\u2019actualitzaci\u00f3 de les Normes d\u2019Organitzaci\u00f3 i Funcionament de Centre per incloure l\u2019escola bressol.<\/p>\n<p>-S\u2019aprova l\u2019actualitzaci\u00f3 del T\u00cdTOL II, Secci\u00f3 13 de les Normes d\u2019Organitzaci\u00f3 i Funcionament de Centre, que fa refer\u00e8ncia als dispositius m\u00f2bils.<\/p>\n<p>-S\u2019aprova l\u2019actualitzaci\u00f3 del T\u00cdTOL II, Secci\u00f3 14 de les Normes d\u2019Organitzaci\u00f3 i Funcionament de Centre, que fa refer\u00e8ncia als usos dels port\u00e0tils dels alumnes.<\/p>\n<p>-S\u2019aprova l\u2019eliminaci\u00f3 dels grups de conversa de Telegram de tots els nivells educatius i aix\u00f2 constar\u00e0 a les Normes d\u2019Organitzaci\u00f3 i Funcionament de Centre.<\/p>\n<p>&#8211; S\u2019aprova la mem\u00f2ria del Projecte de Direcci\u00f3 per unanimitat.<\/p>\n<p>&#8211; Es crea la comissi\u00f3 de renovaci\u00f3 del mandat de director, formada per la Blanca Guill\u00e9n, com a representant del sector de les fam\u00edlies i del Jordi Tom\u00e0s, com a representant dels\/les mestres.<\/td>\n<\/tr>\n<tr>\n<td style=\"width: 14.9918%;\" rowspan=\"2\" width=\"92\">3r trimestre<\/td>\n<td style=\"width: 12.1911%;\" width=\"70\">30\/05\/24<\/td>\n<td style=\"width: 17.6277%;\" width=\"99\">Ordin\u00e0ria<\/td>\n<td style=\"width: 131.479%;\" width=\"344\">S\u2019aprova\u00a0 l\u2019horari i el calendari per al curs 24-25.<\/p>\n<p>S\u2019aprova el pla de funcionament de transport.<\/td>\n<\/tr>\n<tr>\n<td style=\"width: 12.1911%;\" width=\"70\">27\/06\/24<\/td>\n<td style=\"width: 17.6277%;\" width=\"99\">Ordin\u00e0ria<\/td>\n<td style=\"width: 131.479%;\" width=\"344\">S\u2019aprova la mem\u00f2ria anual d\u2019aquest curs.<\/td>\n<\/tr>\n<\/tbody>\n<\/table>\n<p>&nbsp;<\/p>\n<p>&nbsp;<\/p>\n<p>&nbsp;<\/p>\n<p>ACORDS CONSELL ESCOLAR CURS 2022- 2023<\/p>\n<table style=\"width: 80.7726%;\">\n<tbody>\n<tr>\n<td style=\"width: 12.4789%;\" rowspan=\"2\" width=\"66\">1r trimestre<\/td>\n<td style=\"width: 19.2843%;\" width=\"82\">Data<\/td>\n<td style=\"width: 17.3451%;\" width=\"97\">Tipus de convocat\u00f2ria<\/td>\n<td style=\"width: 124.941%;\" width=\"321\">Acords i\/o desacords<\/td>\n<\/tr>\n<tr>\n<td style=\"width: 19.2843%;\" width=\"82\">22 de setembre de 2.022<\/td>\n<td style=\"width: 17.3451%;\" width=\"97\">Ordin\u00e0ria<\/td>\n<td style=\"width: 124.941%;\" width=\"321\">S\u2019aprova per unanimitat sense fer cap esmena l\u2019acta anterior.<\/p>\n<p>S\u2019aprova per unanimitat sense fer cap esmena la PGA\u00a0 del curs 2022-2023.<\/p>\n<p>&nbsp;<\/td>\n<\/tr>\n<tr>\n<td style=\"width: 12.4789%;\" rowspan=\"2\" width=\"66\">2n trimestre<\/td>\n<td style=\"width: 19.2843%;\" width=\"82\">27 de gener de 2.023<\/td>\n<td style=\"width: 17.3451%;\" width=\"97\">Extraordin\u00e0ria<\/td>\n<td style=\"width: 124.941%;\" width=\"321\">Aprovar la sol\u00b7licitud d\u2019implantaci\u00f3, el proper curs 2023- 2024, del primer cicle d\u2019educaci\u00f3 infantil a l\u2019escola Les Codinetes de la Nou de Gai\u00e0.<\/td>\n<\/tr>\n<tr>\n<td style=\"width: 19.2843%;\" width=\"82\">7 de febrer de 2.023<\/td>\n<td style=\"width: 17.3451%;\" width=\"97\">Ordin\u00e0ria<\/td>\n<td style=\"width: 124.941%;\" width=\"321\">S\u2019aprova per unanimitat la liquidaci\u00f3 de l\u2019exercici econ\u00f2mic de l\u2019any 2022.<\/p>\n<p>S\u2019aprova per unanimitat el\u00a0 pressupost per a l\u2019any 2023.<\/p>\n<p>El Director es compromet a fer les gestions necess\u00e0ries per prendre una decisi\u00f3 vers el consum de iogurt\u00a0 ensucrat.<\/td>\n<\/tr>\n<tr>\n<td style=\"width: 12.4789%;\" width=\"66\">3r trimestre<\/td>\n<td style=\"width: 19.2843%;\" width=\"82\">8 de juny de 2.023<\/td>\n<td style=\"width: 17.3451%;\" width=\"97\">Ordin\u00e0ria<\/td>\n<td style=\"width: 124.941%;\" width=\"321\"><strong>&#8211; <\/strong>S\u2019acorda concretar els terminis de pagaments de les col\u00f2nies i afegir aquesta informaci\u00f3 amb el sobre dels informes d\u2019avaluaci\u00f3.<\/p>\n<p>&#8211; S\u2019afegiran, a partir del setembre,\u00a0 a la coordinadora del menjador i la presidenta de l\u2019AFA a tots els grups de difusi\u00f3 del Telegram per agilitzar la tramesa d\u2019informaci\u00f3.<\/p>\n<p>&#8211; Es far\u00e0 un claustre i un Consell Escolar per fer una proposta de dies de lliure elecci\u00f3 vers el calendari del 2023-2024.<\/p>\n<p>&#8211; Es treballar\u00e0 per crear un \u00edndex de les can\u00e7ons que es treballen a les sessions de m\u00fasica i aix\u00ed poder-ho compartir amb les fam\u00edlies.<\/td>\n<\/tr>\n<tr>\n<td style=\"width: 12.4789%;\" rowspan=\"2\" width=\"66\"><\/td>\n<td style=\"width: 19.2843%;\" width=\"82\">14 de juny de 2.023<\/td>\n<td style=\"width: 17.3451%;\" width=\"97\">Ordin\u00e0ria<\/td>\n<td style=\"width: 124.941%;\" width=\"321\"><strong>\u00a0<\/strong><\/p>\n<p><strong>&#8211; <\/strong>S\u2019aprova el calendari per al curs 2023-2024 per unanimitat.<\/td>\n<\/tr>\n<tr>\n<td style=\"width: 19.2843%;\" width=\"82\">29 de juny de 2.023<\/td>\n<td style=\"width: 17.3451%;\" width=\"97\">Ordin\u00e0ria<\/td>\n<td style=\"width: 124.941%;\" width=\"321\"><strong>\u00a0<\/strong><\/p>\n<p><strong>&#8211; <\/strong>S\u2019aprova la mem\u00f2ria anual del curs 2.022- 2.023 per unanimitat.<\/p>\n<p>&nbsp;<\/td>\n<\/tr>\n<\/tbody>\n<\/table>\n<p>&nbsp;<\/p>\n<p><a href=\"https:\/\/agora.xtec.cat\/ceiplescodinetes\/wp-content\/uploads\/usu1661\/2020\/11\/ACORDS-consell-escolar-9-de-setembre-de-2020_compressed.pdf\" target=\"_blank\" rel=\"noopener noreferrer\">Acords consell escolar 9 de setembre de 2020<\/a><\/p>\n<p><a href=\"https:\/\/agora.xtec.cat\/ceiplescodinetes\/wp-content\/uploads\/usu1661\/2020\/12\/ACORDS-consell-escolar-24-de-novembre-de-2020_compressed.pdf\" target=\"_blank\" rel=\"noopener noreferrer\">Acords consell escolar 24 de novembre de 2020<\/a><\/p>\n<p><a href=\"https:\/\/agora.xtec.cat\/ceiplescodinetes\/wp-content\/uploads\/usu1661\/2021\/03\/ACORDS-consell-escolar-4-de-febrer-de-2021_compressed.pdf\" target=\"_blank\" rel=\"noopener noreferrer\">Acords consell escolar 4 de febrer de 2021<\/a><\/p>\n<p>&nbsp;<\/p>\n<p>&nbsp;<\/p>\n","protected":false},"excerpt":{"rendered":"<p>INFORMACIONS sobre el CONSELL ESCOLAR Composici\u00f3 actual del consell escolar &nbsp; ACORDS CONSELL ESCOLAR CURS 2023- 2024 Trimestre Data Tipus de convocat\u00f2ria Acords i\/o desacords 1r trimestre 26\/10\/23 Ordin\u00e0ria -S\u2019aprova per unanimitat la PGA per al curs 23-24. -S\u2019aprova la modificaci\u00f3 del pressupost on s\u2019inclouen els ingressos i despeses de l\u2019escola bressol. 13\/12\/24 Ordin\u00e0ria *Presentaci\u00f3 [&hellip;]<\/p>\n","protected":false},"author":1,"featured_media":0,"parent":22,"menu_order":30,"comment_status":"closed","ping_status":"closed","template":"page-templates\/side-menu.php","meta":{"_bbp_topic_count":0,"_bbp_reply_count":0,"_bbp_total_topic_count":0,"_bbp_total_reply_count":0,"_bbp_voice_count":0,"_bbp_anonymous_reply_count":0,"_bbp_topic_count_hidden":0,"_bbp_reply_count_hidden":0,"_bbp_forum_subforum_count":0,"site-sidebar-layout":"default","site-content-layout":"","ast-site-content-layout":"","site-content-style":"default","site-sidebar-style":"default","ast-global-header-display":"","ast-banner-title-visibility":"","ast-main-header-display":"","ast-hfb-above-header-display":"","ast-hfb-below-header-display":"","ast-hfb-mobile-header-display":"","site-post-title":"","ast-breadcrumbs-content":"","ast-featured-img":"","footer-sml-layout":"","theme-transparent-header-meta":"","adv-header-id-meta":"","stick-header-meta":"","header-above-stick-meta":"","header-main-stick-meta":"","header-below-stick-meta":"","astra-migrate-meta-layouts":"default","ast-page-background-enabled":"default","ast-page-background-meta":{"desktop":{"background-color":"var(--ast-global-color-4)","background-image":"","background-repeat":"repeat","background-position":"center center","background-size":"auto","background-attachment":"scroll","background-type":"","background-media":"","overlay-type":"","overlay-color":"","overlay-opacity":"","overlay-gradient":""},"tablet":{"background-color":"","background-image":"","background-repeat":"repeat","background-position":"center center","background-size":"auto","background-attachment":"scroll","background-type":"","background-media":"","overlay-type":"","overlay-color":"","overlay-opacity":"","overlay-gradient":""},"mobile":{"background-color":"","background-image":"","background-repeat":"repeat","background-position":"center center","background-size":"auto","background-attachment":"scroll","background-type":"","background-media":"","overlay-type":"","overlay-color":"","overlay-opacity":"","overlay-gradient":""}},"ast-content-background-meta":{"desktop":{"background-color":"var(--ast-global-color-5)","background-image":"","background-repeat":"repeat","background-position":"center center","background-size":"auto","background-attachment":"scroll","background-type":"","background-media":"","overlay-type":"","overlay-color":"","overlay-opacity":"","overlay-gradient":""},"tablet":{"background-color":"var(--ast-global-color-5)","background-image":"","background-repeat":"repeat","background-position":"center center","background-size":"auto","background-attachment":"scroll","background-type":"","background-media":"","overlay-type":"","overlay-color":"","overlay-opacity":"","overlay-gradient":""},"mobile":{"background-color":"var(--ast-global-color-5)","background-image":"","background-repeat":"repeat","background-position":"center center","background-size":"auto","background-attachment":"scroll","background-type":"","background-media":"","overlay-type":"","overlay-color":"","overlay-opacity":"","overlay-gradient":""}},"footnotes":""},"class_list":["post-28","page","type-page","status-publish","hentry"],"post_mailing_queue_ids":[],"_links":{"self":[{"href":"https:\/\/agora.xtec.cat\/ceiplescodinetes\/wp-json\/wp\/v2\/pages\/28","targetHints":{"allow":["GET"]}}],"collection":[{"href":"https:\/\/agora.xtec.cat\/ceiplescodinetes\/wp-json\/wp\/v2\/pages"}],"about":[{"href":"https:\/\/agora.xtec.cat\/ceiplescodinetes\/wp-json\/wp\/v2\/types\/page"}],"author":[{"embeddable":true,"href":"https:\/\/agora.xtec.cat\/ceiplescodinetes\/wp-json\/wp\/v2\/users\/1"}],"replies":[{"embeddable":true,"href":"https:\/\/agora.xtec.cat\/ceiplescodinetes\/wp-json\/wp\/v2\/comments?post=28"}],"version-history":[{"count":7,"href":"https:\/\/agora.xtec.cat\/ceiplescodinetes\/wp-json\/wp\/v2\/pages\/28\/revisions"}],"predecessor-version":[{"id":6227,"href":"https:\/\/agora.xtec.cat\/ceiplescodinetes\/wp-json\/wp\/v2\/pages\/28\/revisions\/6227"}],"up":[{"embeddable":true,"href":"https:\/\/agora.xtec.cat\/ceiplescodinetes\/wp-json\/wp\/v2\/pages\/22"}],"wp:attachment":[{"href":"https:\/\/agora.xtec.cat\/ceiplescodinetes\/wp-json\/wp\/v2\/media?parent=28"}],"curies":[{"name":"wp","href":"https:\/\/api.w.org\/{rel}","templated":true}]}}