{"id":26,"date":"2014-09-18T12:24:32","date_gmt":"2014-09-18T11:24:32","guid":{"rendered":"http:\/\/agora.xtec.cat\/ceiplescodinetes\/?page_id=26"},"modified":"2021-04-22T10:53:28","modified_gmt":"2021-04-22T08:53:28","slug":"historia","status":"publish","type":"page","link":"https:\/\/agora.xtec.cat\/ceiplescodinetes\/lescola\/historia\/","title":{"rendered":"Hist\u00f2ria"},"content":{"rendered":"<p>L\u2019escola Les Codinetes \u00e9s una escola rural, de mida petita molt arrelada al territori. Es troba situada a la Nou de Gai\u00e0, un municipi menut i acollidor de la zona del Baix Gai\u00e0 (<a href=\"http:\/\/www.noudegaia.altanet.org\/\">http:\/\/www.noudegaia.altanet.org\/<\/a>), molt proper a les poblacions de La Riera de Gai\u00e0, Torredembarra, Salom\u00f3, Altafulla i la Pobla de Montorn\u00e8s.<\/p>\n<p style=\"text-align: center;\"><a href=\"http:\/\/agora.xtec.cat\/ceiplescodinetes\/wp-content\/uploads\/usu1661\/2014\/09\/ayuntamiento-la-nou-de-gaia-24427645.jpg\"><img loading=\"lazy\" decoding=\"async\" class=\"alignnone size-full wp-image-494\" src=\"http:\/\/agora.xtec.cat\/ceiplescodinetes\/wp-content\/uploads\/usu1661\/2014\/09\/ayuntamiento-la-nou-de-gaia-24427645.jpg\" alt=\"\" width=\"500\" height=\"333\" srcset=\"https:\/\/agora.xtec.cat\/ceiplescodinetes\/wp-content\/uploads\/usu1661\/2014\/09\/ayuntamiento-la-nou-de-gaia-24427645.jpg 500w, https:\/\/agora.xtec.cat\/ceiplescodinetes\/wp-content\/uploads\/usu1661\/2014\/09\/ayuntamiento-la-nou-de-gaia-24427645-300x200.jpg 300w\" sizes=\"auto, (max-width: 500px) 100vw, 500px\" \/><\/a><\/p>\n<p>&nbsp;<\/p>\n<p>A m\u00e9s dels alumnes de La Nou, l\u2019escola conta\u00a0tamb\u00e9 amb un gran nombre d\u2019alumnes que pertanyen a Vespella de Gai\u00e0 (<a href=\"http:\/\/www.vespella.altanet.org\/\">http:\/\/www.vespella.altanet.org<\/a>\/), municipi que aglutina els Masos de Vespella, Sant Miquel i La Coma.<\/p>\n<p>&nbsp;<\/p>\n<p><a href=\"http:\/\/agora.xtec.cat\/ceiplescodinetes\/wp-content\/uploads\/usu1661\/2014\/09\/33020EscVespellaGaia.jpg\"><img loading=\"lazy\" decoding=\"async\" class=\" wp-image-493 aligncenter\" src=\"http:\/\/agora.xtec.cat\/ceiplescodinetes\/wp-content\/uploads\/usu1661\/2014\/09\/33020EscVespellaGaia.jpg\" alt=\"\" width=\"514\" height=\"342\" srcset=\"https:\/\/agora.xtec.cat\/ceiplescodinetes\/wp-content\/uploads\/usu1661\/2014\/09\/33020EscVespellaGaia.jpg 640w, https:\/\/agora.xtec.cat\/ceiplescodinetes\/wp-content\/uploads\/usu1661\/2014\/09\/33020EscVespellaGaia-300x200.jpg 300w\" sizes=\"auto, (max-width: 514px) 100vw, 514px\" \/><\/a><\/p>\n<p>Fins el curs 2010-2011 vam formar part de la ZER Baix Gai\u00e0<\/p>\n<p>L\u2019escola es troba al voltant del poble i compta amb 13 mestres a la plantilla i 10 grups d\u2019alumnes (1 de llar d\u2019infants, 3 d\u2019infantil i 6 de prim\u00e0ria).<\/p>\n<p><a href=\"http:\/\/agora.xtec.cat\/ceiplescodinetes\/wp-content\/uploads\/usu1661\/2014\/09\/43579104bf5c64f.jpg\"><img loading=\"lazy\" decoding=\"async\" class=\"wp-image-495 aligncenter\" src=\"http:\/\/agora.xtec.cat\/ceiplescodinetes\/wp-content\/uploads\/usu1661\/2014\/09\/43579104bf5c64f.jpg\" alt=\"\" width=\"468\" height=\"312\" srcset=\"https:\/\/agora.xtec.cat\/ceiplescodinetes\/wp-content\/uploads\/usu1661\/2014\/09\/43579104bf5c64f.jpg 800w, https:\/\/agora.xtec.cat\/ceiplescodinetes\/wp-content\/uploads\/usu1661\/2014\/09\/43579104bf5c64f-300x200.jpg 300w, https:\/\/agora.xtec.cat\/ceiplescodinetes\/wp-content\/uploads\/usu1661\/2014\/09\/43579104bf5c64f-768x512.jpg 768w\" sizes=\"auto, (max-width: 468px) 100vw, 468px\" \/><\/a><\/p>\n<p>&nbsp;<\/p>\n<p>El centre est\u00e0 obert a totes aquelles persones que estiguin interessades en con\u00e8ixer-lo.<\/p>\n","protected":false},"excerpt":{"rendered":"<p>L\u2019escola Les Codinetes \u00e9s una escola rural, de mida petita molt arrelada al territori. Es troba situada a la Nou de Gai\u00e0, un municipi menut i acollidor de la zona del Baix Gai\u00e0 (http:\/\/www.noudegaia.altanet.org\/), molt proper a les poblacions de La Riera de Gai\u00e0, Torredembarra, Salom\u00f3, Altafulla i la Pobla de Montorn\u00e8s. &nbsp; A m\u00e9s [&hellip;]<\/p>\n","protected":false},"author":1,"featured_media":0,"parent":22,"menu_order":20,"comment_status":"closed","ping_status":"closed","template":"page-templates\/side-menu.php","meta":{"_bbp_topic_count":0,"_bbp_reply_count":0,"_bbp_total_topic_count":0,"_bbp_total_reply_count":0,"_bbp_voice_count":0,"_bbp_anonymous_reply_count":0,"_bbp_topic_count_hidden":0,"_bbp_reply_count_hidden":0,"_bbp_forum_subforum_count":0,"site-sidebar-layout":"default","site-content-layout":"","ast-site-content-layout":"","site-content-style":"default","site-sidebar-style":"default","ast-global-header-display":"","ast-banner-title-visibility":"","ast-main-header-display":"","ast-hfb-above-header-display":"","ast-hfb-below-header-display":"","ast-hfb-mobile-header-display":"","site-post-title":"","ast-breadcrumbs-content":"","ast-featured-img":"","footer-sml-layout":"","theme-transparent-header-meta":"","adv-header-id-meta":"","stick-header-meta":"","header-above-stick-meta":"","header-main-stick-meta":"","header-below-stick-meta":"","astra-migrate-meta-layouts":"default","ast-page-background-enabled":"default","ast-page-background-meta":{"desktop":{"background-color":"var(--ast-global-color-4)","background-image":"","background-repeat":"repeat","background-position":"center center","background-size":"auto","background-attachment":"scroll","background-type":"","background-media":"","overlay-type":"","overlay-color":"","overlay-opacity":"","overlay-gradient":""},"tablet":{"background-color":"","background-image":"","background-repeat":"repeat","background-position":"center center","background-size":"auto","background-attachment":"scroll","background-type":"","background-media":"","overlay-type":"","overlay-color":"","overlay-opacity":"","overlay-gradient":""},"mobile":{"background-color":"","background-image":"","background-repeat":"repeat","background-position":"center center","background-size":"auto","background-attachment":"scroll","background-type":"","background-media":"","overlay-type":"","overlay-color":"","overlay-opacity":"","overlay-gradient":""}},"ast-content-background-meta":{"desktop":{"background-color":"var(--ast-global-color-5)","background-image":"","background-repeat":"repeat","background-position":"center center","background-size":"auto","background-attachment":"scroll","background-type":"","background-media":"","overlay-type":"","overlay-color":"","overlay-opacity":"","overlay-gradient":""},"tablet":{"background-color":"var(--ast-global-color-5)","background-image":"","background-repeat":"repeat","background-position":"center center","background-size":"auto","background-attachment":"scroll","background-type":"","background-media":"","overlay-type":"","overlay-color":"","overlay-opacity":"","overlay-gradient":""},"mobile":{"background-color":"var(--ast-global-color-5)","background-image":"","background-repeat":"repeat","background-position":"center center","background-size":"auto","background-attachment":"scroll","background-type":"","background-media":"","overlay-type":"","overlay-color":"","overlay-opacity":"","overlay-gradient":""}},"footnotes":""},"class_list":["post-26","page","type-page","status-publish","hentry"],"post_mailing_queue_ids":[],"_links":{"self":[{"href":"https:\/\/agora.xtec.cat\/ceiplescodinetes\/wp-json\/wp\/v2\/pages\/26","targetHints":{"allow":["GET"]}}],"collection":[{"href":"https:\/\/agora.xtec.cat\/ceiplescodinetes\/wp-json\/wp\/v2\/pages"}],"about":[{"href":"https:\/\/agora.xtec.cat\/ceiplescodinetes\/wp-json\/wp\/v2\/types\/page"}],"author":[{"embeddable":true,"href":"https:\/\/agora.xtec.cat\/ceiplescodinetes\/wp-json\/wp\/v2\/users\/1"}],"replies":[{"embeddable":true,"href":"https:\/\/agora.xtec.cat\/ceiplescodinetes\/wp-json\/wp\/v2\/comments?post=26"}],"version-history":[{"count":3,"href":"https:\/\/agora.xtec.cat\/ceiplescodinetes\/wp-json\/wp\/v2\/pages\/26\/revisions"}],"predecessor-version":[{"id":4163,"href":"https:\/\/agora.xtec.cat\/ceiplescodinetes\/wp-json\/wp\/v2\/pages\/26\/revisions\/4163"}],"up":[{"embeddable":true,"href":"https:\/\/agora.xtec.cat\/ceiplescodinetes\/wp-json\/wp\/v2\/pages\/22"}],"wp:attachment":[{"href":"https:\/\/agora.xtec.cat\/ceiplescodinetes\/wp-json\/wp\/v2\/media?parent=26"}],"curies":[{"name":"wp","href":"https:\/\/api.w.org\/{rel}","templated":true}]}}

Història

<p>L’escola Les Codinetes és una escola rural, de mida petita molt arrelada al territori. Es troba situada a la Nou de Gaià, un municipi menut i acollidor de la zona del Baix Gaià (<a href="http://www.noudegaia.altanet.org/">http://www.noudegaia.altanet.org/</a>), molt proper a les poblacions de La Riera de Gaià, Torredembarra, Salomó, Altafulla i la Pobla de Montornès.</p>
<p style="text-align: center;"><a href="http://agora.xtec.cat/ceiplescodinetes/wp-content/uploads/usu1661/2014/09/ayuntamiento-la-nou-de-gaia-24427645.jpg"><img loading="lazy" decoding="async" class="alignnone size-full wp-image-494" src="http://agora.xtec.cat/ceiplescodinetes/wp-content/uploads/usu1661/2014/09/ayuntamiento-la-nou-de-gaia-24427645.jpg" alt="" width="500" height="333" srcset="https://agora.xtec.cat/ceiplescodinetes/wp-content/uploads/usu1661/2014/09/ayuntamiento-la-nou-de-gaia-24427645.jpg 500w, https://agora.xtec.cat/ceiplescodinetes/wp-content/uploads/usu1661/2014/09/ayuntamiento-la-nou-de-gaia-24427645-300x200.jpg 300w" sizes="auto, (max-width: 500px) 100vw, 500px" /></a></p>
<p>&nbsp;</p>
<p>A més dels alumnes de La Nou, l’escola conta també amb un gran nombre d’alumnes que pertanyen a Vespella de Gaià (<a href="http://www.vespella.altanet.org/">http://www.vespella.altanet.org</a>/), municipi que aglutina els Masos de Vespella, Sant Miquel i La Coma.</p>
<p>&nbsp;</p>
<p><a href="http://agora.xtec.cat/ceiplescodinetes/wp-content/uploads/usu1661/2014/09/33020EscVespellaGaia.jpg"><img loading="lazy" decoding="async" class=" wp-image-493 aligncenter" src="http://agora.xtec.cat/ceiplescodinetes/wp-content/uploads/usu1661/2014/09/33020EscVespellaGaia.jpg" alt="" width="514" height="342" srcset="https://agora.xtec.cat/ceiplescodinetes/wp-content/uploads/usu1661/2014/09/33020EscVespellaGaia.jpg 640w, https://agora.xtec.cat/ceiplescodinetes/wp-content/uploads/usu1661/2014/09/33020EscVespellaGaia-300x200.jpg 300w" sizes="auto, (max-width: 514px) 100vw, 514px" /></a></p>
<p>Fins el curs 2010-2011 vam formar part de la ZER Baix Gaià</p>
<p>L’escola es troba al voltant del poble i compta amb 13 mestres a la plantilla i 10 grups d’alumnes (1 de llar d’infants, 3 d’infantil i 6 de primària).</p>
<p><a href="http://agora.xtec.cat/ceiplescodinetes/wp-content/uploads/usu1661/2014/09/43579104bf5c64f.jpg"><img loading="lazy" decoding="async" class="wp-image-495 aligncenter" src="http://agora.xtec.cat/ceiplescodinetes/wp-content/uploads/usu1661/2014/09/43579104bf5c64f.jpg" alt="" width="468" height="312" srcset="https://agora.xtec.cat/ceiplescodinetes/wp-content/uploads/usu1661/2014/09/43579104bf5c64f.jpg 800w, https://agora.xtec.cat/ceiplescodinetes/wp-content/uploads/usu1661/2014/09/43579104bf5c64f-300x200.jpg 300w, https://agora.xtec.cat/ceiplescodinetes/wp-content/uploads/usu1661/2014/09/43579104bf5c64f-768x512.jpg 768w" sizes="auto, (max-width: 468px) 100vw, 468px" /></a></p>
<p>&nbsp;</p>
<p>El centre està obert a totes aquelles persones que estiguin interessades en conèixer-lo.</p>

<p>L’escola Les Codinetes és una escola rural, de mida petita molt arrelada al territori. Es troba situada a la Nou de Gaià, un municipi menut i acollidor de la zona del Baix Gaià (http://www.noudegaia.altanet.org/), molt proper a les poblacions de La Riera de Gaià, Torredembarra, Salomó, Altafulla i la Pobla de Montornès. &nbsp; A més [&hellip;]</p>
