{"id":1395,"date":"2020-05-06T10:45:32","date_gmt":"2020-05-06T08:45:32","guid":{"rendered":"https:\/\/agora.xtec.cat\/ceiplavinia\/?page_id=1395"},"modified":"2025-02-18T10:21:14","modified_gmt":"2025-02-18T09:21:14","slug":"portes-obertes","status":"publish","type":"page","link":"https:\/\/agora.xtec.cat\/ceiplavinia\/portes-obertes\/","title":{"rendered":"L&#8217;Escola"},"content":{"rendered":"<h5>Us presentem una petita informaci\u00f3 sobre l&#8217;Escola.<\/h5>\n<p>Si cliqueu a la pestanya &#8220;men\u00fa&#8221; de la cap\u00e7alera de la p\u00e0gina Web hi trobareu informaci\u00f3 m\u00e9s detallada de l&#8217;Escola.<\/p>\n<p>&nbsp;<\/p>\n<p><a href=\"https:\/\/agora.xtec.cat\/ceiplavinia\/wp-content\/uploads\/usu649\/2020\/03\/Virtuals.jpg\"><img loading=\"lazy\" decoding=\"async\" class=\"alignnone wp-image-1246\" src=\"https:\/\/agora.xtec.cat\/ceiplavinia\/wp-content\/uploads\/usu649\/2020\/03\/Virtuals-1024x430.jpg\" alt=\"\" width=\"774\" height=\"325\" srcset=\"https:\/\/agora.xtec.cat\/ceiplavinia\/wp-content\/uploads\/usu649\/2020\/03\/Virtuals-1024x430.jpg 1024w, https:\/\/agora.xtec.cat\/ceiplavinia\/wp-content\/uploads\/usu649\/2020\/03\/Virtuals-300x126.jpg 300w, https:\/\/agora.xtec.cat\/ceiplavinia\/wp-content\/uploads\/usu649\/2020\/03\/Virtuals-768x323.jpg 768w, https:\/\/agora.xtec.cat\/ceiplavinia\/wp-content\/uploads\/usu649\/2020\/03\/Virtuals.jpg 2000w\" sizes=\"auto, (max-width: 774px) 100vw, 774px\" \/><\/a><\/p>\n<p><a href=\"https:\/\/www.youtube.com\/watch?v=c52IYq48RzA\" target=\"_blank\" rel=\"noopener\"><strong>EL NOSTRE PROJEC<\/strong><strong>TE<\/strong><\/a><\/p>\n<p><a href=\"https:\/\/drive.google.com\/file\/d\/153d6nwOlgkXY1xU9Nekw7KSleJrY2_8Z\/view?usp=sharing\">RESUM PEC<\/a><\/p>\n<p><a href=\"https:\/\/drive.google.com\/file\/d\/1wtTmTmX8TbxeWujpw5ESNVwuwwlon6Pk\/view\" target=\"_blank\" rel=\"noopener\"><strong>PROJECTE EDUCATIU DE CENTRE<\/strong><\/a><\/p>\n<p><a href=\"https:\/\/afalavinia.cat\/horaris-i-preus\/\" target=\"_blank\" rel=\"noopener noreferrer\"><strong>ACTIVITATS EXTRAESCOLARS (AFA)<\/strong><\/a><\/p>\n<p><a href=\"https:\/\/agora.xtec.cat\/ceiplavinia\/menjador-escolar\/\" target=\"_blank\" rel=\"noopener\"><strong>MEN\u00da DE MENJADOR\u00a0<\/strong><\/a><\/p>\n","protected":false},"excerpt":{"rendered":"<p>Us presentem una petita informaci\u00f3 sobre l&#8217;Escola. Si cliqueu a la pestanya &#8220;men\u00fa&#8221; de la cap\u00e7alera de la p\u00e0gina Web hi trobareu informaci\u00f3 m\u00e9s detallada de l&#8217;Escola. &nbsp; EL NOSTRE PROJECTE RESUM PEC PROJECTE EDUCATIU DE CENTRE ACTIVITATS EXTRAESCOLARS (AFA) MEN\u00da DE MENJADOR\u00a0<\/p>\n","protected":false},"author":1,"featured_media":0,"parent":0,"menu_order":0,"comment_status":"closed","ping_status":"closed","template":"","meta":{"_bbp_topic_count":0,"_bbp_reply_count":0,"_bbp_total_topic_count":0,"_bbp_total_reply_count":0,"_bbp_voice_count":0,"_bbp_anonymous_reply_count":0,"_bbp_topic_count_hidden":0,"_bbp_reply_count_hidden":0,"_bbp_forum_subforum_count":0,"site-sidebar-layout":"default","site-content-layout":"","ast-site-content-layout":"","site-content-style":"default","site-sidebar-style":"default","ast-global-header-display":"","ast-banner-title-visibility":"","ast-main-header-display":"","ast-hfb-above-header-display":"","ast-hfb-below-header-display":"","ast-hfb-mobile-header-display":"","site-post-title":"","ast-breadcrumbs-content":"","ast-featured-img":"","footer-sml-layout":"","theme-transparent-header-meta":"","adv-header-id-meta":"","stick-header-meta":"","header-above-stick-meta":"","header-main-stick-meta":"","header-below-stick-meta":"","astra-migrate-meta-layouts":"default","ast-page-background-enabled":"default","ast-page-background-meta":{"desktop":{"background-color":"var(--ast-global-color-4)","background-image":"","background-repeat":"repeat","background-position":"center center","background-size":"auto","background-attachment":"scroll","background-type":"","background-media":"","overlay-type":"","overlay-color":"","overlay-opacity":"","overlay-gradient":""},"tablet":{"background-color":"","background-image":"","background-repeat":"repeat","background-position":"center center","background-size":"auto","background-attachment":"scroll","background-type":"","background-media":"","overlay-type":"","overlay-color":"","overlay-opacity":"","overlay-gradient":""},"mobile":{"background-color":"","background-image":"","background-repeat":"repeat","background-position":"center center","background-size":"auto","background-attachment":"scroll","background-type":"","background-media":"","overlay-type":"","overlay-color":"","overlay-opacity":"","overlay-gradient":""}},"ast-content-background-meta":{"desktop":{"background-color":"var(--ast-global-color-5)","background-image":"","background-repeat":"repeat","background-position":"center center","background-size":"auto","background-attachment":"scroll","background-type":"","background-media":"","overlay-type":"","overlay-color":"","overlay-opacity":"","overlay-gradient":""},"tablet":{"background-color":"var(--ast-global-color-5)","background-image":"","background-repeat":"repeat","background-position":"center center","background-size":"auto","background-attachment":"scroll","background-type":"","background-media":"","overlay-type":"","overlay-color":"","overlay-opacity":"","overlay-gradient":""},"mobile":{"background-color":"var(--ast-global-color-5)","background-image":"","background-repeat":"repeat","background-position":"center center","background-size":"auto","background-attachment":"scroll","background-type":"","background-media":"","overlay-type":"","overlay-color":"","overlay-opacity":"","overlay-gradient":""}},"footnotes":""},"class_list":["post-1395","page","type-page","status-publish","hentry"],"post_mailing_queue_ids":[],"_links":{"self":[{"href":"https:\/\/agora.xtec.cat\/ceiplavinia\/wp-json\/wp\/v2\/pages\/1395","targetHints":{"allow":["GET"]}}],"collection":[{"href":"https:\/\/agora.xtec.cat\/ceiplavinia\/wp-json\/wp\/v2\/pages"}],"about":[{"href":"https:\/\/agora.xtec.cat\/ceiplavinia\/wp-json\/wp\/v2\/types\/page"}],"author":[{"embeddable":true,"href":"https:\/\/agora.xtec.cat\/ceiplavinia\/wp-json\/wp\/v2\/users\/1"}],"replies":[{"embeddable":true,"href":"https:\/\/agora.xtec.cat\/ceiplavinia\/wp-json\/wp\/v2\/comments?post=1395"}],"version-history":[{"count":6,"href":"https:\/\/agora.xtec.cat\/ceiplavinia\/wp-json\/wp\/v2\/pages\/1395\/revisions"}],"predecessor-version":[{"id":2922,"href":"https:\/\/agora.xtec.cat\/ceiplavinia\/wp-json\/wp\/v2\/pages\/1395\/revisions\/2922"}],"wp:attachment":[{"href":"https:\/\/agora.xtec.cat\/ceiplavinia\/wp-json\/wp\/v2\/media?parent=1395"}],"curies":[{"name":"wp","href":"https:\/\/api.w.org\/{rel}","templated":true}]}}