{"id":496,"date":"2020-07-16T11:18:48","date_gmt":"2020-07-16T09:18:48","guid":{"rendered":"https:\/\/agora.xtec.cat\/ceiplaulet\/?page_id=496"},"modified":"2024-09-03T13:39:43","modified_gmt":"2024-09-03T11:39:43","slug":"patis-dinamics","status":"publish","type":"page","link":"https:\/\/agora.xtec.cat\/ceiplaulet\/patis-dinamics\/","title":{"rendered":"Patis Din\u00e0mics"},"content":{"rendered":"\n<p>A l&#8217;Escola tenim tres espais diferents al pati. La zona de jocs pels alumnes d&#8217;Infantil, la zona de jocs pels de prim\u00e0ria, i la zona del &#8220;Bosc Tancat&#8221;. <\/p>\n\n\n\n<p>A la zona del pati d&#8217;Educaci\u00f3 Infantil hi ha diferents jocs com el castell i l&#8217;autob\u00fas, i es diposa d&#8217;una caixa de material obert que els alumnes utilitzen lliurement. Tamb\u00e9 hi ha la zona del sorral. <\/p>\n\n\n\n<p>A la zona del pati d&#8217;Educaci\u00f3 Prim\u00e0ria tenim el Bosc, amb una zona per a constru\u00efr cabanes i molta ombra, i una taula de p\u00edcnic. Tenim la pista poliesportiva on hi ha dues cistelles de b\u00e0squet i dues porteries d&#8217;handbol o futbol sala. Tamb\u00e9 hi ha el roc\u00f2drom a sota dels porxos. Els alumnes disposen d&#8217;un baul de material que gestionen els nens i nenes de sis\u00e8. Poden utilitzar aquest materila esportiu fent-se responsables del seu \u00fas i de tornar-ho a l&#8217;acabar el pati. <\/p>\n\n\n\n<p>Per \u00faltim tenim la zona del &#8220;Bosc Tancat&#8221; on es deixa cre\u00ecexer la natura lliurement sense la intervenci\u00f3 dels escolars ni mestres. Nom\u00e9s s&#8217;hi accedeix per alguna classe concreta de medi o de la comissi\u00f3 verda, i sempre sota supervisi\u00f3 d&#8217;un mestre. <\/p>\n","protected":false},"excerpt":{"rendered":"<p>A l&#8217;Escola tenim tres espais diferents al pati. La zona de jocs pels alumnes d&#8217;Infantil, la zona de jocs pels de prim\u00e0ria, i la zona del &#8220;Bosc Tancat&#8221;. A la zona del pati d&#8217;Educaci\u00f3 Infantil hi ha diferents jocs com el castell i l&#8217;autob\u00fas, i es diposa d&#8217;una caixa de material obert que els alumnes [&hellip;]<\/p>\n","protected":false},"author":1,"featured_media":0,"parent":0,"menu_order":0,"comment_status":"closed","ping_status":"close","template":"","meta":{"_bbp_topic_count":0,"_bbp_reply_count":0,"_bbp_total_topic_count":0,"_bbp_total_reply_count":0,"_bbp_voice_count":0,"_bbp_anonymous_reply_count":0,"_bbp_topic_count_hidden":0,"_bbp_reply_count_hidden":0,"_bbp_forum_subforum_count":0,"site-sidebar-layout":"default","site-content-layout":"","ast-site-content-layout":"","site-content-style":"default","site-sidebar-style":"default","ast-global-header-display":"","ast-banner-title-visibility":"","ast-main-header-display":"","ast-hfb-above-header-display":"","ast-hfb-below-header-display":"","ast-hfb-mobile-header-display":"","site-post-title":"","ast-breadcrumbs-content":"","ast-featured-img":"","footer-sml-layout":"","theme-transparent-header-meta":"","adv-header-id-meta":"","stick-header-meta":"","header-above-stick-meta":"","header-main-stick-meta":"","header-below-stick-meta":"","astra-migrate-meta-layouts":"default","ast-page-background-enabled":"default","ast-page-background-meta":{"desktop":{"background-color":"var(--ast-global-color-4)","background-image":"","background-repeat":"repeat","background-position":"center center","background-size":"auto","background-attachment":"scroll","background-type":"","background-media":"","overlay-type":"","overlay-color":"","overlay-opacity":"","overlay-gradient":""},"tablet":{"background-color":"","background-image":"","background-repeat":"repeat","background-position":"center center","background-size":"auto","background-attachment":"scroll","background-type":"","background-media":"","overlay-type":"","overlay-color":"","overlay-opacity":"","overlay-gradient":""},"mobile":{"background-color":"","background-image":"","background-repeat":"repeat","background-position":"center center","background-size":"auto","background-attachment":"scroll","background-type":"","background-media":"","overlay-type":"","overlay-color":"","overlay-opacity":"","overlay-gradient":""}},"ast-content-background-meta":{"desktop":{"background-color":"var(--ast-global-color-5)","background-image":"","background-repeat":"repeat","background-position":"center center","background-size":"auto","background-attachment":"scroll","background-type":"","background-media":"","overlay-type":"","overlay-color":"","overlay-opacity":"","overlay-gradient":""},"tablet":{"background-color":"var(--ast-global-color-5)","background-image":"","background-repeat":"repeat","background-position":"center center","background-size":"auto","background-attachment":"scroll","background-type":"","background-media":"","overlay-type":"","overlay-color":"","overlay-opacity":"","overlay-gradient":""},"mobile":{"background-color":"var(--ast-global-color-5)","background-image":"","background-repeat":"repeat","background-position":"center center","background-size":"auto","background-attachment":"scroll","background-type":"","background-media":"","overlay-type":"","overlay-color":"","overlay-opacity":"","overlay-gradient":""}},"footnotes":""},"class_list":["post-496","page","type-page","status-publish","hentry"],"post_mailing_queue_ids":[],"_links":{"self":[{"href":"https:\/\/agora.xtec.cat\/ceiplaulet\/wp-json\/wp\/v2\/pages\/496","targetHints":{"allow":["GET"]}}],"collection":[{"href":"https:\/\/agora.xtec.cat\/ceiplaulet\/wp-json\/wp\/v2\/pages"}],"about":[{"href":"https:\/\/agora.xtec.cat\/ceiplaulet\/wp-json\/wp\/v2\/types\/page"}],"author":[{"embeddable":true,"href":"https:\/\/agora.xtec.cat\/ceiplaulet\/wp-json\/wp\/v2\/users\/1"}],"replies":[{"embeddable":true,"href":"https:\/\/agora.xtec.cat\/ceiplaulet\/wp-json\/wp\/v2\/comments?post=496"}],"version-history":[{"count":3,"href":"https:\/\/agora.xtec.cat\/ceiplaulet\/wp-json\/wp\/v2\/pages\/496\/revisions"}],"predecessor-version":[{"id":7720,"href":"https:\/\/agora.xtec.cat\/ceiplaulet\/wp-json\/wp\/v2\/pages\/496\/revisions\/7720"}],"wp:attachment":[{"href":"https:\/\/agora.xtec.cat\/ceiplaulet\/wp-json\/wp\/v2\/media?parent=496"}],"curies":[{"name":"wp","href":"https:\/\/api.w.org\/{rel}","templated":true}]}}