{"id":30,"date":"2014-09-18T12:30:23","date_gmt":"2014-09-18T11:30:23","guid":{"rendered":"http:\/\/agora.xtec.cat\/ceiplaulet\/?page_id=30"},"modified":"2025-01-09T12:43:29","modified_gmt":"2025-01-09T11:43:29","slug":"instal%c2%b7lacions","status":"publish","type":"page","link":"https:\/\/agora.xtec.cat\/ceiplaulet\/lescola\/instal%c2%b7lacions\/","title":{"rendered":"Instal\u00b7lacions"},"content":{"rendered":"<p>La nostra escola vista pels nostres alumnes.<\/p>\n<p><strong>L\u2019AULA DE PL\u00c0STICA<\/strong><\/p>\n<p>Est\u00e0 situada a baix, al costat de les aules d\u2019educaci\u00f3 infantil.\u00a0 Sempre est\u00e0 molt plena de material divers: pintures, pinzells, tisores, \u00a0papers, cartons, pots, fang, plastilina, robes\u2026.t\u00e9 una pica per poder rentar b\u00e9 els pinzells i tot el que s\u2019utilitza, tamb\u00e9 les mans ja que sovint queden molt brutes.<\/p>\n<p>Ens va molt b\u00e9 que hi hagi un projector. La Roser Romero, que \u00e9s la mestra de pl\u00e0stica, ens fa visionar Powers Points o petites pel\u00b7l\u00edcules referents al pintor, escultor o a les t\u00e8cniques que treballarem.<\/p>\n<p>Ens ho passem molt b\u00e9, mica en mica aprenem a fer sortir l\u2019artista que tots i totes portem dins.<\/p>\n<p><a href=\"https:\/\/agora.xtec.cat\/ceiplaulet\/wp-content\/uploads\/usu344\/2021\/02\/Pl\u00e0stica-1.jpg\"><img loading=\"lazy\" decoding=\"async\" class=\"size-full wp-image-1829 aligncenter\" src=\"https:\/\/agora.xtec.cat\/ceiplaulet\/wp-content\/uploads\/usu344\/2021\/02\/Pl\u00e0stica-1.jpg\" alt=\"\" width=\"640\" height=\"480\" \/><\/a><\/p>\n<p><a href=\"https:\/\/agora.xtec.cat\/ceiplaulet\/wp-content\/uploads\/usu344\/2021\/02\/Pl\u00e0stica-2.jpg\"><img loading=\"lazy\" decoding=\"async\" class=\"size-large wp-image-1830 aligncenter\" src=\"https:\/\/agora.xtec.cat\/ceiplaulet\/wp-content\/uploads\/usu344\/2021\/02\/Pl\u00e0stica-2.jpg\" alt=\"\" width=\"640\" height=\"480\" \/><\/a><\/p>\n<p><a href=\"https:\/\/agora.xtec.cat\/ceiplaulet\/wp-content\/uploads\/usu344\/2021\/02\/Pl\u00e0stica-4.jpg\"><img loading=\"lazy\" decoding=\"async\" class=\"size-large wp-image-1832 aligncenter\" src=\"https:\/\/agora.xtec.cat\/ceiplaulet\/wp-content\/uploads\/usu344\/2021\/02\/Pl\u00e0stica-4.jpg\" alt=\"\" width=\"640\" height=\"480\" \/><\/a><\/p>\n<p><a href=\"https:\/\/agora.xtec.cat\/ceiplaulet\/wp-content\/uploads\/usu344\/2021\/02\/Pl\u00e0stica-5.jpg\"><img loading=\"lazy\" decoding=\"async\" class=\"size-large wp-image-1833 aligncenter\" src=\"https:\/\/agora.xtec.cat\/ceiplaulet\/wp-content\/uploads\/usu344\/2021\/02\/Pl\u00e0stica-5.jpg\" alt=\"\" width=\"640\" height=\"480\" \/><\/a><\/p>\n<p><strong>L\u2019AULA DE M\u00daSICA<\/strong><\/p>\n<p>L\u2019aula de m\u00fasica est\u00e0 situada al primer pis.<\/p>\n<p>A la classe hi ha cadires, una catifa i un munt d\u2019instruments!!! Com per exemple: els pals, els tambors, les\u00a0 panderetes, un piano, etc.<\/p>\n<p>Tots els cursos hi passem un cop per setmana. I \u00e9s un espai que en general ens agrada molt a tots i totes!!!<\/p>\n<p>Aquest curs escolar i, a causa de la pand\u00e8mia, no podrem fer \u00fas de l&#8217;aula.<\/p>\n<p><a href=\"https:\/\/agora.xtec.cat\/ceiplaulet\/wp-content\/uploads\/usu344\/2021\/02\/M\u00fasica-1.jpg\"><img loading=\"lazy\" decoding=\"async\" class=\"wp-image-1817 size-full aligncenter\" src=\"https:\/\/agora.xtec.cat\/ceiplaulet\/wp-content\/uploads\/usu344\/2021\/02\/M\u00fasica-1.jpg\" alt=\"\" width=\"640\" height=\"480\" \/><\/a><\/p>\n<p><a href=\"https:\/\/agora.xtec.cat\/ceiplaulet\/wp-content\/uploads\/usu344\/2021\/02\/M\u00fasica-2.jpg\"><img loading=\"lazy\" decoding=\"async\" class=\"size-large wp-image-1818 aligncenter\" src=\"https:\/\/agora.xtec.cat\/ceiplaulet\/wp-content\/uploads\/usu344\/2021\/02\/M\u00fasica-2.jpg\" alt=\"\" width=\"640\" height=\"480\" \/><\/a><\/p>\n<p><a href=\"https:\/\/agora.xtec.cat\/ceiplaulet\/wp-content\/uploads\/usu344\/2021\/02\/M\u00fasica-3.jpg\"><img loading=\"lazy\" decoding=\"async\" class=\"size-large wp-image-1819 aligncenter\" src=\"https:\/\/agora.xtec.cat\/ceiplaulet\/wp-content\/uploads\/usu344\/2021\/02\/M\u00fasica-3.jpg\" alt=\"\" width=\"640\" height=\"480\" \/><\/a><\/p>\n<p><a href=\"https:\/\/agora.xtec.cat\/ceiplaulet\/wp-content\/uploads\/usu344\/2021\/02\/M\u00fasica-4.jpg\"><img loading=\"lazy\" decoding=\"async\" class=\"size-large wp-image-1820 aligncenter\" src=\"https:\/\/agora.xtec.cat\/ceiplaulet\/wp-content\/uploads\/usu344\/2021\/02\/M\u00fasica-4.jpg\" alt=\"\" width=\"640\" height=\"480\" \/><\/a><\/p>\n<p><strong>AULA D\u2019ANGL\u00c8S<\/strong><\/p>\n<p>L\u2019aula d\u2019angl\u00e8s est\u00e0 situada a baix, \u00e9s molt gran. Hi ha p\u00f2sters, contes, una pantalla digital per fer audicions en angl\u00e8s etc. Tamb\u00e9 hi ha material divers (fruites, animals, mascotes, joguines\u2026) que ens serveixen per aprendre vocabulari.<\/p>\n<p>Des de P4 i P5, tot jugant, anem aprenent a saludar-nos, a dir el temps que fa cada dia, la data, el men\u00fa de l\u2019escola, cantem can\u00e7ons, expliquem contes, fem jocs\u2026.i moltes coses m\u00e9s relacionades amb els projectes que treballem. D\u2019aquesta manera els nens i les nenes m\u00e9s grans de l\u2019escola ja s\u00f3n capa\u00e7os de parlar i entendre millor la llengua anglesa.<\/p>\n<p><a href=\"https:\/\/agora.xtec.cat\/ceiplaulet\/wp-content\/uploads\/usu344\/2021\/02\/Angl\u00e8s-1.jpg\"><img loading=\"lazy\" decoding=\"async\" class=\"alignnone size-full wp-image-1855\" src=\"https:\/\/agora.xtec.cat\/ceiplaulet\/wp-content\/uploads\/usu344\/2021\/02\/Angl\u00e8s-1.jpg\" alt=\"\" width=\"640\" height=\"480\" \/><\/a> <a href=\"https:\/\/agora.xtec.cat\/ceiplaulet\/wp-content\/uploads\/usu344\/2021\/02\/Angl\u00e8s-2.jpg\"><img loading=\"lazy\" decoding=\"async\" class=\"alignnone size-large wp-image-1856\" src=\"https:\/\/agora.xtec.cat\/ceiplaulet\/wp-content\/uploads\/usu344\/2021\/02\/Angl\u00e8s-2.jpg\" alt=\"\" width=\"640\" height=\"480\" \/><\/a><\/p>\n<p><strong>AULA DE CI\u00c8NCIES<\/strong><\/p>\n<p>A l&#8217;aula de ci\u00e8ncies hi fem dues activitats: \u00fas del laboratori pel treball de medi i espai per treballar el laboratori dels n\u00fameros.<\/p>\n<p><a href=\"https:\/\/agora.xtec.cat\/ceiplaulet\/wp-content\/uploads\/usu344\/2021\/02\/Aula-de-ci\u00e8ncies-1.jpg\"><img loading=\"lazy\" decoding=\"async\" class=\"size-full wp-image-1825 aligncenter\" src=\"https:\/\/agora.xtec.cat\/ceiplaulet\/wp-content\/uploads\/usu344\/2021\/02\/Aula-de-ci\u00e8ncies-1.jpg\" alt=\"\" width=\"640\" height=\"480\" \/><\/a><\/p>\n<p><a href=\"https:\/\/agora.xtec.cat\/ceiplaulet\/wp-content\/uploads\/usu344\/2021\/02\/Aula-de-ci\u00e8ncies-2.jpg\"><img loading=\"lazy\" decoding=\"async\" class=\"wp-image-1826 size-full aligncenter\" src=\"https:\/\/agora.xtec.cat\/ceiplaulet\/wp-content\/uploads\/usu344\/2021\/02\/Aula-de-ci\u00e8ncies-2-e1612354437835.jpg\" alt=\"\" width=\"544\" height=\"441\" \/><\/a><\/p>\n<p><strong>EL TEATRE<\/strong><\/p>\n<p>Tenim un teatre molt ben situat, \u00e9s a baix, al costat de l\u2019entrada i \u00e9s el centre de tota l\u2019escola.<\/p>\n<p>Hi ha un escenari, tamb\u00e9 un espai al costat on els actors ens esperem i que est\u00e0 protegit per unes cortines,\u00a0 grades laterals i frontals. Al centre queda un espai que normalment en diem \u201cla piscina\u201d.<\/p>\n<p>Al teatre hi fem les representacions, primer per tota l\u2019escola i als vespres pels pares, mares i familiars \u2026 i tothom que vulgui venir.<\/p>\n<p>Tamb\u00e9 hi fem assemblees de cicle, generals, festes d\u2019escola, alguna xerrada\u2026..Sense aquest teatre ja no seria l\u2019Aulet, \u00a0forma part de la din\u00e0mica di\u00e0ria del centre, sempre hi ha alg\u00fa assajant el teatre o les danses, fent decorats, fent m\u00edmica \u2026etc..<\/p>\n<p>Aquest curs escolar les assembles participatives seran virtuals.<\/p>\n<p><a href=\"https:\/\/agora.xtec.cat\/ceiplaulet\/wp-content\/uploads\/usu344\/2021\/02\/Teatre-1.jpg\"><img loading=\"lazy\" decoding=\"async\" class=\"alignnone size-full wp-image-1839\" src=\"https:\/\/agora.xtec.cat\/ceiplaulet\/wp-content\/uploads\/usu344\/2021\/02\/Teatre-1.jpg\" alt=\"\" width=\"640\" height=\"480\" \/><\/a> <a href=\"https:\/\/agora.xtec.cat\/ceiplaulet\/wp-content\/uploads\/usu344\/2021\/02\/Teatre-2.jpg\"><img loading=\"lazy\" decoding=\"async\" class=\"alignnone size-large wp-image-1840\" src=\"https:\/\/agora.xtec.cat\/ceiplaulet\/wp-content\/uploads\/usu344\/2021\/02\/Teatre-2.jpg\" alt=\"\" width=\"640\" height=\"480\" \/><\/a><\/p>\n<p><strong>EL GIMN\u00c0S<\/strong><\/p>\n<p>A l\u2019escola hi ha un gimn\u00e0s en un edifici annex comunicat amb l\u2019edifici principal. Els alumnes grans des de 1r fins a 6\u00e8 hi van a fer educaci\u00f3 f\u00edsica; mentre que els petits des de p3 fins a p5 hi van a fer psicomotricitat.<\/p>\n<p>En el gimn\u00e0s hi ha espatlleres, matalassos, cons, pals, cercles, cordes, pilotes, etc\u2026 tot tipus de material per fer exercici i passar una estona molt animada!<\/p>\n<p><a href=\"https:\/\/agora.xtec.cat\/ceiplaulet\/wp-content\/uploads\/usu344\/2021\/02\/IMG_20201102_104032_747.jpg\"><img loading=\"lazy\" decoding=\"async\" class=\" wp-image-1801 aligncenter\" src=\"https:\/\/agora.xtec.cat\/ceiplaulet\/wp-content\/uploads\/usu344\/2021\/02\/IMG_20201102_104032_747.jpg\" alt=\"\" width=\"579\" height=\"434\" \/><\/a><\/p>\n<p><a href=\"https:\/\/agora.xtec.cat\/ceiplaulet\/wp-content\/uploads\/usu344\/2021\/02\/IMG_20201102_104105_645.jpg\"><img loading=\"lazy\" decoding=\"async\" class=\"size-full wp-image-1802 aligncenter\" src=\"https:\/\/agora.xtec.cat\/ceiplaulet\/wp-content\/uploads\/usu344\/2021\/02\/IMG_20201102_104105_645.jpg\" alt=\"\" width=\"597\" height=\"439\" \/><\/a><\/p>\n<p><strong>LA BIBLIOTECA<\/strong><\/p>\n<p>La biblioteca \u00e9s a dalt, \u00e9s gran i t\u00e9 molta llum. Hi ha una pila de llibres per mirar, llegir, consultar, treure\u2019n informaci\u00f3.<\/p>\n<p>Els podem mirar o llegir asseguts a les cadires o en una catifa molt gran.<\/p>\n<p>L\u2019alumnat de P5 anem a la biblioteca amb els padrins i padrines de lectura de 6\u00e8, que volunt\u00e0riament ens ajuden a llegir tot descobrint les hist\u00f2ries que hi ha dins dels contes.<\/p>\n<p>Pels nens i nenes que fan prim\u00e0ria hi ha un servei de pr\u00e9stec per poder portar a casa els contes o llibres que m\u00e9s els agraden.<\/p>\n<p>Tamb\u00e9 hi ha tres ordinadors on podem treballar.<\/p>\n<p>Pel bon funcionament de la biblioteca sabem que hi ha unes normes que s\u2019han de complir: hem d\u2019estar en silenci, no fer sorolls, els llibres s\u2019han de cuidar i ordenar molt b\u00e9.<\/p>\n<p>Actualment s&#8217;ha elaborat un projecte de biblioteca per tal d&#8217;actualitzar-la.<\/p>\n<p><a href=\"https:\/\/agora.xtec.cat\/ceiplaulet\/wp-content\/uploads\/usu344\/2021\/02\/biblioteca-1.jpg\"><img loading=\"lazy\" decoding=\"async\" class=\"alignnone size-full wp-image-1841\" src=\"https:\/\/agora.xtec.cat\/ceiplaulet\/wp-content\/uploads\/usu344\/2021\/02\/biblioteca-1.jpg\" alt=\"\" width=\"640\" height=\"480\" \/><\/a> <a href=\"https:\/\/agora.xtec.cat\/ceiplaulet\/wp-content\/uploads\/usu344\/2021\/02\/biblioteca-2.jpg\"><img loading=\"lazy\" decoding=\"async\" class=\"alignnone size-large wp-image-1842\" src=\"https:\/\/agora.xtec.cat\/ceiplaulet\/wp-content\/uploads\/usu344\/2021\/02\/biblioteca-2.jpg\" alt=\"\" width=\"640\" height=\"480\" \/><\/a><\/p>\n<p><strong>EL MENJADOR<\/strong><\/p>\n<p>El menjador est\u00e0 situat al costat de la cuina en un extrem de l\u2019edifici. Al menjador \u201cs\u2019hi menja\u201d i ens acompanyen i vigilen els monitors i monitores. \u00c9s un espai amb taules i cadires grans i on s\u2019hi menja un men\u00fa sa i variat.<\/p>\n<p>S\u2019hi fan dos torns. El primer \u00e9s a dos quarts d&#8217;una del migdia, de 1r a 3r. El segon torn comen\u00e7a a dos quarts de dues i dinen de 4t a 6\u00e8. Els infants d&#8217;educaci\u00f3 infantil, aquest curs, dinen a les seves aules.<\/p>\n<p><a href=\"https:\/\/agora.xtec.cat\/ceiplaulet\/wp-content\/uploads\/usu344\/2021\/02\/Menjador-i-cuina-1.jpg\"><img loading=\"lazy\" decoding=\"async\" class=\"alignnone size-full wp-image-1865\" src=\"https:\/\/agora.xtec.cat\/ceiplaulet\/wp-content\/uploads\/usu344\/2021\/02\/Menjador-i-cuina-1.jpg\" alt=\"\" width=\"640\" height=\"480\" \/><\/a> <a href=\"https:\/\/agora.xtec.cat\/ceiplaulet\/wp-content\/uploads\/usu344\/2021\/02\/Menjador-i-cuina-5.jpg\"><img loading=\"lazy\" decoding=\"async\" class=\"alignnone size-large wp-image-1867\" src=\"https:\/\/agora.xtec.cat\/ceiplaulet\/wp-content\/uploads\/usu344\/2021\/02\/Menjador-i-cuina-5.jpg\" alt=\"\" width=\"640\" height=\"480\" \/><\/a><\/p>\n<p><strong>EL PATI<\/strong><\/p>\n<p>El nostre pati \u00e9s diferent al que tenen la majoria de les escoles; \u00e9s un bosc. Un bosc ple d\u2019alzines (aulines), d\u2019aqu\u00ed ve el nom d\u2019Aulet. Aquests arbres ens fan ombra, de paraigua quan cauen quatre gotes, de confidents\u2026\u00a0 A la zona de joc tamb\u00e9 hi ha unes pedres grans que les fem servir per amagar-nos. No hi ha sotabosc ja que el terra est\u00e0 molt trepitjat, per\u00f2 tenim reservada una zona on no anem a jugar, per tal de poder observar els canvis que hi ha al llarg de l\u2019any.\u00a0 A aquesta zona \u00e9s el &#8220;bosc tancat&#8221;.Hi tenim nius, hi pengem peles, fruits secs,\u2026 aix\u00ed els ocells s\u2019apropen i podem escoltar el seu cant.<\/p>\n<p>Tamb\u00e9 hi ha dues pistes, la blanca on juga l&#8217;alumnat de prim\u00e0ria i la vermella, on hi juguen els nens i nenes d\u2019EI i CI. A la pista vermella hi ha un camp redu\u00eft de b\u00e0squet amb porteries petites, un autobus, un tub i un tobogan. Al costat hi ha una roda gran i un sorral\u00a0 on es pot jugar amb pales, galledes,\u2026<\/p>\n<p>Disposem tamb\u00e9 d\u2019un porxo i d\u2019unes rampes. Aquestes s\u00f3n molt \u201cguais\u201d, en pocs dies els alumnes de 1r aprenen a pujar i baixar drets!<\/p>\n<p>Intentem respectar al m\u00e0xim aquest espai, tirem les deixalles a les papereres grogues, grises o marrons segons correspongui, recollim els papers de terra un cop al mes, evitem fer forats\u00a0 a prop de les arrels,\u2026<\/p>\n<p>El nostre pati \u00e9s un lloc especial, un lloc fant\u00e0stic per a parlar i jugar.<\/p>\n<figure id=\"attachment_1845\" aria-describedby=\"caption-attachment-1845\" style=\"width: 640px\" class=\"wp-caption aligncenter\"><a href=\"https:\/\/agora.xtec.cat\/ceiplaulet\/wp-content\/uploads\/usu344\/2021\/02\/IMG_20210203_134041.jpg\"><img loading=\"lazy\" decoding=\"async\" class=\"wp-image-1845 size-full\" src=\"https:\/\/agora.xtec.cat\/ceiplaulet\/wp-content\/uploads\/usu344\/2021\/02\/IMG_20210203_134041.jpg\" alt=\"\" width=\"640\" height=\"480\" \/><\/a><figcaption id=\"caption-attachment-1845\" class=\"wp-caption-text\">El bosc tancat<\/figcaption><\/figure>\n<figure id=\"attachment_1843\" aria-describedby=\"caption-attachment-1843\" style=\"width: 640px\" class=\"wp-caption aligncenter\"><a href=\"https:\/\/agora.xtec.cat\/ceiplaulet\/wp-content\/uploads\/usu344\/2021\/02\/IMG_20210203_133909.jpg\"><img loading=\"lazy\" decoding=\"async\" class=\"wp-image-1843 size-full\" src=\"https:\/\/agora.xtec.cat\/ceiplaulet\/wp-content\/uploads\/usu344\/2021\/02\/IMG_20210203_133909.jpg\" alt=\"\" width=\"640\" height=\"480\" \/><\/a><figcaption id=\"caption-attachment-1843\" class=\"wp-caption-text\">Zona de cabanes<\/figcaption><\/figure>\n<figure id=\"attachment_1847\" aria-describedby=\"caption-attachment-1847\" style=\"width: 640px\" class=\"wp-caption aligncenter\"><a href=\"https:\/\/agora.xtec.cat\/ceiplaulet\/wp-content\/uploads\/usu344\/2021\/02\/IMG_20210203_134206.jpg\"><img loading=\"lazy\" decoding=\"async\" class=\"wp-image-1847 size-full\" src=\"https:\/\/agora.xtec.cat\/ceiplaulet\/wp-content\/uploads\/usu344\/2021\/02\/IMG_20210203_134206.jpg\" alt=\"\" width=\"640\" height=\"480\" \/><\/a><figcaption id=\"caption-attachment-1847\" class=\"wp-caption-text\">Pista d&#8217;educaci\u00f3 infantil.<\/figcaption><\/figure>\n<figure id=\"attachment_1849\" aria-describedby=\"caption-attachment-1849\" style=\"width: 640px\" class=\"wp-caption aligncenter\"><a href=\"https:\/\/agora.xtec.cat\/ceiplaulet\/wp-content\/uploads\/usu344\/2021\/02\/IMG_20210203_134228.jpg\"><img loading=\"lazy\" decoding=\"async\" class=\"wp-image-1849 size-full\" src=\"https:\/\/agora.xtec.cat\/ceiplaulet\/wp-content\/uploads\/usu344\/2021\/02\/IMG_20210203_134228.jpg\" alt=\"\" width=\"640\" height=\"480\" \/><\/a><figcaption id=\"caption-attachment-1849\" class=\"wp-caption-text\">Pista blanca.<\/figcaption><\/figure>\n<figure id=\"attachment_1850\" aria-describedby=\"caption-attachment-1850\" style=\"width: 640px\" class=\"wp-caption aligncenter\"><a href=\"https:\/\/agora.xtec.cat\/ceiplaulet\/wp-content\/uploads\/usu344\/2021\/02\/IMG_20210203_134457.jpg\"><img loading=\"lazy\" decoding=\"async\" class=\"wp-image-1850\" src=\"https:\/\/agora.xtec.cat\/ceiplaulet\/wp-content\/uploads\/usu344\/2021\/02\/IMG_20210203_134457.jpg\" alt=\"\" width=\"640\" height=\"480\" \/><\/a><figcaption id=\"caption-attachment-1850\" class=\"wp-caption-text\">Roc\u00f2drom<\/figcaption><\/figure>\n<figure id=\"attachment_1854\" aria-describedby=\"caption-attachment-1854\" style=\"width: 640px\" class=\"wp-caption aligncenter\"><a href=\"https:\/\/agora.xtec.cat\/ceiplaulet\/wp-content\/uploads\/usu344\/2021\/02\/IMG_20210203_134828.jpg\"><img loading=\"lazy\" decoding=\"async\" class=\"wp-image-1854\" src=\"https:\/\/agora.xtec.cat\/ceiplaulet\/wp-content\/uploads\/usu344\/2021\/02\/IMG_20210203_134828.jpg\" alt=\"\" width=\"640\" height=\"480\" \/><\/a><figcaption id=\"caption-attachment-1854\" class=\"wp-caption-text\">Rampa<\/figcaption><\/figure>\n<figure id=\"attachment_1858\" aria-describedby=\"caption-attachment-1858\" style=\"width: 640px\" class=\"wp-caption aligncenter\"><a href=\"https:\/\/agora.xtec.cat\/ceiplaulet\/wp-content\/uploads\/usu344\/2021\/02\/Exteriors-2.jpg\"><img loading=\"lazy\" decoding=\"async\" class=\"wp-image-1858 size-full\" src=\"https:\/\/agora.xtec.cat\/ceiplaulet\/wp-content\/uploads\/usu344\/2021\/02\/Exteriors-2.jpg\" alt=\"\" width=\"640\" height=\"480\" \/><\/a><figcaption id=\"caption-attachment-1858\" class=\"wp-caption-text\">Pati interior<\/figcaption><\/figure>\n<figure id=\"attachment_1859\" aria-describedby=\"caption-attachment-1859\" style=\"width: 640px\" class=\"wp-caption aligncenter\"><a href=\"https:\/\/agora.xtec.cat\/ceiplaulet\/wp-content\/uploads\/usu344\/2021\/02\/Exteriors-3.jpg\"><img loading=\"lazy\" decoding=\"async\" class=\"wp-image-1859 size-full\" src=\"https:\/\/agora.xtec.cat\/ceiplaulet\/wp-content\/uploads\/usu344\/2021\/02\/Exteriors-3.jpg\" alt=\"\" width=\"640\" height=\"480\" \/><\/a><figcaption id=\"caption-attachment-1859\" class=\"wp-caption-text\">Jard\u00ed<\/figcaption><\/figure>\n<figure id=\"attachment_1857\" aria-describedby=\"caption-attachment-1857\" style=\"width: 480px\" class=\"wp-caption aligncenter\"><a href=\"https:\/\/agora.xtec.cat\/ceiplaulet\/wp-content\/uploads\/usu344\/2021\/02\/Exteriors-1.jpg\"><img loading=\"lazy\" decoding=\"async\" class=\"wp-image-1857 size-full\" src=\"https:\/\/agora.xtec.cat\/ceiplaulet\/wp-content\/uploads\/usu344\/2021\/02\/Exteriors-1.jpg\" alt=\"\" width=\"480\" height=\"640\" \/><\/a><figcaption id=\"caption-attachment-1857\" class=\"wp-caption-text\">Pati interior<\/figcaption><\/figure>\n<p><a href=\"https:\/\/agora.xtec.cat\/ceiplaulet\/wp-content\/uploads\/usu344\/2021\/02\/IMG_20210203_134018.jpg\"><img loading=\"lazy\" decoding=\"async\" class=\"alignnone size-large wp-image-1844\" src=\"https:\/\/agora.xtec.cat\/ceiplaulet\/wp-content\/uploads\/usu344\/2021\/02\/IMG_20210203_134018.jpg\" alt=\"\" width=\"640\" height=\"480\" \/><\/a> <a href=\"https:\/\/agora.xtec.cat\/ceiplaulet\/wp-content\/uploads\/usu344\/2021\/02\/IMG_20210203_134111.jpg\"><img loading=\"lazy\" decoding=\"async\" class=\"alignnone size-large wp-image-1846\" src=\"https:\/\/agora.xtec.cat\/ceiplaulet\/wp-content\/uploads\/usu344\/2021\/02\/IMG_20210203_134111.jpg\" alt=\"\" width=\"640\" height=\"480\" \/><\/a> <a href=\"https:\/\/agora.xtec.cat\/ceiplaulet\/wp-content\/uploads\/usu344\/2021\/02\/IMG_20210203_134221.jpg\"><img loading=\"lazy\" decoding=\"async\" class=\"alignnone size-large wp-image-1848\" src=\"https:\/\/agora.xtec.cat\/ceiplaulet\/wp-content\/uploads\/usu344\/2021\/02\/IMG_20210203_134221.jpg\" alt=\"\" width=\"640\" height=\"480\" \/><\/a> <a href=\"https:\/\/agora.xtec.cat\/ceiplaulet\/wp-content\/uploads\/usu344\/2021\/02\/IMG_20210203_134541.jpg\"><img loading=\"lazy\" decoding=\"async\" class=\"alignnone size-large wp-image-1851\" src=\"https:\/\/agora.xtec.cat\/ceiplaulet\/wp-content\/uploads\/usu344\/2021\/02\/IMG_20210203_134541.jpg\" alt=\"\" width=\"640\" height=\"480\" \/><\/a> <a href=\"https:\/\/agora.xtec.cat\/ceiplaulet\/wp-content\/uploads\/usu344\/2021\/02\/IMG_20210203_134637.jpg\"><img loading=\"lazy\" decoding=\"async\" class=\"alignnone size-large wp-image-1852\" src=\"https:\/\/agora.xtec.cat\/ceiplaulet\/wp-content\/uploads\/usu344\/2021\/02\/IMG_20210203_134637.jpg\" alt=\"\" width=\"640\" height=\"480\" \/><\/a> <a href=\"https:\/\/agora.xtec.cat\/ceiplaulet\/wp-content\/uploads\/usu344\/2021\/02\/Exteriors-4.jpg\"><img loading=\"lazy\" decoding=\"async\" class=\"alignnone size-large wp-image-1860\" src=\"https:\/\/agora.xtec.cat\/ceiplaulet\/wp-content\/uploads\/usu344\/2021\/02\/Exteriors-4.jpg\" alt=\"\" width=\"640\" height=\"480\" \/><\/a><\/p>\n<p><strong>EN PITU I LA PITA<\/strong><\/p>\n<p><a href=\"https:\/\/agora.xtec.cat\/ceiplaulet\/wp-content\/uploads\/usu344\/2021\/02\/Pitu-i-Pita.jpg\"><img loading=\"lazy\" decoding=\"async\" class=\"size-full wp-image-1861 aligncenter\" src=\"https:\/\/agora.xtec.cat\/ceiplaulet\/wp-content\/uploads\/usu344\/2021\/02\/Pitu-i-Pita.jpg\" alt=\"\" width=\"480\" height=\"640\" \/><\/a><\/p>\n","protected":false},"excerpt":{"rendered":"<p>La nostra escola vista pels nostres alumnes. L\u2019AULA DE PL\u00c0STICA Est\u00e0 situada a baix, al costat de les aules d\u2019educaci\u00f3 infantil.\u00a0 Sempre est\u00e0 molt plena de material divers: pintures, pinzells, tisores, \u00a0papers, cartons, pots, fang, plastilina, robes\u2026.t\u00e9 una pica per poder rentar b\u00e9 els pinzells i tot el que s\u2019utilitza, tamb\u00e9 les mans ja que [&hellip;]<\/p>\n","protected":false},"author":1,"featured_media":0,"parent":22,"menu_order":40,"comment_status":"closed","ping_status":"closed","template":"page-templates\/side-menu.php","meta":{"_bbp_topic_count":0,"_bbp_reply_count":0,"_bbp_total_topic_count":0,"_bbp_total_reply_count":0,"_bbp_voice_count":0,"_bbp_anonymous_reply_count":0,"_bbp_topic_count_hidden":0,"_bbp_reply_count_hidden":0,"_bbp_forum_subforum_count":0,"site-sidebar-layout":"default","site-content-layout":"","ast-site-content-layout":"","site-content-style":"default","site-sidebar-style":"default","ast-global-header-display":"","ast-banner-title-visibility":"","ast-main-header-display":"","ast-hfb-above-header-display":"","ast-hfb-below-header-display":"","ast-hfb-mobile-header-display":"","site-post-title":"","ast-breadcrumbs-content":"","ast-featured-img":"","footer-sml-layout":"","theme-transparent-header-meta":"","adv-header-id-meta":"","stick-header-meta":"","header-above-stick-meta":"","header-main-stick-meta":"","header-below-stick-meta":"","astra-migrate-meta-layouts":"default","ast-page-background-enabled":"default","ast-page-background-meta":{"desktop":{"background-color":"var(--ast-global-color-4)","background-image":"","background-repeat":"repeat","background-position":"center center","background-size":"auto","background-attachment":"scroll","background-type":"","background-media":"","overlay-type":"","overlay-color":"","overlay-opacity":"","overlay-gradient":""},"tablet":{"background-color":"","background-image":"","background-repeat":"repeat","background-position":"center center","background-size":"auto","background-attachment":"scroll","background-type":"","background-media":"","overlay-type":"","overlay-color":"","overlay-opacity":"","overlay-gradient":""},"mobile":{"background-color":"","background-image":"","background-repeat":"repeat","background-position":"center center","background-size":"auto","background-attachment":"scroll","background-type":"","background-media":"","overlay-type":"","overlay-color":"","overlay-opacity":"","overlay-gradient":""}},"ast-content-background-meta":{"desktop":{"background-color":"var(--ast-global-color-5)","background-image":"","background-repeat":"repeat","background-position":"center center","background-size":"auto","background-attachment":"scroll","background-type":"","background-media":"","overlay-type":"","overlay-color":"","overlay-opacity":"","overlay-gradient":""},"tablet":{"background-color":"var(--ast-global-color-5)","background-image":"","background-repeat":"repeat","background-position":"center center","background-size":"auto","background-attachment":"scroll","background-type":"","background-media":"","overlay-type":"","overlay-color":"","overlay-opacity":"","overlay-gradient":""},"mobile":{"background-color":"var(--ast-global-color-5)","background-image":"","background-repeat":"repeat","background-position":"center center","background-size":"auto","background-attachment":"scroll","background-type":"","background-media":"","overlay-type":"","overlay-color":"","overlay-opacity":"","overlay-gradient":""}},"footnotes":""},"class_list":["post-30","page","type-page","status-publish","hentry"],"post_mailing_queue_ids":[],"_links":{"self":[{"href":"https:\/\/agora.xtec.cat\/ceiplaulet\/wp-json\/wp\/v2\/pages\/30","targetHints":{"allow":["GET"]}}],"collection":[{"href":"https:\/\/agora.xtec.cat\/ceiplaulet\/wp-json\/wp\/v2\/pages"}],"about":[{"href":"https:\/\/agora.xtec.cat\/ceiplaulet\/wp-json\/wp\/v2\/types\/page"}],"author":[{"embeddable":true,"href":"https:\/\/agora.xtec.cat\/ceiplaulet\/wp-json\/wp\/v2\/users\/1"}],"replies":[{"embeddable":true,"href":"https:\/\/agora.xtec.cat\/ceiplaulet\/wp-json\/wp\/v2\/comments?post=30"}],"version-history":[{"count":5,"href":"https:\/\/agora.xtec.cat\/ceiplaulet\/wp-json\/wp\/v2\/pages\/30\/revisions"}],"predecessor-version":[{"id":8075,"href":"https:\/\/agora.xtec.cat\/ceiplaulet\/wp-json\/wp\/v2\/pages\/30\/revisions\/8075"}],"up":[{"embeddable":true,"href":"https:\/\/agora.xtec.cat\/ceiplaulet\/wp-json\/wp\/v2\/pages\/22"}],"wp:attachment":[{"href":"https:\/\/agora.xtec.cat\/ceiplaulet\/wp-json\/wp\/v2\/media?parent=30"}],"curies":[{"name":"wp","href":"https:\/\/api.w.org\/{rel}","templated":true}]}}