{"id":30,"date":"2014-09-18T12:30:23","date_gmt":"2014-09-18T11:30:23","guid":{"rendered":"http:\/\/agora.xtec.cat\/ceiplatorreta\/?page_id=30"},"modified":"2021-02-11T01:26:04","modified_gmt":"2021-02-11T00:26:04","slug":"instal%c2%b7lacions","status":"publish","type":"page","link":"https:\/\/agora.xtec.cat\/ceiplatorreta\/lescola\/instal%c2%b7lacions\/","title":{"rendered":"Instal\u00b7lacions"},"content":{"rendered":"<p style=\"text-align: center;\">7\r\n\t<div class=\"slideshow_container slideshow_container_style-light\" style=\"height: 400px; \" data-slideshow-id=\"3045\" data-style-name=\"style-light\" data-style-version=\"2.3.1\" data-settings=\"{&quot;animation&quot;:&quot;slide&quot;,&quot;slideSpeed&quot;:&quot;1&quot;,&quot;descriptionSpeed&quot;:&quot;0.4&quot;,&quot;intervalSpeed&quot;:&quot;8&quot;,&quot;slidesPerView&quot;:&quot;1&quot;,&quot;maxWidth&quot;:&quot;0&quot;,&quot;aspectRatio&quot;:&quot;3:1&quot;,&quot;height&quot;:&quot;400&quot;,&quot;imageBehaviour&quot;:&quot;crop&quot;,&quot;showDescription&quot;:&quot;true&quot;,&quot;hideDescription&quot;:&quot;true&quot;,&quot;preserveSlideshowDimensions&quot;:&quot;false&quot;,&quot;enableResponsiveness&quot;:&quot;true&quot;,&quot;play&quot;:&quot;false&quot;,&quot;loop&quot;:&quot;true&quot;,&quot;pauseOnHover&quot;:&quot;true&quot;,&quot;controllable&quot;:&quot;true&quot;,&quot;hideNavigationButtons&quot;:&quot;true&quot;,&quot;showPagination&quot;:&quot;true&quot;,&quot;hidePagination&quot;:&quot;true&quot;,&quot;controlPanel&quot;:&quot;true&quot;,&quot;hideControlPanel&quot;:&quot;true&quot;,&quot;waitUntilLoaded&quot;:&quot;true&quot;,&quot;showLoadingIcon&quot;:&quot;true&quot;,&quot;random&quot;:&quot;false&quot;,&quot;avoidFilter&quot;:&quot;true&quot;}\">\r\n\r\n\t\t\t\t\t<div class=\"slideshow_loading_icon\"><\/div>\r\n\t\t\r\n\t\t<div class=\"slideshow_content\" style=\"display: none;\">\r\n\r\n\t\t\t<div class=\"slideshow_view\"><div class=\"slideshow_slide slideshow_slide_image\">\n        <a href=\"https:\/\/photos.google.com\/u\/3\/share\/AF1QipNSkzl87gPhJ7A-5Aou_8yhq_sCKFX6dDICyPSiwSJ-d3opqXk29lrqrj3RgJO3_Q\/photo\/AF1QipNomRLsvSOsXQMPBViujrN6ZUzPO8nhm9quvPiz?key=ZWRPalNhUVNiMVZSSFNNUGhOckg4UlhIc3FLZjlR\" target=\"_blank\">        <img src=\"https:\/\/lh3.googleusercontent.com\/L3Rsv2SBM-hEeIW1VVZZOmopK0ncOvpnbiOkl7haFuGnH5NugC4sFP5Q607c31_kRuBMjFnn6DmpNWT25eGYzLDwHOQ048giabKCaVYyaPu40asw6vk3U_1lX6NWtxKlHyLvEadVpeYNnQgQgswOJdHeq1tZ0TVBAWJSzMoWaNVVZVChkdus-sk8z0OWLqigM_xjwc78h8xDGy8LxjcSU7LUzUrOgcuJ1JNwzePCT_Ib6QNpv2awi24Sj5NZFYgpXdjXZggRkkBP8VLdGUhgvuYqCKxWh-8MM5b8Ft1Q4G1CTRn7SChKkFdnMtAViqd8Ud-dZ5-4NhGlPplWMk3zQCCJeKJ7g6B8yTE8-WHjLiBrJLqogy8Gco8yhnq-A2PcfIaDCQgB-K2eSHCWFXDPDBTjuiV5VPUHb-q8UAd0W3allZgHP8YxralUE8wvDxnM6tFHKDypUjeSdxiL3EeabbQBWrI9u4NDNpyWurdnN1ma6SpjXYgq7Q8n8nbNlGgN_qpt8XGZ6LjCQVBuYGcvLKeMPHnb6TVtez6Qwg53bMMnciYzGCJF6DJXcqQmAl05H4ffbpLaGeTuakH-2Vx7bsQwTIbaRDSfzZ--EvNekbrI5m9E1VKWveEuUjV3-RPjAho5iIFLhB1nTgGxw2iNMdFjkucUQuFqQ7mYwcweuutj9-r0XVOn8RAXS1XTviN5cvYWFzrjXaDiL7iDUgBAgTVe=w800-h600-no\" alt=\"\"   \/>\n        <\/a>        <div class=\"slideshow_description_box slideshow_transparent\">\n                                        <\/div>\n<\/div>\n\t\n<div style=\"clear: both;\"><\/div><\/div><div class=\"slideshow_view\"><div class=\"slideshow_slide slideshow_slide_image\">\n        <a href=\"https:\/\/photos.google.com\/u\/3\/share\/AF1QipNSkzl87gPhJ7A-5Aou_8yhq_sCKFX6dDICyPSiwSJ-d3opqXk29lrqrj3RgJO3_Q\/photo\/AF1QipMDG5hTMDp_FtG8g2nIHy-2e-u11PToCbIR82kx?key=ZWRPalNhUVNiMVZSSFNNUGhOckg4UlhIc3FLZjlR\" target=\"_blank\">        <img src=\"https:\/\/lh3.googleusercontent.com\/7dkhQcJCdA2s6WyJkAucELecO1DEWX93W_KyGcgOsZ4mh8QrJxQJ1kwFBWydEmhyTNLYFfalDN5Q_vT90mmAkM1fk8KBJev06Jjf528Ot20CGKidpnZcaiIHOSLzMyNovz5fL3o6-8vlNWh3V7iHmyWSf-RZQj3bEH85tNMcrsUwdtfqXpo4HqIQ9v9tyCoEO40MZ1FJ3faUa-R8J07_RtZKiGWQm8cSKzmEdmfbDUTB8Zde8Pjm2pPGLPT8x4sesRMRXKnasCOqHigaYGWHvBJ9cLx4m7vuKTkg978ENTqPcviisoPxMNbdXi6BJ0ZGzkTfdOL22b9MjfjFOQn0gDM0QjInn-m7bN5prssn-0tWVsUub7QooMhf8gP2mOyGatwupxHt3Q5k05-gAb0zLVoZzQy6LBejrt0HVPheK9GNd14x9Gz35FQo2AjrLcYd-0OiU1Dj4RdVPK53F73Cj4UDYxGmyq6WoNUWgg94C3VXKVdyf-p9dvq8U42ZkoZ_5jZVxhbUKaT7hyvkZSSlWBDzEy0pbR4e74YsMao5EkQOP4pKpRjv-GbFGaJr7Ke2L7v0aCwAOp-NnZ0HtXaFCr-1snhAYhh1QULrc1FiHbX1KWcG0-wIoRjFzB3DkoRhZSDQVbULljeuCM95ZK6Qwm_qIAEm6SxJE9UgK0omfUuIDu7gv3cNeo3TQTOJl7e4u-ym5TWcGowtEM6FFBopP5Xw=w800-h600-no\" alt=\"\"   \/>\n        <\/a>        <div class=\"slideshow_description_box slideshow_transparent\">\n                                        <\/div>\n<\/div>\n\t\n<div style=\"clear: both;\"><\/div><\/div><div class=\"slideshow_view\"><div class=\"slideshow_slide slideshow_slide_image\">\n        <a href=\"https:\/\/photos.google.com\/u\/3\/share\/AF1QipNSkzl87gPhJ7A-5Aou_8yhq_sCKFX6dDICyPSiwSJ-d3opqXk29lrqrj3RgJO3_Q\/photo\/AF1QipNagH-dBjOURB943DLOZsBqkNglXYqBr4u4id9O?key=ZWRPalNhUVNiMVZSSFNNUGhOckg4UlhIc3FLZjlR\" target=\"_blank\">        <img src=\"https:\/\/lh3.googleusercontent.com\/FmsdiCR5MgMUMsLKjyuU4QOI3wPaYCyanwGi95K9pwwdNPZoZT3y_IH55wV0EReuFCMJYIO9it2Dpr6q3I-_dAOi2ItPm6GYGmvw6iYDTS5eM1LJ3Lmh1TTwQNlvMn3kcaI6kIdGLp-LeIOngvWQroCKfJbfDnNUVotpIAKyVvem3U1MWn6gA5oaTkj2b2e8eq7M_jTZMBp3iZfodDVvpRJPwsfc40VWuiXScTJM40kYbAPg93ttZEYoPMM5HECu-1r1OP0eed7417Y8M2tGlKNkjkIx3duxm0zf2OGGTio8jyI_2r-Hc2ZoShk8et4Xjg6Tc_RkGQaExc_O5wo2M6IOQMM6xrA-NBNItHtLzHApWRZiWCRkoCEiQI5jALcmwAvpLj7OQEzhJIoraKDdkalur_0LnyMClGMfIE7R23ng5d0ffEvvwqFfcOkvVER7w4bdBW-06ST-4G10ispkJmHY-0Dy5th8iwJtNDsNZl_ku6G0PqCa-HE2nJFNWfnIvgLQ9vjUXoIV4XeMISnA3GQ_pzM8t9n5EqrK7gnQ-y-hwDzifMbWUwY8pf5_87P06kPprZX5_4MGD_EK-t-gY-S2cFMNunsYdM2J5mxvOBoFkeGNvbRB1JeooJTnGorINDyc-nO_1Z3Bh3BvHQrl9FXPKV8rUjYNLgETL_5ehSk2D4tBAXtIFwSD61De5exjN9sXstmWMmVCIs50-VJG8NXX=w800-h600-no\" alt=\"\"   \/>\n        <\/a>        <div class=\"slideshow_description_box slideshow_transparent\">\n                                        <\/div>\n<\/div>\n\t\n<div style=\"clear: both;\"><\/div><\/div><div class=\"slideshow_view\"><div class=\"slideshow_slide slideshow_slide_image\">\n        <a href=\"https:\/\/photos.google.com\/u\/3\/share\/AF1QipNSkzl87gPhJ7A-5Aou_8yhq_sCKFX6dDICyPSiwSJ-d3opqXk29lrqrj3RgJO3_Q\/photo\/AF1QipOY39Vb3t6LPMZTHgi6RrGiadZcX3T8f3HqIF1L?key=ZWRPalNhUVNiMVZSSFNNUGhOckg4UlhIc3FLZjlR\" target=\"_blank\">        <img src=\"https:\/\/lh3.googleusercontent.com\/FfACOVa8PN9f0MpsMFdVLhe1lBchiq4kBBTwghkR_VI3c_uX_MXgiDjUwggpahLXoj-Z7DHhgdLYE50bxMM1TrMHmCw64SPPXeoPeQWk8MdFwOmSWBdZ540E0ETyd5UoxxRMmChF3S70K8jkuUoyo39rbh478mb06tjaxWhUePPFQStJGhyyRzA0XCZf11u7pxJRvS9nDeQLlz2_6s_eTfT494bec2G9FqOdveC5XcSESBBG-6RaR7Qez6KTokvV8OYBWPmc64_dcfSQIrMkICG_QbabaHYx73Edtn249iCE376mT3GeraWG6H4fpVjR1OugkDt7VdA5ETl1vd3sF8JuHrLmvp60nW9W8yIkz_7-hfV01XpRM6Qb8Bn8kGaDQmsJOI8e5jSeTfx4S8Ki4XatZTBSmTPAtDvpUNmFvU4ROrY7trfUaZ1yGAXPKs6JXMzxZHLhfg9LmVsyLltIScogkB3t1TLp4tFYs_nUJzqaO0lNGtSc6qWfQCIBkLqsx2X6dN56GNTAImTRXmjB3p46n4ti77TrGRnnA0SZK36CN0MXbjFU8Q-CGiv14ksj-VGGjv4kGj2Ux-H1Mw4WpoUd2_Dwl_4Hrw27Bt0nVdpe5ofjnGgY2zZKbz9nSnjRE9wsmIaha0MXRvPkSwMH64V-zQRhTW_gTACl4XpYkl3mIOXzEQD_fHYXJeX2xMP4jwpBuqoEnCw4D6BjYlQgq0gf=w800-h600-no\" alt=\"\"   \/>\n        <\/a>        <div class=\"slideshow_description_box slideshow_transparent\">\n                                        <\/div>\n<\/div>\n\t\n<div style=\"clear: both;\"><\/div><\/div><div class=\"slideshow_view\"><div class=\"slideshow_slide slideshow_slide_image\">\n        <a href=\"https:\/\/photos.google.com\/u\/3\/share\/AF1QipNSkzl87gPhJ7A-5Aou_8yhq_sCKFX6dDICyPSiwSJ-d3opqXk29lrqrj3RgJO3_Q\/photo\/AF1QipOFkrVbM28g0Q1PcUzYGBpMaM14BREcXkDK-Lf8?key=ZWRPalNhUVNiMVZSSFNNUGhOckg4UlhIc3FLZjlR\" target=\"_blank\">        <img src=\"https:\/\/lh3.googleusercontent.com\/MXFnoJS5jeO5XCQMxhZw4tsQA44Hc72Yh5WasJu01UVK3yzrAYe_BN1oNU_KqxRBGuSYE76ITTAGHRJPTDIEk16phMkyp4vp2Ns9zpsrCHx50c-x_ypQa753kOkBSmxGnfybRl_1PlHR8UhpgB6DNyk99bGH5yS4tItXbQF-qTyLbsvb6A_0hQi3NbdV7WUZRajQ62Jnm3LKqJMxIPPWxDI3Yb9xTuWxiywFStJuv0k03-L9BASRg3hLluwYuH_0ti6gpO0ZiF9Ow80zzm__uilfs5itsiLQDwJ_hMoK-Gxmvd7Gf6fXgIm8la5bDwZO41bD1nh49HTRd-VYESrl1fLSZlqfv02spzhaP8eByoZSRS7GqCA1m-5ZF-vl1LTdv8VZIt6P5IkAhV2zNeYQcN3sZaRmSWHRS9F5V2gbunkiZhHhsYWPPT7bu4oyp1R7X4WnkigEekPerX-y7rofEFTOz-iuFoFRjEv0KbxoqFfJxUZm_gllXGls6cv8DenasVk1JWjRxTzu21UWovUn1RptC_ybjy-DYx-ew_N6KNTR0Xoc3fgrovOAMtK-xFz03mWN4zto8tW3CkNsfSCRkP3D8VKEEzu_JaZsSxsMbWkCsJBBugjYHzSPAlWx6aiqr8g2SGC-00l1Rk1X03AXqtUCcJjjUw1zou4pVzGHnMtZtzq15XvgQarowBRFpZJcjfkZ7L0fDnAGMh_poX8uGVhA=w800-h600-no\" alt=\"\"   \/>\n        <\/a>        <div class=\"slideshow_description_box slideshow_transparent\">\n                                        <\/div>\n<\/div>\n\t\n<div style=\"clear: both;\"><\/div><\/div><div class=\"slideshow_view\"><div class=\"slideshow_slide slideshow_slide_image\">\n        <a href=\"https:\/\/photos.google.com\/u\/3\/share\/AF1QipNSkzl87gPhJ7A-5Aou_8yhq_sCKFX6dDICyPSiwSJ-d3opqXk29lrqrj3RgJO3_Q\/photo\/AF1QipM-E6Zg2s2XnfHfilOXuagNtbyjpARmb8AVf_Ny?key=ZWRPalNhUVNiMVZSSFNNUGhOckg4UlhIc3FLZjlR\" target=\"_blank\">        <img src=\"https:\/\/lh3.googleusercontent.com\/_XXg8eHSMYjqygAIBwOeKhhP_iMDtMlgZ0lnyJWy4uhDou3JAebh0jkU1ZZs9BwwfqrEoB8SrDqh0C4Zmmh6DVgRoO3_A-_3nuzGYPaVEsX7_yJf15LPKcKI5iba5JWd8odwUUT6HhXFc1P6Q-rPFWkEutGsliPW8nVsbxdLrUMl-yRsx8hyObgWiDoKFL8seo1JVrPA5NJSDb12dcHVHhhGO26KUONH25OkRvMGDrxsjyulGlFcWbf5a1wglO6lRpxQS4H2aVX1IDddn4kVVUsVbxDBnw4RMXz3YZjT1n9dTVzeQvBM-X0X9B4_7JUlJvGT6_eH-V4FQAVGNllN9It7b49hbALYpTxplJsVjmTqWiHQxQL9FjOavaz5m4yfL4I-LwXJpM9sa7p63Lv0b3bghkue2wPbA8E1PKyhyz-MI6EjkBeSthcwf2J1Dj7_UhOUo8w4DZZbgg7r7LtKL0e7UrMVeq0ZmX4k3eL4bmn5O9NkyFySZVPZKFfpdWfYPv9dd--DQ6sGHd2e7fTjW61scnWHFuowNXOV1pNUIWezX5uRu_ojXL3ACrSWfon2ihfy9OZi3H1SdGCLn_HuVZqTNfYc_fO93guB9QxFZGw-vBVWirlUZ5swOzRu-ZftoO2IWOp7JvERvDy3WdjrmBMNGoDvgljKBX335HOAsDFvdKI0b0F3vI74O9wRH8yxBEp8xjuUl3khUTD0tncGXYA9=w800-h600-no\" alt=\"\"   \/>\n        <\/a>        <div class=\"slideshow_description_box slideshow_transparent\">\n                                        <\/div>\n<\/div>\n\t\n<div style=\"clear: both;\"><\/div><\/div><div class=\"slideshow_view\"><div class=\"slideshow_slide slideshow_slide_image\">\n        <a href=\"https:\/\/photos.google.com\/u\/3\/share\/AF1QipNSkzl87gPhJ7A-5Aou_8yhq_sCKFX6dDICyPSiwSJ-d3opqXk29lrqrj3RgJO3_Q\/photo\/AF1QipMDHl6jT2BpvHlvwu3K5ZfvHzz85fPorvNSZu2n?key=ZWRPalNhUVNiMVZSSFNNUGhOckg4UlhIc3FLZjlR\" target=\"_blank\">        <img src=\"https:\/\/lh3.googleusercontent.com\/FyssiRyQ3dj-tA0IpolZjYpxlCntkmoN27f0nS5eeOQeY-lpU9TpHkWk7QwivMFeKVLoS2NgxQimge4uaXTZ_zM8ozVJGjc6hgz-cXeMxixpe6rw5ZFeUsOvIgRlQ2cjc3GuA4fHFRNfr-nSoaltQlYNK288u-e7M59M6iXiTZlIHyDAUS3V_ZNRlzyH0ySAeTV7N983lOjtBAlQB4Ur7w0N_FchER55rTwzyvoEpzla3e8busqGGrBUlAFU11dq4oBeo1a6d65_FbRGhuc5NVk2XKBAjRMNojwatNLL6fm60RWIkeTvXcdsbub9f1z-p1b7EySab7pEYrBJJP4gNd_5hd9lmyNmsLwh8bVKvBodmVYzrPYzRQ-ws5ozDp2Zjp7vZo9cHFcsek4yafbVBUKdlePbfl0DnbizMTIP7vqivroAwBxM8jsXgW7Gtbrq0vdw6VXJsU1XDsfvRQUVH4gFDzwxLgUNg3p9d9Pa03gUgwL2gi5aQiCqXowPnr3UMAKhRXkMhd6P51ydW3k6tGIjYpc5cBLMrG6Gy9R-hJVJ0fEsIEXT2XTJFHco_igORJqv156f9V14XQS5sZ1AU0pQg3M3KZ35yaNLuMBSxVrYPZMI_sHo03BqWDToAuQGsIzXo--oi7QcFsVrN8Ll4bZ3KZ5FZZ3VctjY9GUze-1zRV9elzQAM-KgjLSPm-2K_r_Oae3PCxh-gtjLvZMTo579=w800-h600-no\" alt=\"\"   \/>\n        <\/a>        <div class=\"slideshow_description_box slideshow_transparent\">\n                                        <\/div>\n<\/div>\n\t\n<div style=\"clear: both;\"><\/div><\/div><div class=\"slideshow_view\"><div class=\"slideshow_slide slideshow_slide_image\">\n        <a href=\"https:\/\/photos.google.com\/u\/3\/share\/AF1QipNSkzl87gPhJ7A-5Aou_8yhq_sCKFX6dDICyPSiwSJ-d3opqXk29lrqrj3RgJO3_Q\/photo\/AF1QipPVqj_5Vj-L6OnpSlcZLHwhxXdu5zV99kS6ZUdk?key=ZWRPalNhUVNiMVZSSFNNUGhOckg4UlhIc3FLZjlR\" target=\"_blank\">        <img src=\"https:\/\/lh3.googleusercontent.com\/jAi7aHn-su4xLiTQl38TLHdCdHMRIY_osoX1FXG62gW78YU4Hk9XnnTzRbS_eOgA1qDHnxpu5wCy5eMgVezJJ8Qq-t1uzv5YZmRR0-HlIM_6yCf105-lr-4SwbgLjR_eDhB4_aVjKRL3JK5xHi_ANdMPpFVRYwNisBt_PhK9GrCjw_L-luRUusmIId9mvx_QvBbUGJ2j7LoaDunVMuQicBwNSSNkc9BzKRseDUOGA_5e642U3S4oqfZEINPMvMTPmPTxqSy3f7qwh62hGE8oOrtAt1DS-XSozr46MFmxj25rCJ2bwpgmPsg5wZ9AgyUrDLx2wTbOARNphfILkxYrrtLf4dt5NHJ5bGAgA43LscSlApBwq2tgdWulC7D2fwQHVTnntfQbGHPaoMhBzrlLRbbWxBYY9PL7knL5wvMf5JOEHB1ZbqAt5Zv5AbSY6rUDpIcXF7DM8m83ooBc8y5G8Wy9xvjVGiF1qCTJ9qSZNXEhe3B-NQ_EYSSVfCgD6cPEpekd5j-E0L7a6gquxXLqqg4_XxN-Rfa2NjxBHxTEoN2ZrZaJoZ1kXDGfEQUp9cRbgP8-i3Qydwc70R5h5tEeEFipdhxvJ7wkS7Z5D1kQmIhBYAFpgplMb6-qdLmdplY4xZR_ebzwZsDF2NYWqPgAJGnpHcEEqOnUNPi7cwLTi9DKf_INMQI2rD0mnZoIWw9v6D7A_6B9kI26ftQIBsZjt5vK=w800-h600-no\" alt=\"\"   \/>\n        <\/a>        <div class=\"slideshow_description_box slideshow_transparent\">\n                                        <\/div>\n<\/div>\n\t\n<div style=\"clear: both;\"><\/div><\/div><div class=\"slideshow_view\"><div class=\"slideshow_slide slideshow_slide_image\">\n        <a href=\"https:\/\/photos.google.com\/u\/3\/share\/AF1QipNSkzl87gPhJ7A-5Aou_8yhq_sCKFX6dDICyPSiwSJ-d3opqXk29lrqrj3RgJO3_Q\/photo\/AF1QipMMxakzesYl1ijuPRx_reWGMc6o1Zue_STlnu_N?key=ZWRPalNhUVNiMVZSSFNNUGhOckg4UlhIc3FLZjlR\" target=\"_blank\">        <img src=\"https:\/\/lh3.googleusercontent.com\/bmLqEsmRHWv-NMqc4jUBGQpSEdSczOQQ26P539CcscWxvpBZFT87tFmLl59qKk4tkAzoIMUPkUOEJr8ibdaKpMKbxSbffGExapMp2j-dh8EvZQt-xAJPY2ZCyiItBWEiKf_jl7YgEq5zkxylizq3Jq7_Qsven6DiU8k9tmJAK4Hj3ZG_p3g4phlzOUI0PmRgLG7Tq7ZXS6KXlL1YOs_gArE4zfeK9gCYYAJoBZE02baCUnTiEYxPADcnX7oVTc64sPnV0QjLvAagoRd11iKcVfeC0-FodxN1beAVGv3ekPqEJwbGQDDMv-zMd6p_-VLuGysTjQR4B577KJ3YxfvqTXVohPlUhosdvgSqHCbVuXzlzA76utEV7frYI4Ph6xqQD12jqsrRTBUa9U0TEbwhyhsgpsROFVRYhL7VbrKPI-ZUTnayVaHXhGAVMRYXYUugowSVRX2AtBVRQS3FRpBj5LjmOr21T8g0krLI2diDME_ojKVaiZmjovKEO4Jx3AyxJ-TtSXB7A4xmYaLXB6RModKz0u9Xt6KYsirv4QqSKiJ5FT2j3-6IRf9mC2W8qmvId_kWbE7h_EG83j1rDgzYllj1xKXk7oL5BSVupfEeP4RqKOnaGYYMAodqkgl7bV5MPaDSYCKmFatSBeOrcEYWQseacnjlE56jbGwvCm5dA9bevqXxNrtJC5cQJqXvUzwgBeFWsP0WxXAYRJCV5FhPr70y=w800-h600-no\" alt=\"\"   \/>\n        <\/a>        <div class=\"slideshow_description_box slideshow_transparent\">\n                                        <\/div>\n<\/div>\n\t\n<div style=\"clear: both;\"><\/div><\/div><div class=\"slideshow_view\"><div class=\"slideshow_slide slideshow_slide_image\">\n        <a href=\"https:\/\/photos.google.com\/u\/3\/share\/AF1QipNSkzl87gPhJ7A-5Aou_8yhq_sCKFX6dDICyPSiwSJ-d3opqXk29lrqrj3RgJO3_Q\/photo\/AF1QipPEUFbx8-nGpQ0ma4lYrkXiwgtY5CMmDuIWQiVs?key=ZWRPalNhUVNiMVZSSFNNUGhOckg4UlhIc3FLZjlR\" target=\"_blank\">        <img src=\"https:\/\/lh3.googleusercontent.com\/er0ux0LhTUq6TcdvU4AN95NeUpfqWwFemlAuzy7HHp6ywcm2EZL8PFcPz3DpKgGcI187T2wero3yZ93NwfTNHD4vWZqUtLQoXiEYKqprIhxIDNxwsu9bzBAZLjhTmTPHtuR-FKhyEgM6VkMUmSIsO3eew2m-X9uxmDMuGAIcnyyf_6_qwz-zhGNVIvdKD167u1QzKHn-DtlPeJV7aXbVGiACu7GIWGkBLQpy_ew5O2pCrmGgE4lTlXkdxJqtCByD11DIuxEx11AqKfj3oDU2An5OtCGP0Z3M-1HnyWj2rHtPEtmNwS4xCGtyVihjsV9GINwMCZWD3QeRTy0kLu60LALehtTxHfzqBnsJLlnIE3oK_Ds-JBXBx2KyULiKcawv8XcRAGfbkZOZG5g4vIFSoeGTBMPnPgZNuFZxZhMLc_3oD_kExrGVb3tmJRgI-LwXdNqgdJjOwV7XvmN8Nhk6jqgTqnJO8UXZRY23L1ZfgdNJKU-6YUE4uN2TTeN1d73hENUIhMOBx3kOZc88eRspjxV8yycfj0hJczTUO_OR7P4MRUEGY9fQA7Hg1AgKKRPyDu1_oTFrVYW00rAN-_l9ebL10n7BRVx0ePPXhvrDmZta7z6AC5-8xCT1WiBG5kws8BmdMt43wkUo5fLZ4jK2Iw2tl2EziosrTvHU0U4XGaFzoh23eM3xIU8MFjIJ3f6FKhpJ3mfyjTzi4yQVPRg2ZLB8=w800-h600-no\" alt=\"\"   \/>\n        <\/a>        <div class=\"slideshow_description_box slideshow_transparent\">\n                                        <\/div>\n<\/div>\n\t\n<div style=\"clear: both;\"><\/div><\/div><div class=\"slideshow_view\"><div class=\"slideshow_slide slideshow_slide_image\">\n        <a href=\"https:\/\/photos.google.com\/u\/3\/share\/AF1QipNSkzl87gPhJ7A-5Aou_8yhq_sCKFX6dDICyPSiwSJ-d3opqXk29lrqrj3RgJO3_Q\/photo\/AF1QipNUQGfZTN_vobEra9KSDkfoE2whQ3TTYU3TYF2X?key=ZWRPalNhUVNiMVZSSFNNUGhOckg4UlhIc3FLZjlR\" target=\"_blank\">        <img src=\"https:\/\/lh3.googleusercontent.com\/njBsdsXaGDPsSOAlQAslkdkk0Pb1malpOSSZE8EitamkNJAQV7xVtEJ8F-3iRNTbwjRwqhQDmR3Jtd3aArMWMh-L6hUVfY8Dc7CLu2oAyh7bhbYFzlnTJQLjJnXJB6GFsf-A7_Uo9VL2CqJ8U6dwHKg5q8maMlEf5JU2crp93GdRzwCgCUHRhHli8xMnemLnlgGh8OpyJDD1f4N65DTxfqm5Wt0nJaGxl3F8-hpok8SWzgfAmsIz7fQWdcge4c2RO2UzE5b282CLrX-YA18H6LtHZmWFMkubvidlr1DbVAbfPwYTmCaoXusOwIlkADz-5VwZfC-Z8FpwCf9v4o8fSrmrTxoybNpLhWjRHj2dYBVHuHXieu2XDQXhgg8elFYSty6BRHGoLhpxhVvplEa4pCsZ5w7v7pDxVx5carNx7ir0uYBTx0T-UMvgvksfPKgV5F9-XmdXj8h1vRbBIvJQbnxTkRt1uuYxyRVu67d8Vff1MLiZHls_kz616yUyr9ZR9fDxUerJyj-Pv2O0_jSgbhQvQijFPakswjfOLrmcKliQLWiehuRs0NYeW5kC11AgFtC6aRIwgq4I6nXyDGluemhEwm0lcV8vyEyGJ_EASXtxIyazieoLKwBl90yGoPmyndth36T4LgRaG_We6ihWHLS1djow3yVzIx1HEqV3w4udXQ2_QGbznjF5tm5ZX05KBeYcqC1pyqIb_BG2LQEzKFba=w800-h600-no\" alt=\"\"   \/>\n        <\/a>        <div class=\"slideshow_description_box slideshow_transparent\">\n                                        <\/div>\n<\/div>\n\t\n<div style=\"clear: both;\"><\/div><\/div><div class=\"slideshow_view\"><div class=\"slideshow_slide slideshow_slide_image\">\n        <a href=\"https:\/\/photos.google.com\/u\/3\/share\/AF1QipNSkzl87gPhJ7A-5Aou_8yhq_sCKFX6dDICyPSiwSJ-d3opqXk29lrqrj3RgJO3_Q\/photo\/AF1QipNYc0hGBJUQsh0paKF2Ta82Gob1pWQwmR9rkymN?key=ZWRPalNhUVNiMVZSSFNNUGhOckg4UlhIc3FLZjlR\" target=\"_blank\">        <img src=\"https:\/\/lh3.googleusercontent.com\/Ucujo8iQcsO-4Vdx7dtgO_1YgnT6ujl8AgCfkuCY97ThB2wAnO9qJnSPi0NV-bJVIpi88R8-nTduB91BEpQwHy0RRdf2BLkmNFgxch4veFIzQZ2Aq6q4dlgMyoBm_qS79--WFNr9i9uCJWBGK6J-Xi2JVftepfxn73UD9UoCBAS_srHuvoXDeDZXqgEBcN2Ps6AbxDHuMgnIsUoFuRW4duoxwUmNA6D59arzXt3ptO-m9lBN06L0vHqY_jnTFM3Q4003Qh3AaFwDyvE3ghRoGyK1Kd5ePWJRn0DvgXZd9FdB-tnf1Hqp4V6tb1a2HS-PhIxnT63xc6Vpq7C2vwKiLde5Ho14K-XSJwEH6Ue3qOCNjz4X9TMsidbpE2xccBN5q-AqLEgUQLxUw6eXQX49VOZeA1hPrRXjGTziAxGvNdu56LnIN9RWG3uXwwRJbU8mfgjoGHhNWPRVb8YeC30H3BPVOglQJG3eYGCofLj2JhM4YxiurVnlbZUgxtRbtU35eRVyGI-xHqdgQGorr7Y9f97IXZmm7VD0OSCNlFDu5mi01VGrafkqa1z2KxIeZneoKQpjoU-YvBsRam8RxYYHIsCaQv5-WvXowPQKuTsPg2DOI5WTQ4-20Ax0hocs2tlorVhiInGZJ1E1Z-Kc-V5QbSuzZZLVGjJ09lOKmvwiZqVuZs1C16tuZBsul73A5hcgShEtOjUYXEW-4RCAMiiJNug3=w800-h600-no\" alt=\"\"   \/>\n        <\/a>        <div class=\"slideshow_description_box slideshow_transparent\">\n                                        <\/div>\n<\/div>\n\t\n<div style=\"clear: both;\"><\/div><\/div><div class=\"slideshow_view\"><div class=\"slideshow_slide slideshow_slide_image\">\n        <a href=\"https:\/\/photos.google.com\/u\/3\/share\/AF1QipNSkzl87gPhJ7A-5Aou_8yhq_sCKFX6dDICyPSiwSJ-d3opqXk29lrqrj3RgJO3_Q\/photo\/AF1QipO1OktyiLUvsy9rrPNcFh9CvsjiB-jsOpSKqg03?key=ZWRPalNhUVNiMVZSSFNNUGhOckg4UlhIc3FLZjlR\" target=\"_blank\">        <img src=\"https:\/\/lh3.googleusercontent.com\/NdI6a3yAAWiUmXynjN6XQkGTn8YkN1dHQBsGQJPQy4cuFl5Birnd-RkZ8_BRNTDBYoPsjJyQF71qAHN1attYBY_UWsphCiGzm30HrJPWDbIhx8rZcdm4E9vYgNEP96InHQi3GbpR0v2prQHQ7Aj01ZiiCxkZwUv4giTopwYM3h1imOqvwuEOWpD2sie4V3oRlHlRz1GjGeRVwu2MBuT57QJ-oMPBf_ETFn4BbjWofREpweYFV3e4NF5X6A3G2QwW3jLFDMEFTF-q-fprbdbkM6clkNL8O-ELiy8aNQpSEXcZ6fwhtyww6Dcpl7GLSgO2md_00OsAaxML8WIshm9TH2-R89-VQQxbq-SG0fQar0PFWraVJJlg85wdu3YeEXASduloTbsT4Kl8yIK7KaVV7V_5e9vOvJoPZl0_QSvLu2ZV8CyrB0ls0n8t59_scKuxRj35eu_qefYYIEAk7fCmj1f_IgFKBv8Ue1eEEKcjihCqP5_7LXCxUUjW4p--iyNl2y2Sgl27aG0lilTd1nNQgdCWumz31Pc33v31hxh3up6twImrbKTy_4IK88oqK3HbdkMxULa1PLyjCPIU9L0pmoJS1kQ_NZtW_AOXJz4YXyuN1oUol0u0qvxUt2BnxINnq7vGg4_GQR6NmkZE7hc6oHLNIa5JUBH2DhkENibsR-j_3ZXQlTWLgs6PjcY6tdgc7BCm7Iixs8-oqCq-2a9Am7X4=w800-h600-no\" alt=\"\"   \/>\n        <\/a>        <div class=\"slideshow_description_box slideshow_transparent\">\n                                        <\/div>\n<\/div>\n\t\n<div style=\"clear: both;\"><\/div><\/div><div class=\"slideshow_view\"><div class=\"slideshow_slide slideshow_slide_image\">\n        <a href=\"https:\/\/photos.google.com\/u\/3\/share\/AF1QipNSkzl87gPhJ7A-5Aou_8yhq_sCKFX6dDICyPSiwSJ-d3opqXk29lrqrj3RgJO3_Q\/photo\/AF1QipPXaVVUmvyUu95mzfA6OVF1AXxUjisy5VrJiGCL?key=ZWRPalNhUVNiMVZSSFNNUGhOckg4UlhIc3FLZjlR\" target=\"_blank\">        <img src=\"https:\/\/lh3.googleusercontent.com\/jJdLNIsq76K1ATpbslUJqQkHPC33FX0tDcp3t3OBKw-Egu0nDJuPWI9GUDJG-T0aY885xEItWccFsXUBZtBWIrVQsvVRiAcImw_MpbHGO1BQykenruLNoChQhV7DDTopHWuBBa2-s_bmyMehE-NR2WwijxBz3efH5z4oUu_1Y3r9v7NdXktzrIKjdoiO-HXeEPsvO-zHTwbpYyEz1ilEhmkOxyiAnNUJs_CyJwka1hN3FWcMcZZQBNKeKCJzKgzrGXEF_Pf1Tz1GcgaQHS_2_8HzV2EZGBVH6abkvwffJxbppqyMZkYFAFYQaJRsZ6iCyVg40q-1cFnefJn8IYo2BI9jekd94eh2kRk_317Kw20ATBoNOS-5h5DExmi3fQB03VEAAQRyynh-xMoxxVnS-kl2lMtxYPQA7tZ4pmNdxBYQ7aMmsE00wVeofayGe5FPBFB4-AGjSBLaUgrifDSoGkvNvbxFET9xJ2nxqX-9XwKQRO1ARXDhy9aIC0kHmZVuoA7RfLenrY_x39FmNpeYZEeilrr2cfMQPc9qHVjv4isIUXpqMAsr_X7zCqguBiQEHB3kyjBEOeuCCwdjc9Wj1zTnrM9G16jWOldFkbnqyW-5Q6HIJvL3Brwpzp76IFJN9OzrCvkgUs1M_eF6CU6inmJ6v3Rdx1VxB2odQ1gClxXTC6YMjy1ifXLVrCry_uAxrHe6SkkbV2Cd7FrWdRy78LO5=w800-h600-no\" alt=\"\"   \/>\n        <\/a>        <div class=\"slideshow_description_box slideshow_transparent\">\n                                        <\/div>\n<\/div>\n\t\n<div style=\"clear: both;\"><\/div><\/div><div class=\"slideshow_view\"><div class=\"slideshow_slide slideshow_slide_image\">\n        <a href=\"https:\/\/photos.google.com\/u\/3\/share\/AF1QipNSkzl87gPhJ7A-5Aou_8yhq_sCKFX6dDICyPSiwSJ-d3opqXk29lrqrj3RgJO3_Q\/photo\/AF1QipPvOFLMkQ17KX7LQVPmhAa-YHv3pD3_LZ2w6BpB?key=ZWRPalNhUVNiMVZSSFNNUGhOckg4UlhIc3FLZjlR\" target=\"_blank\">        <img src=\"https:\/\/lh3.googleusercontent.com\/p1MbptBgPNVR1rAQpOOgBKqB-QrA4_0gx1CYVQrM2k_IHpSV1r5hB_sPth2O2c0aMs9NYTyk1lMP88ILzR7LUDP4aTv86-SLIOqORFFeq5cc2rLXbiJ8xjfYJSLu_MOupEmgFMu5Ej3d3glEZiA2_JO83TC5cAi8J-AiMlxk2IqIodjGDZ6JsRkfIukRvGfex3fWJX_xZ9Q3unqRDOeYgBFakHQPyj-6E59ZIR_owztAvYFifjW2FvxwebSN1gOwTgxWljg1yBRs_HDLutsnhctkq3rrAsdKEJViK8-fiFQ4GWWWPSXBGPDu249ClkaTRdsZ6DtkSgjmrA0uA_FE5Ylns3Vju8AcfXNownGhnOHw8LcphPuVB1P-Vv5iLzMD-XbXcxxT7PcX7PJTW4gbAavBTKRIfZEC380tTbAma0HaxrkW47Shv2GAJHHMYFVgqa7Bd_sLwQ-AKG8XJ3adO1KcoUUer_g4ZNugM9mHX9ln52TF4guIfDkgnpEE4Okv1YTVgYRPAM1v7aaP1CNf1qnNfErocWBgjlWbeBoAKl-Zg-ngylslnoczOc-5cTTFFgAKs-s-NXksPgmIlyvrOxrE6GLkh3GXiGHCMFODkoLzCGigUSEdwb1HIRQziP8C3qXzpa0PWAOB36q-ZROmB3tUD2ZqSdYpqEYwMf7Qr47NH6LUQ_TtYDZKdjHHYddspf69owzWGhLNKPmCygNieHOR=w800-h600-no\" alt=\"\"   \/>\n        <\/a>        <div class=\"slideshow_description_box slideshow_transparent\">\n                                        <\/div>\n<\/div>\n\t\n<div style=\"clear: both;\"><\/div><\/div>\r\n\t\t<\/div>\r\n\r\n\t\t<div class=\"slideshow_controlPanel slideshow_transparent\" style=\"display: none;\"><ul><li class=\"slideshow_togglePlay\" data-play-text=\"Visualitza\" data-pause-text=\"Pausa\"><\/li><\/ul><\/div>\r\n\r\n\t\t<div class=\"slideshow_button slideshow_previous slideshow_transparent\" role=\"button\" data-previous-text=\"Anterior\" style=\"display: none;\"><\/div>\r\n\t\t<div class=\"slideshow_button slideshow_next slideshow_transparent\" role=\"button\" data-next-text=\"Seg\u00fcent\" style=\"display: none;\"><\/div>\r\n\r\n\t\t<div class=\"slideshow_pagination\" style=\"display: none;\" data-go-to-text=\"V\u00e9s a la diapositiva\"><div class=\"slideshow_pagination_center\"><\/div><\/div>\r\n\r\n\t\t<!-- WordPress Slideshow Version 2.3.1 -->\r\n\r\n\t\t\t<\/div>\r\n\r\n<\/p>\n<ul>\n<li>6 aules d&#8217;educaci\u00f3 infantil, especialment dotades.<\/li>\n<li>12 aules d\u2019educaci\u00f3 prim\u00e0ria.<\/li>\n<li>Un aula per fer psicomotricitat i altres activitats de gran grup.<\/li>\n<li>Pati exclusiu per alumnes d&#8217;Educaci\u00f3 Infantil.<\/li>\n<li>Pati amb pistes esportives i gimn\u00e0s per alumnes de Prim\u00e0ria.<\/li>\n<li>Una aula d&#8217;inform\u00e0tica.<\/li>\n<li>Aula de m\u00fasica, pl\u00e0stica, angl\u00e8s i una biblioteca.<\/li>\n<li>Dues aules d&#8217;educaci\u00f3 especial i tres aules per treballar en petits grups.<\/li>\n<li>Un menjador amb cuina pr\u00f2pia.<\/li>\n<\/ul>\n<p>&nbsp;<\/p>\n","protected":false},"excerpt":{"rendered":"<p>7<\/p>\n<p>        <a href=\"https:\/\/photos.google.com\/u\/3\/share\/AF1QipNSkzl87gPhJ7A-5Aou_8yhq_sCKFX6dDICyPSiwSJ-d3opqXk29lrqrj3RgJO3_Q\/photo\/AF1QipNomRLsvSOsXQMPBViujrN6ZUzPO8nhm9quvPiz?key=ZWRPalNhUVNiMVZSSFNNUGhOckg4UlhIc3FLZjlR\" target=\"_blank\"><br \/>\n        <\/a><br \/>\n          &hellip;  <a href=\"https:\/\/agora.xtec.cat\/ceiplatorreta\/lescola\/instal%c2%b7lacions\/\" title=\"Read Instal\u00b7lacions\">Llegeix m\u00e9s\u00bb<\/a><\/p>\n","protected":false},"author":1,"featured_media":0,"parent":22,"menu_order":7,"comment_status":"closed","ping_status":"closed","template":"page-templates\/side-menu.php","meta":{"_bbp_topic_count":0,"_bbp_reply_count":0,"_bbp_total_topic_count":0,"_bbp_total_reply_count":0,"_bbp_voice_count":0,"_bbp_anonymous_reply_count":0,"_bbp_topic_count_hidden":0,"_bbp_reply_count_hidden":0,"_bbp_forum_subforum_count":0,"footnotes":""},"class_list":["post-30","page","type-page","status-publish","hentry"],"post_mailing_queue_ids":[],"_links":{"self":[{"href":"https:\/\/agora.xtec.cat\/ceiplatorreta\/wp-json\/wp\/v2\/pages\/30","targetHints":{"allow":["GET"]}}],"collection":[{"href":"https:\/\/agora.xtec.cat\/ceiplatorreta\/wp-json\/wp\/v2\/pages"}],"about":[{"href":"https:\/\/agora.xtec.cat\/ceiplatorreta\/wp-json\/wp\/v2\/types\/page"}],"author":[{"embeddable":true,"href":"https:\/\/agora.xtec.cat\/ceiplatorreta\/wp-json\/wp\/v2\/users\/1"}],"replies":[{"embeddable":true,"href":"https:\/\/agora.xtec.cat\/ceiplatorreta\/wp-json\/wp\/v2\/comments?post=30"}],"version-history":[{"count":3,"href":"https:\/\/agora.xtec.cat\/ceiplatorreta\/wp-json\/wp\/v2\/pages\/30\/revisions"}],"predecessor-version":[{"id":5983,"href":"https:\/\/agora.xtec.cat\/ceiplatorreta\/wp-json\/wp\/v2\/pages\/30\/revisions\/5983"}],"up":[{"embeddable":true,"href":"https:\/\/agora.xtec.cat\/ceiplatorreta\/wp-json\/wp\/v2\/pages\/22"}],"wp:attachment":[{"href":"https:\/\/agora.xtec.cat\/ceiplatorreta\/wp-json\/wp\/v2\/media?parent=30"}],"curies":[{"name":"wp","href":"https:\/\/api.w.org\/{rel}","templated":true}]}}