{"id":2068,"date":"2019-06-26T12:09:54","date_gmt":"2019-06-26T10:09:54","guid":{"rendered":"http:\/\/agora.xtec.cat\/ceiplasinia\/?page_id=2068"},"modified":"2025-06-25T13:15:25","modified_gmt":"2025-06-25T11:15:25","slug":"llibres-i-quaderns","status":"publish","type":"page","link":"https:\/\/agora.xtec.cat\/ceiplasinia\/lescola\/llibres-i-quaderns\/","title":{"rendered":"Llibres i quaderns"},"content":{"rendered":"<p>A la nostra escola apostem pels llibre socialitzats, d&#8217;aquesta manera abarateix el cost del llibre i s&#8217;allarga la seva vida. A banda dels llibres socialitzats hi ha cursos on es fan servir quaderns fungibles.<\/p>\n<p>A continuaci\u00f3 teniu el llistat de llibres i quaderns que fem \u00fas.<\/p>\n<table width=\"596\">\n<tbody>\n<tr>\n<td colspan=\"2\" width=\"596\">\n<h4><strong>LLISTAT DE LLIBRES CURS 25-26<\/strong><\/h4>\n<\/td>\n<\/tr>\n<tr>\n<td><strong>1r.<\/strong><\/td>\n<td><\/td>\n<\/tr>\n<tr>\n<td><\/td>\n<td><\/td>\n<\/tr>\n<tr>\n<td>1r EP QUADERN TRA\u00c7OS (2014)<\/td>\n<td>Cru\u00eflla<\/td>\n<\/tr>\n<tr>\n<td>Quadernet PRACTICAMAT 1r &#8211;<\/td>\n<td>Vicens Vives<\/td>\n<\/tr>\n<tr>\n<td>Matem\u00e0tiques competencials 1r &#8211;<\/td>\n<td>Vicens Vives<\/td>\n<\/tr>\n<tr>\n<td>M\u00d3N ORTOGR\u00c0FIC 1r (per dos cursos)<\/td>\n<td>Barcanova<\/td>\n<\/tr>\n<tr>\n<td>Quadernet de catal\u00e0 Teide \u00daS PR\u00c0CTIC-B\u00c0SIC (per dos cursos)<\/td>\n<td>Teide<\/td>\n<\/tr>\n<tr>\n<td>Bufi 1 Lectures en catal\u00e0 (Socialitzat)<\/td>\n<td>Vicens Vives<\/td>\n<\/tr>\n<tr>\n<td>Medi natural i social 1r (Socialitzat)<\/td>\n<td>Vicens Vives<\/td>\n<\/tr>\n<tr>\n<td>ALL ABOUT US NOW (ACTIVITY BOOK) 1 (Fungible)<\/td>\n<td>Oxford<\/td>\n<\/tr>\n<tr>\n<td>Projecte TRAM &#8211; Lectures (Socialitzat)<\/td>\n<td>Text La Galera<\/td>\n<\/tr>\n<tr>\n<td><\/td>\n<td><\/td>\n<\/tr>\n<tr>\n<td><strong>2n<\/strong><\/td>\n<td><\/td>\n<\/tr>\n<tr>\n<td>M\u00d3N ORTOGR\u00c0FIC 1r<\/td>\n<td>Barcanova<\/td>\n<\/tr>\n<tr>\n<td>Matem\u00e0tiques competencials 2n<\/td>\n<td>Vicens Vives<\/td>\n<\/tr>\n<tr>\n<td>Quadernet PRACTICAMAT 2n<\/td>\n<td>Vicens Vives<\/td>\n<\/tr>\n<tr>\n<td>Quadernet de catal\u00e0 Teide \u00daS PR\u00c0CTIC-B\u00c0SIC<\/td>\n<td>Teide<\/td>\n<\/tr>\n<tr>\n<td>Bufi 2 Lectures en catal\u00e0 (Socialitzat)<\/td>\n<td>Vicens Vives<\/td>\n<\/tr>\n<tr>\n<td>Medi natural i social 2n (Socialitzat)<\/td>\n<td>Vicens Vives<\/td>\n<\/tr>\n<tr>\n<td>Projecte TRAM &#8211; Lectures (Socialitzat)<\/td>\n<td>Text La Galera<\/td>\n<\/tr>\n<tr>\n<td>ALL ABOUT US NOW (ACTIVITY BOOK) 2 (Fungible)<\/td>\n<td>Oxford<\/td>\n<\/tr>\n<tr>\n<td><\/td>\n<td><\/td>\n<\/tr>\n<tr>\n<td><strong>3r.<\/strong><\/td>\n<td><\/td>\n<\/tr>\n<tr>\n<td>M\u00f3n ortogr\u00e0fic 3<\/td>\n<td>Barcanova<\/td>\n<\/tr>\n<tr>\n<td>L.CAST.-3. &#8211; Nuevas voces (Socialitzat)<\/td>\n<td>Santillana<\/td>\n<\/tr>\n<tr>\n<td>Revola. LLENGUA CATALANA I Literatura 3\u00a0 (Socialitzat)<\/td>\n<td>Cru\u00eflla<\/td>\n<\/tr>\n<tr>\n<td>Matem\u00e0tiques 3r\u00a0\u00a0 (Socialitzat)<\/td>\n<td>Vicens Vives<\/td>\n<\/tr>\n<tr>\n<td>Medi Natural &#8211; Projecte Saber Fer\u00a0 (Socialitzat)<\/td>\n<td>Santillana<\/td>\n<\/tr>\n<tr>\n<td>Medi Social &#8211; Projecte Saber Fer\u00a0 (Socialitzat)<\/td>\n<td>Santillana<\/td>\n<\/tr>\n<tr>\n<td>ALL ABOUT US NOW (ACTIVITY BOOK) 3\u00a0 (Fungible)<\/td>\n<td>Oxford<\/td>\n<\/tr>\n<tr>\n<td><\/td>\n<td><\/td>\n<\/tr>\n<tr>\n<td><strong>4t<\/strong><\/td>\n<td><\/td>\n<\/tr>\n<tr>\n<td>M\u00f3n ortogr\u00e0fic 3<\/td>\n<td>Barcanova<\/td>\n<\/tr>\n<tr>\n<td>Matem\u00e0tiques 4t\u00a0 (Socialitzat)<\/td>\n<td>Vicens Vives<\/td>\n<\/tr>\n<tr>\n<td>Revola. LLENGUA CATALANA I Literatura 3\u00a0 (Socialitzat)<\/td>\n<td>Cru\u00eflla<\/td>\n<\/tr>\n<tr>\n<td>L.CAST. &#8211; Nuevas voces\u00a0 (Socialitzat)<\/td>\n<td>Santillana<\/td>\n<\/tr>\n<tr>\n<td>ALL ABOUT US NOW\u00a0 4 (Socialitzat)<\/td>\n<td>Oxford<\/td>\n<\/tr>\n<tr>\n<td>Medi Natural Projecte Saber Fer (Socialitzat)<\/td>\n<td>Santillana<\/td>\n<\/tr>\n<tr>\n<td>Medi Social Projecte Saber Fer (Socialitzat)<\/td>\n<td>Santillana<\/td>\n<\/tr>\n<tr>\n<td><\/td>\n<td><\/td>\n<\/tr>\n<tr>\n<td><strong>5\u00e8<\/strong><\/td>\n<td><\/td>\n<\/tr>\n<tr>\n<td>Matem\u00e0tiques 5\u00e8 (Socialitzat)<\/td>\n<td>Vicens Vives<\/td>\n<\/tr>\n<tr>\n<td>Ll. catalana\u00a0\u00a0 5\u00e8\u00a0 (Socialitzat)<\/td>\n<td>Santillana<\/td>\n<\/tr>\n<tr>\n<td>Lengua Acentos Construyendo Mundos 5\u00e8 (Socialitzat)<\/td>\n<td>Santillana<\/td>\n<\/tr>\n<tr>\n<td>M\u00f3n ortogr\u00e0fic n\u00ba 5 (per dos cursos)<\/td>\n<td>Barcanova<\/td>\n<\/tr>\n<tr>\n<td>ALL ABOUT US NOW\u00a0 5 (Socialitzat)<\/td>\n<td>Oxford<\/td>\n<\/tr>\n<tr>\n<td>Coneixement del Medi Construint Mons 5\u00e8 (Socialitzat)<\/td>\n<td>Santillana<\/td>\n<\/tr>\n<tr>\n<td><\/td>\n<td><\/td>\n<\/tr>\n<tr>\n<td><strong>6\u00e8<\/strong><\/td>\n<td><\/td>\n<\/tr>\n<tr>\n<td>M\u00f3n ortogr\u00e0fic n\u00ba 5<\/td>\n<td>Barcanova<\/td>\n<\/tr>\n<tr>\n<td>Ll. catalana\u00a0\u00a0 6\u00e8\u00a0 (Socialitzat)<\/td>\n<td>Santillana<\/td>\n<\/tr>\n<tr>\n<td>Matem\u00e0tiques 6\u00e8\u00a0 (Socialitzat)<\/td>\n<td>Vicens Vives<\/td>\n<\/tr>\n<tr>\n<td>Lengua Acentos Construyendo Mundos 6\u00e8 (Socialitzat)<\/td>\n<td>Santillana<\/td>\n<\/tr>\n<tr>\n<td>ALL ABOUT US NOW 6 (Socialitzat)<\/td>\n<td>Oxford<\/td>\n<\/tr>\n<tr>\n<td>Coneixement del Medi Construint Mons 6\u00e8 (Socialitzat)<\/td>\n<td>Santillana<\/td>\n<\/tr>\n<tr>\n<td><\/td>\n<td><\/td>\n<\/tr>\n<\/tbody>\n<\/table>\n<p>&nbsp;<\/p>\n","protected":false},"excerpt":{"rendered":"<p>A la nostra escola apostem pels llibre socialitzats, d&#8217;aquesta manera abarateix el cost del llibre i s&#8217;allarga la seva vida. A banda dels llibres socialitzats hi ha cursos on es fan servir quaderns fungibles.<br \/>\nA continuaci\u00f3 teniu el llistat de llibres i quaderns que fem \u00fas.<\/p>\n<p>LLISTAT&hellip;  <a href=\"https:\/\/agora.xtec.cat\/ceiplasinia\/lescola\/llibres-i-quaderns\/\" title=\"Read Llibres i quaderns\">Llegeix m\u00e9s\u00bb<\/a><\/p>\n","protected":false},"author":4,"featured_media":0,"parent":22,"menu_order":0,"comment_status":"closed","ping_status":"closed","template":"page-templates\/side-menu.php","meta":{"_bbp_topic_count":0,"_bbp_reply_count":0,"_bbp_total_topic_count":0,"_bbp_total_reply_count":0,"_bbp_voice_count":0,"_bbp_anonymous_reply_count":0,"_bbp_topic_count_hidden":0,"_bbp_reply_count_hidden":0,"_bbp_forum_subforum_count":0,"footnotes":""},"class_list":["post-2068","page","type-page","status-publish","hentry"],"post_mailing_queue_ids":[],"_links":{"self":[{"href":"https:\/\/agora.xtec.cat\/ceiplasinia\/wp-json\/wp\/v2\/pages\/2068","targetHints":{"allow":["GET"]}}],"collection":[{"href":"https:\/\/agora.xtec.cat\/ceiplasinia\/wp-json\/wp\/v2\/pages"}],"about":[{"href":"https:\/\/agora.xtec.cat\/ceiplasinia\/wp-json\/wp\/v2\/types\/page"}],"author":[{"embeddable":true,"href":"https:\/\/agora.xtec.cat\/ceiplasinia\/wp-json\/wp\/v2\/users\/4"}],"replies":[{"embeddable":true,"href":"https:\/\/agora.xtec.cat\/ceiplasinia\/wp-json\/wp\/v2\/comments?post=2068"}],"version-history":[{"count":4,"href":"https:\/\/agora.xtec.cat\/ceiplasinia\/wp-json\/wp\/v2\/pages\/2068\/revisions"}],"predecessor-version":[{"id":4173,"href":"https:\/\/agora.xtec.cat\/ceiplasinia\/wp-json\/wp\/v2\/pages\/2068\/revisions\/4173"}],"up":[{"embeddable":true,"href":"https:\/\/agora.xtec.cat\/ceiplasinia\/wp-json\/wp\/v2\/pages\/22"}],"wp:attachment":[{"href":"https:\/\/agora.xtec.cat\/ceiplasinia\/wp-json\/wp\/v2\/media?parent=2068"}],"curies":[{"name":"wp","href":"https:\/\/api.w.org\/{rel}","templated":true}]}}