{"id":34,"date":"2014-09-18T12:32:18","date_gmt":"2014-09-18T11:32:18","guid":{"rendered":"http:\/\/agora.xtec.cat\/ceiplarouredasabadell\/?page_id=34"},"modified":"2024-03-22T10:13:41","modified_gmt":"2024-03-22T09:13:41","slug":"oferta-educativa","status":"publish","type":"page","link":"https:\/\/agora.xtec.cat\/ceiplarouredasabadell\/lescola\/oferta-educativa\/","title":{"rendered":"Estrat\u00e8gia digital de centre"},"content":{"rendered":"<h4>Aqu\u00ed podeu veure unes pinzellades sobre l&#8217;Estrat\u00e8gia digital del nostre centre, per\u00f2 per <span class=\"C9DxTc \">trobar tota la informaci\u00f3 heu de clicar al <a href=\"https:\/\/sites.google.com\/view\/escolaroureda\/p%C3%A0gina-principal\"><span style=\"text-decoration: underline;\">seg\u00fcent <\/span><\/a><\/span><span style=\"text-decoration: underline;\"><strong><span class=\"C9DxTc aw5Odc \">enlla\u00e7.<\/span><\/strong><\/span><\/h4>\n<p>&nbsp;<\/p>\n<p><a href=\"https:\/\/drive.google.com\/file\/d\/1HdK7Un9kJCL_OAfSpkSsiqinECjVY6SY\/view?usp=sharing\"><strong>https:\/\/drive.google.com\/file\/d\/1HdK7Un9kJCL_OAfSpkSsiqinECjVY6SY\/view?usp=sharing<\/strong><\/a><\/p>\n<p>&nbsp;<\/p>\n<p>&nbsp;<\/p>\n<p>&nbsp;<\/p>\n<div><\/div>\n<div><\/div>\n<div><\/div>\n<div><\/div>\n<div><\/div>\n<div><\/div>\n<div><span style=\"color: #ffffff;\">.<\/span><\/div>\n<div><span style=\"color: #ffffff;\">.<\/span><\/div>\n<div><span style=\"color: #ffffff;\">.<\/span><\/div>\n<div><\/div>\n<div><\/div>\n<div style=\"text-align: center;\"><a href=\"https:\/\/agora.xtec.cat\/ceiplarouredasabadell\/lescola\/\"><img loading=\"lazy\" decoding=\"async\" class=\"aligncenter wp-image-614 size-full\" src=\"https:\/\/agora.xtec.cat\/ceiplarouredasabadell\/wp-content\/uploads\/usu2401\/2023\/10\/flecha-imagen-animada-0358.gif\" alt=\"\" width=\"50\" height=\"32\" \/><\/a><\/div>\n","protected":false},"excerpt":{"rendered":"<p>Aqu\u00ed podeu veure unes pinzellades sobre l&#8217;Estrat\u00e8gia digital del nostre centre, per\u00f2 per trobar tota la informaci\u00f3 heu de clicar al <a href=\"https:\/\/sites.google.com\/view\/escolaroureda\/p%C3%A0gina-principal\">seg\u00fcent <\/a>enlla\u00e7.<br \/>\n&nbsp;<br \/>\n<a href=\"https:\/\/drive.google.com\/file\/d\/1HdK7Un9kJCL_OAfSpkSsiqinECjVY6SY\/view?usp=sharing\">https:\/\/drive.google.com\/file\/d\/1HdK7Un9kJCL_OAfSpkSsiqinECjVY6SY\/view?usp=sharing<\/a><br \/>\n&nbsp;<br \/>\n&nbsp;<br \/>\n&nbsp;<\/p>\n<p>.<br \/>\n.<br \/>\n.<\/p>\n<p><a href=\"https:\/\/agora.xtec.cat\/ceiplarouredasabadell\/lescola\/\"><\/a><\/p>\n","protected":false},"author":1,"featured_media":0,"parent":22,"menu_order":60,"comment_status":"closed","ping_status":"closed","template":"page-templates\/side-menu.php","meta":{"_bbp_topic_count":0,"_bbp_reply_count":0,"_bbp_total_topic_count":0,"_bbp_total_reply_count":0,"_bbp_voice_count":0,"_bbp_anonymous_reply_count":0,"_bbp_topic_count_hidden":0,"_bbp_reply_count_hidden":0,"_bbp_forum_subforum_count":0,"footnotes":""},"class_list":["post-34","page","type-page","status-publish","hentry"],"post_mailing_queue_ids":[],"_links":{"self":[{"href":"https:\/\/agora.xtec.cat\/ceiplarouredasabadell\/wp-json\/wp\/v2\/pages\/34","targetHints":{"allow":["GET"]}}],"collection":[{"href":"https:\/\/agora.xtec.cat\/ceiplarouredasabadell\/wp-json\/wp\/v2\/pages"}],"about":[{"href":"https:\/\/agora.xtec.cat\/ceiplarouredasabadell\/wp-json\/wp\/v2\/types\/page"}],"author":[{"embeddable":true,"href":"https:\/\/agora.xtec.cat\/ceiplarouredasabadell\/wp-json\/wp\/v2\/users\/1"}],"replies":[{"embeddable":true,"href":"https:\/\/agora.xtec.cat\/ceiplarouredasabadell\/wp-json\/wp\/v2\/comments?post=34"}],"version-history":[{"count":6,"href":"https:\/\/agora.xtec.cat\/ceiplarouredasabadell\/wp-json\/wp\/v2\/pages\/34\/revisions"}],"predecessor-version":[{"id":1616,"href":"https:\/\/agora.xtec.cat\/ceiplarouredasabadell\/wp-json\/wp\/v2\/pages\/34\/revisions\/1616"}],"up":[{"embeddable":true,"href":"https:\/\/agora.xtec.cat\/ceiplarouredasabadell\/wp-json\/wp\/v2\/pages\/22"}],"wp:attachment":[{"href":"https:\/\/agora.xtec.cat\/ceiplarouredasabadell\/wp-json\/wp\/v2\/media?parent=34"}],"curies":[{"name":"wp","href":"https:\/\/api.w.org\/{rel}","templated":true}]}}