{"id":28,"date":"2014-09-18T12:29:35","date_gmt":"2014-09-18T11:29:35","guid":{"rendered":"http:\/\/agora.xtec.cat\/ceiplarouredasabadell\/?page_id=28"},"modified":"2025-09-30T15:37:57","modified_gmt":"2025-09-30T13:37:57","slug":"consell-escolar","status":"publish","type":"page","link":"https:\/\/agora.xtec.cat\/ceiplarouredasabadell\/lescola\/consell-escolar\/","title":{"rendered":"Consell escolar"},"content":{"rendered":"<p class=\"CDt4Ke zfr3Q\" dir=\"ltr\"><strong>DIRECTORA<\/strong>: Laia Ruaix Pujadas<\/p>\n<p class=\"CDt4Ke zfr3Q\" dir=\"ltr\"><strong>CAP D\u2019ESTUDIS<\/strong>: M\u00edriam Cuin\u00e9 Alonso<\/p>\n<p class=\"CDt4Ke zfr3Q\" dir=\"ltr\"><strong>SECRET\u00c0RIA<\/strong>: Ana M Leibar Celis<\/p>\n<p class=\"CDt4Ke zfr3Q\" dir=\"ltr\"><strong>REPRESENTANTS SECTOR MESTRES<\/strong>:<\/p>\n<p class=\"CDt4Ke zfr3Q\" dir=\"ltr\">Isabel Salvador<\/p>\n<p dir=\"ltr\">Marta S\u00e1nchez Tobarra<\/p>\n<p dir=\"ltr\">Eva Vives<\/p>\n<p dir=\"ltr\">Marta Torrej\u00f3n<\/p>\n<p class=\"CDt4Ke zfr3Q\" dir=\"ltr\">Maria Jos\u00e9 Gonz\u00e1lez P\u00e9rez<\/p>\n<p class=\"CDt4Ke zfr3Q\" dir=\"ltr\">Berta Gilbert Dom\u00e8nech<\/p>\n<p class=\"CDt4Ke zfr3Q\" dir=\"ltr\"><strong>REPRESENTANTS SECTOR FAM\u00cdLIES<\/strong>:<\/p>\n<p class=\"CDt4Ke zfr3Q\" dir=\"ltr\">Cristina Nocete Victoria<\/p>\n<p class=\"CDt4Ke zfr3Q\" dir=\"ltr\">Yurena P\u00e9rez Bretons<\/p>\n<p class=\"CDt4Ke zfr3Q\" dir=\"ltr\"><strong>REPRESENTANT AFA:<\/strong> Celine Anne de Namur<\/p>\n<p class=\"CDt4Ke zfr3Q\" dir=\"ltr\"><strong>REPRESENTANT SECTOR PAS<\/strong>: Pau Rigol<\/p>\n<p class=\"CDt4Ke zfr3Q\" dir=\"ltr\"><strong>REPRESENTANT SECTOR PAE<\/strong>: Eva \u00c1lvarez Pedragosa<\/p>\n<p class=\"CDt4Ke zfr3Q\" dir=\"ltr\"><strong>REPRESENTANT AJUNTAMENT<\/strong>:<\/p>\n<p dir=\"ltr\"><a href=\"https:\/\/agora.xtec.cat\/ceiplarouredasabadell\/lescola\/\"><img loading=\"lazy\" decoding=\"async\" class=\"aligncenter size-full wp-image-733\" src=\"https:\/\/agora.xtec.cat\/ceiplarouredasabadell\/wp-content\/uploads\/usu2401\/2023\/10\/flecha-imagen-animada-0358-1.gif\" alt=\"\" width=\"50\" height=\"32\" \/><\/a><\/p>\n","protected":false},"excerpt":{"rendered":"<p>DIRECTORA: Laia Ruaix Pujadas<br \/>\nCAP D\u2019ESTUDIS: M\u00edriam Cuin\u00e9 Alonso<br \/>\nSECRET\u00c0RIA: Ana M Leibar Celis<br \/>\nREPRESENTANTS SECTOR MESTRES:<br \/>\nIsabel Salvador<br \/>\nMarta S\u00e1nchez Tobarra<br \/>\nEva Vives<br \/>\nMarta Torrej\u00f3n<br \/>\nMaria Jos\u00e9 Gonz\u00e1lez P\u00e9rez<br \/>\nBerta Gilbert Dom\u00e8nech<br \/>\nREPRESENTANTS SECTOR FAM\u00cdLIES:<br \/>\nCristina Nocete Victoria<br \/>\nYurena P\u00e9rez Bretons<br \/>\nREPRESENTANT AFA: Celine Anne de Namur<br \/>\nREPRESENTANT SECTOR PAS: Pau Rigol<br \/>\nREPRESENTANT SECTOR PAE: Eva \u00c1lvarez Pedragosa<br \/>\nREPRESENTANT AJUNTAMENT:<br \/>\n<a&hellip;  <a href=\"https:\/\/agora.xtec.cat\/ceiplarouredasabadell\/lescola\/consell-escolar\/\" title=\"Read Consell escolar\">Llegeix m\u00e9s\u00bb<\/a><\/p>\n","protected":false},"author":1,"featured_media":0,"parent":22,"menu_order":30,"comment_status":"closed","ping_status":"closed","template":"page-templates\/side-menu.php","meta":{"_bbp_topic_count":0,"_bbp_reply_count":0,"_bbp_total_topic_count":0,"_bbp_total_reply_count":0,"_bbp_voice_count":0,"_bbp_anonymous_reply_count":0,"_bbp_topic_count_hidden":0,"_bbp_reply_count_hidden":0,"_bbp_forum_subforum_count":0,"footnotes":""},"class_list":["post-28","page","type-page","status-publish","hentry"],"post_mailing_queue_ids":[],"_links":{"self":[{"href":"https:\/\/agora.xtec.cat\/ceiplarouredasabadell\/wp-json\/wp\/v2\/pages\/28","targetHints":{"allow":["GET"]}}],"collection":[{"href":"https:\/\/agora.xtec.cat\/ceiplarouredasabadell\/wp-json\/wp\/v2\/pages"}],"about":[{"href":"https:\/\/agora.xtec.cat\/ceiplarouredasabadell\/wp-json\/wp\/v2\/types\/page"}],"author":[{"embeddable":true,"href":"https:\/\/agora.xtec.cat\/ceiplarouredasabadell\/wp-json\/wp\/v2\/users\/1"}],"replies":[{"embeddable":true,"href":"https:\/\/agora.xtec.cat\/ceiplarouredasabadell\/wp-json\/wp\/v2\/comments?post=28"}],"version-history":[{"count":6,"href":"https:\/\/agora.xtec.cat\/ceiplarouredasabadell\/wp-json\/wp\/v2\/pages\/28\/revisions"}],"predecessor-version":[{"id":2388,"href":"https:\/\/agora.xtec.cat\/ceiplarouredasabadell\/wp-json\/wp\/v2\/pages\/28\/revisions\/2388"}],"up":[{"embeddable":true,"href":"https:\/\/agora.xtec.cat\/ceiplarouredasabadell\/wp-json\/wp\/v2\/pages\/22"}],"wp:attachment":[{"href":"https:\/\/agora.xtec.cat\/ceiplarouredasabadell\/wp-json\/wp\/v2\/media?parent=28"}],"curies":[{"name":"wp","href":"https:\/\/api.w.org\/{rel}","templated":true}]}}

<p class="CDt4Ke zfr3Q" dir="ltr"><strong>DIRECTORA</strong>: Laia Ruaix Pujadas</p>
<p class="CDt4Ke zfr3Q" dir="ltr"><strong>CAP D’ESTUDIS</strong>: Míriam Cuiné Alonso</p>
<p class="CDt4Ke zfr3Q" dir="ltr"><strong>SECRETÀRIA</strong>: Ana M Leibar Celis</p>
<p class="CDt4Ke zfr3Q" dir="ltr"><strong>REPRESENTANTS SECTOR MESTRES</strong>:</p>
<p class="CDt4Ke zfr3Q" dir="ltr">Isabel Salvador</p>
<p dir="ltr">Marta Sánchez Tobarra</p>
<p dir="ltr">Eva Vives</p>
<p dir="ltr">Marta Torrejón</p>
<p class="CDt4Ke zfr3Q" dir="ltr">Maria José González Pérez</p>
<p class="CDt4Ke zfr3Q" dir="ltr">Berta Gilbert Domènech</p>
<p class="CDt4Ke zfr3Q" dir="ltr"><strong>REPRESENTANTS SECTOR FAMÍLIES</strong>:</p>
<p class="CDt4Ke zfr3Q" dir="ltr">Cristina Nocete Victoria</p>
<p class="CDt4Ke zfr3Q" dir="ltr">Yurena Pérez Bretons</p>
<p class="CDt4Ke zfr3Q" dir="ltr"><strong>REPRESENTANT AFA:</strong> Celine Anne de Namur</p>
<p class="CDt4Ke zfr3Q" dir="ltr"><strong>REPRESENTANT SECTOR PAS</strong>: Pau Rigol</p>
<p class="CDt4Ke zfr3Q" dir="ltr"><strong>REPRESENTANT SECTOR PAE</strong>: Eva Álvarez Pedragosa</p>
<p class="CDt4Ke zfr3Q" dir="ltr"><strong>REPRESENTANT AJUNTAMENT</strong>:</p>
<p dir="ltr"><a href="https://agora.xtec.cat/ceiplarouredasabadell/lescola/"><img loading="lazy" decoding="async" class="aligncenter size-full wp-image-733" src="https://agora.xtec.cat/ceiplarouredasabadell/wp-content/uploads/usu2401/2023/10/flecha-imagen-animada-0358-1.gif" alt="" width="50" height="32" /></a></p>

<p>DIRECTORA: Laia Ruaix Pujadas<br />
CAP D’ESTUDIS: Míriam Cuiné Alonso<br />
SECRETÀRIA: Ana M Leibar Celis<br />
REPRESENTANTS SECTOR MESTRES:<br />
Isabel Salvador<br />
Marta Sánchez Tobarra<br />
Eva Vives<br />
Marta Torrejón<br />
Maria José González Pérez<br />
Berta Gilbert Domènech<br />
REPRESENTANTS SECTOR FAMÍLIES:<br />
Cristina Nocete Victoria<br />
Yurena Pérez Bretons<br />
REPRESENTANT AFA: Celine Anne de Namur<br />
REPRESENTANT SECTOR PAS: Pau Rigol<br />
REPRESENTANT SECTOR PAE: Eva Álvarez Pedragosa<br />
REPRESENTANT AJUNTAMENT:<br />
<a&hellip;  <a href="https://agora.xtec.cat/ceiplarouredasabadell/lescola/consell-escolar/" title="Read Consell escolar">Llegeix més»</a></p>
