{"id":6005,"date":"2025-01-29T18:13:06","date_gmt":"2025-01-29T17:13:06","guid":{"rendered":"https:\/\/agora.xtec.cat\/ceiplaromanica\/?page_id=6005"},"modified":"2025-02-10T19:40:58","modified_gmt":"2025-02-10T18:40:58","slug":"tallers-de-lectura","status":"publish","type":"page","link":"https:\/\/agora.xtec.cat\/ceiplaromanica\/tallers-de-lectura\/","title":{"rendered":"Tallers de lectura"},"content":{"rendered":"<p>El taller de lectura s\u00f3n una proposta metodol\u00f2gica per ensenyar als alumnes les estrat\u00e8gies de comprensi\u00f3 lectora.<\/p>\n<p>Permeten ensenyar de manera expl\u00edcita les estrat\u00e8gies, potenciar la reflexi\u00f3 entorn de la lectura i acompanyar l\u2019alumne retirant-li l\u2019ajuda de manera gradual, per tal que cada cop<br \/>\ntingui m\u00e9s autonomia.<\/p>\n<p>&nbsp;<\/p>\n","protected":false},"excerpt":{"rendered":"<p>El taller de lectura s\u00f3n una proposta metodol\u00f2gica per ensenyar als alumnes les estrat\u00e8gies de comprensi\u00f3 lectora.<br \/>\nPermeten ensenyar de manera expl\u00edcita les estrat\u00e8gies, potenciar la reflexi\u00f3 entorn de la lectura i acompanyar l\u2019alumne retirant-li l\u2019ajuda de manera gradual, per tal que cada cop<br \/>\ntingui m\u00e9s autonomia.<br \/>\n&nbsp;<\/p>\n","protected":false},"author":1,"featured_media":0,"parent":0,"menu_order":0,"comment_status":"closed","ping_status":"closed","template":"","meta":{"_bbp_topic_count":0,"_bbp_reply_count":0,"_bbp_total_topic_count":0,"_bbp_total_reply_count":0,"_bbp_voice_count":0,"_bbp_anonymous_reply_count":0,"_bbp_topic_count_hidden":0,"_bbp_reply_count_hidden":0,"_bbp_forum_subforum_count":0,"footnotes":""},"class_list":["post-6005","page","type-page","status-publish","hentry"],"post_mailing_queue_ids":[],"_links":{"self":[{"href":"https:\/\/agora.xtec.cat\/ceiplaromanica\/wp-json\/wp\/v2\/pages\/6005","targetHints":{"allow":["GET"]}}],"collection":[{"href":"https:\/\/agora.xtec.cat\/ceiplaromanica\/wp-json\/wp\/v2\/pages"}],"about":[{"href":"https:\/\/agora.xtec.cat\/ceiplaromanica\/wp-json\/wp\/v2\/types\/page"}],"author":[{"embeddable":true,"href":"https:\/\/agora.xtec.cat\/ceiplaromanica\/wp-json\/wp\/v2\/users\/1"}],"replies":[{"embeddable":true,"href":"https:\/\/agora.xtec.cat\/ceiplaromanica\/wp-json\/wp\/v2\/comments?post=6005"}],"version-history":[{"count":3,"href":"https:\/\/agora.xtec.cat\/ceiplaromanica\/wp-json\/wp\/v2\/pages\/6005\/revisions"}],"predecessor-version":[{"id":6093,"href":"https:\/\/agora.xtec.cat\/ceiplaromanica\/wp-json\/wp\/v2\/pages\/6005\/revisions\/6093"}],"wp:attachment":[{"href":"https:\/\/agora.xtec.cat\/ceiplaromanica\/wp-json\/wp\/v2\/media?parent=6005"}],"curies":[{"name":"wp","href":"https:\/\/api.w.org\/{rel}","templated":true}]}}

<p>El taller de lectura són una proposta metodològica per ensenyar als alumnes les estratègies de comprensió lectora.</p>
<p>Permeten ensenyar de manera explícita les estratègies, potenciar la reflexió entorn de la lectura i acompanyar l’alumne retirant-li l’ajuda de manera gradual, per tal que cada cop<br />
tingui més autonomia.</p>
<p>&nbsp;</p>

<p>El taller de lectura són una proposta metodològica per ensenyar als alumnes les estratègies de comprensió lectora.<br />
Permeten ensenyar de manera explícita les estratègies, potenciar la reflexió entorn de la lectura i acompanyar l’alumne retirant-li l’ajuda de manera gradual, per tal que cada cop<br />
tingui més autonomia.<br />
&nbsp;</p>
