{"id":6000,"date":"2025-01-29T18:12:54","date_gmt":"2025-01-29T17:12:54","guid":{"rendered":"https:\/\/agora.xtec.cat\/ceiplaromanica\/?page_id=6000"},"modified":"2025-08-18T10:56:55","modified_gmt":"2025-08-18T08:56:55","slug":"temps-de-lectura","status":"publish","type":"page","link":"https:\/\/agora.xtec.cat\/ceiplaromanica\/temps-de-lectura\/","title":{"rendered":"Temps de lectura"},"content":{"rendered":"<p>Des del curs 23-24, a l&#8217;Escola hem incorporat el &#8220;Temps de lectura&#8221; que consisteix en una franja de mitja hora di\u00e0ria per fomentar el gust per la lectura i millorar la flu\u00efdesa lectora.<\/p>\n<p>Durant aquesta franja hor\u00e0ria es porten a terme diferents tipus de lectura en funci\u00f3 de les edats: modelatge per part del docent, converses liter\u00e0ries, lectura en parelles, recomanacions lectores&#8230;<\/p>\n<p>A m\u00e9s a m\u00e9s, tamb\u00e9 comptem amb el Bibliopati: un espai de lectura lliure que els alumnes d&#8217;educaci\u00f3 prim\u00e0ria poden gaudir durant el temps d&#8217;esbarjo.<\/p>\n<p><img loading=\"lazy\" decoding=\"async\" class=\"alignleft size-full wp-image-6089\" src=\"https:\/\/agora.xtec.cat\/ceiplaromanica\/wp-content\/uploads\/usu1851\/2025\/02\/IMG_20250124_105829-1.jpg\" alt=\"\" width=\"2513\" height=\"1369\" srcset=\"https:\/\/agora.xtec.cat\/ceiplaromanica\/wp-content\/uploads\/usu1851\/2025\/02\/IMG_20250124_105829-1.jpg 2513w, https:\/\/agora.xtec.cat\/ceiplaromanica\/wp-content\/uploads\/usu1851\/2025\/02\/IMG_20250124_105829-1-300x163.jpg 300w, https:\/\/agora.xtec.cat\/ceiplaromanica\/wp-content\/uploads\/usu1851\/2025\/02\/IMG_20250124_105829-1-1024x558.jpg 1024w, https:\/\/agora.xtec.cat\/ceiplaromanica\/wp-content\/uploads\/usu1851\/2025\/02\/IMG_20250124_105829-1-768x418.jpg 768w, https:\/\/agora.xtec.cat\/ceiplaromanica\/wp-content\/uploads\/usu1851\/2025\/02\/IMG_20250124_105829-1-1536x837.jpg 1536w, https:\/\/agora.xtec.cat\/ceiplaromanica\/wp-content\/uploads\/usu1851\/2025\/02\/IMG_20250124_105829-1-2048x1116.jpg 2048w\" sizes=\"auto, (max-width: 2513px) 100vw, 2513px\" \/><\/p>\n","protected":false},"excerpt":{"rendered":"<p>Des del curs 23-24, a l&#8217;Escola hem incorporat el &#8220;Temps de lectura&#8221; que consisteix en una franja de mitja hora di\u00e0ria per fomentar el gust per la lectura i millorar la flu\u00efdesa lectora.<br \/>\nDurant aquesta franja hor\u00e0ria es porten a terme diferents tipus de lectura en&hellip;  <a href=\"https:\/\/agora.xtec.cat\/ceiplaromanica\/temps-de-lectura\/\" title=\"Read Temps de lectura\">Llegeix m\u00e9s\u00bb<\/a><\/p>\n","protected":false},"author":1,"featured_media":0,"parent":0,"menu_order":0,"comment_status":"closed","ping_status":"closed","template":"","meta":{"_bbp_topic_count":0,"_bbp_reply_count":0,"_bbp_total_topic_count":0,"_bbp_total_reply_count":0,"_bbp_voice_count":0,"_bbp_anonymous_reply_count":0,"_bbp_topic_count_hidden":0,"_bbp_reply_count_hidden":0,"_bbp_forum_subforum_count":0,"footnotes":""},"class_list":["post-6000","page","type-page","status-publish","hentry"],"post_mailing_queue_ids":[],"_links":{"self":[{"href":"https:\/\/agora.xtec.cat\/ceiplaromanica\/wp-json\/wp\/v2\/pages\/6000","targetHints":{"allow":["GET"]}}],"collection":[{"href":"https:\/\/agora.xtec.cat\/ceiplaromanica\/wp-json\/wp\/v2\/pages"}],"about":[{"href":"https:\/\/agora.xtec.cat\/ceiplaromanica\/wp-json\/wp\/v2\/types\/page"}],"author":[{"embeddable":true,"href":"https:\/\/agora.xtec.cat\/ceiplaromanica\/wp-json\/wp\/v2\/users\/1"}],"replies":[{"embeddable":true,"href":"https:\/\/agora.xtec.cat\/ceiplaromanica\/wp-json\/wp\/v2\/comments?post=6000"}],"version-history":[{"count":4,"href":"https:\/\/agora.xtec.cat\/ceiplaromanica\/wp-json\/wp\/v2\/pages\/6000\/revisions"}],"predecessor-version":[{"id":6750,"href":"https:\/\/agora.xtec.cat\/ceiplaromanica\/wp-json\/wp\/v2\/pages\/6000\/revisions\/6750"}],"wp:attachment":[{"href":"https:\/\/agora.xtec.cat\/ceiplaromanica\/wp-json\/wp\/v2\/media?parent=6000"}],"curies":[{"name":"wp","href":"https:\/\/api.w.org\/{rel}","templated":true}]}}

<p>Des del curs 23-24, a l&#8217;Escola hem incorporat el &#8220;Temps de lectura&#8221; que consisteix en una franja de mitja hora diària per fomentar el gust per la lectura i millorar la fluïdesa lectora.</p>
<p>Durant aquesta franja horària es porten a terme diferents tipus de lectura en funció de les edats: modelatge per part del docent, converses literàries, lectura en parelles, recomanacions lectores&#8230;</p>
<p>A més a més, també comptem amb el Bibliopati: un espai de lectura lliure que els alumnes d&#8217;educació primària poden gaudir durant el temps d&#8217;esbarjo.</p>
<p><img loading="lazy" decoding="async" class="alignleft size-full wp-image-6089" src="https://agora.xtec.cat/ceiplaromanica/wp-content/uploads/usu1851/2025/02/IMG_20250124_105829-1.jpg" alt="" width="2513" height="1369" srcset="https://agora.xtec.cat/ceiplaromanica/wp-content/uploads/usu1851/2025/02/IMG_20250124_105829-1.jpg 2513w, https://agora.xtec.cat/ceiplaromanica/wp-content/uploads/usu1851/2025/02/IMG_20250124_105829-1-300x163.jpg 300w, https://agora.xtec.cat/ceiplaromanica/wp-content/uploads/usu1851/2025/02/IMG_20250124_105829-1-1024x558.jpg 1024w, https://agora.xtec.cat/ceiplaromanica/wp-content/uploads/usu1851/2025/02/IMG_20250124_105829-1-768x418.jpg 768w, https://agora.xtec.cat/ceiplaromanica/wp-content/uploads/usu1851/2025/02/IMG_20250124_105829-1-1536x837.jpg 1536w, https://agora.xtec.cat/ceiplaromanica/wp-content/uploads/usu1851/2025/02/IMG_20250124_105829-1-2048x1116.jpg 2048w" sizes="auto, (max-width: 2513px) 100vw, 2513px" /></p>

<p>Des del curs 23-24, a l&#8217;Escola hem incorporat el &#8220;Temps de lectura&#8221; que consisteix en una franja de mitja hora diària per fomentar el gust per la lectura i millorar la fluïdesa lectora.<br />
Durant aquesta franja horària es porten a terme diferents tipus de lectura en&hellip;  <a href="https://agora.xtec.cat/ceiplaromanica/temps-de-lectura/" title="Read Temps de lectura">Llegeix més»</a></p>
