{"id":5970,"date":"2025-01-29T17:47:48","date_gmt":"2025-01-29T16:47:48","guid":{"rendered":"https:\/\/agora.xtec.cat\/ceiplaromanica\/?page_id=5970"},"modified":"2025-03-08T19:02:35","modified_gmt":"2025-03-08T18:02:35","slug":"capses-daprenentatge","status":"publish","type":"page","link":"https:\/\/agora.xtec.cat\/ceiplaromanica\/capses-daprenentatge\/","title":{"rendered":"Capses d&#8217;aprenentatge"},"content":{"rendered":"<p>L&#8217;\u00e0rea de medi social i natural es treballa amb el Projecte del Nom de la Classe, el Projecte Anual d&#8217;Escola i treball m\u00e9s sistem\u00e0tic.<\/p>\n<p>A m\u00e9s a m\u00e9s, a cicle inicial es fan propostes d&#8217;aula, i a cicle mitj\u00e0 i a cicle superior es treballa a partir de <strong>capses d&#8217;aprenentatge<\/strong>.<\/p>\n<p>Les <strong>capses d\u2019aprenentatge<\/strong> s\u00f3n propostes de treball guiat i globalitzat que promouen l\u2019autonomia i l\u2019aprenentatge entre iguals, afavorint un aprenentatge significatiu i competencial.<\/p>\n<p>S&#8217;hi proposen reptes, activitats seq\u00fcenciades i transversals&#8230;<\/p>\n<p>L\u2019alumnat treballa en grups cooperatius on els diferents components tenen un rol assignat: secretari, portaveu, lector&#8230;<\/p>\n<p>Es tracta d&#8217;una proposta engrescadora que promou el treballar en equip i una millora del grau d&#8217;autonomia dels alumnes.<\/p>\n","protected":false},"excerpt":{"rendered":"<p>L&#8217;\u00e0rea de medi social i natural es treballa amb el Projecte del Nom de la Classe, el Projecte Anual d&#8217;Escola i treball m\u00e9s sistem\u00e0tic.<br \/>\nA m\u00e9s a m\u00e9s, a cicle inicial es fan propostes d&#8217;aula, i a cicle mitj\u00e0 i a cicle superior es treballa a&hellip;  <a href=\"https:\/\/agora.xtec.cat\/ceiplaromanica\/capses-daprenentatge\/\" title=\"Read Capses d&#8217;aprenentatge\">Llegeix m\u00e9s\u00bb<\/a><\/p>\n","protected":false},"author":1,"featured_media":0,"parent":0,"menu_order":0,"comment_status":"closed","ping_status":"closed","template":"","meta":{"_bbp_topic_count":0,"_bbp_reply_count":0,"_bbp_total_topic_count":0,"_bbp_total_reply_count":0,"_bbp_voice_count":0,"_bbp_anonymous_reply_count":0,"_bbp_topic_count_hidden":0,"_bbp_reply_count_hidden":0,"_bbp_forum_subforum_count":0,"footnotes":""},"class_list":["post-5970","page","type-page","status-publish","hentry"],"post_mailing_queue_ids":[],"_links":{"self":[{"href":"https:\/\/agora.xtec.cat\/ceiplaromanica\/wp-json\/wp\/v2\/pages\/5970","targetHints":{"allow":["GET"]}}],"collection":[{"href":"https:\/\/agora.xtec.cat\/ceiplaromanica\/wp-json\/wp\/v2\/pages"}],"about":[{"href":"https:\/\/agora.xtec.cat\/ceiplaromanica\/wp-json\/wp\/v2\/types\/page"}],"author":[{"embeddable":true,"href":"https:\/\/agora.xtec.cat\/ceiplaromanica\/wp-json\/wp\/v2\/users\/1"}],"replies":[{"embeddable":true,"href":"https:\/\/agora.xtec.cat\/ceiplaromanica\/wp-json\/wp\/v2\/comments?post=5970"}],"version-history":[{"count":6,"href":"https:\/\/agora.xtec.cat\/ceiplaromanica\/wp-json\/wp\/v2\/pages\/5970\/revisions"}],"predecessor-version":[{"id":6202,"href":"https:\/\/agora.xtec.cat\/ceiplaromanica\/wp-json\/wp\/v2\/pages\/5970\/revisions\/6202"}],"wp:attachment":[{"href":"https:\/\/agora.xtec.cat\/ceiplaromanica\/wp-json\/wp\/v2\/media?parent=5970"}],"curies":[{"name":"wp","href":"https:\/\/api.w.org\/{rel}","templated":true}]}}

<p>L&#8217;àrea de medi social i natural es treballa amb el Projecte del Nom de la Classe, el Projecte Anual d&#8217;Escola i treball més sistemàtic.</p>
<p>A més a més, a cicle inicial es fan propostes d&#8217;aula, i a cicle mitjà i a cicle superior es treballa a partir de <strong>capses d&#8217;aprenentatge</strong>.</p>
<p>Les <strong>capses d’aprenentatge</strong> són propostes de treball guiat i globalitzat que promouen l’autonomia i l’aprenentatge entre iguals, afavorint un aprenentatge significatiu i competencial.</p>
<p>S&#8217;hi proposen reptes, activitats seqüenciades i transversals&#8230;</p>
<p>L’alumnat treballa en grups cooperatius on els diferents components tenen un rol assignat: secretari, portaveu, lector&#8230;</p>
<p>Es tracta d&#8217;una proposta engrescadora que promou el treballar en equip i una millora del grau d&#8217;autonomia dels alumnes.</p>

<p>L&#8217;àrea de medi social i natural es treballa amb el Projecte del Nom de la Classe, el Projecte Anual d&#8217;Escola i treball més sistemàtic.<br />
A més a més, a cicle inicial es fan propostes d&#8217;aula, i a cicle mitjà i a cicle superior es treballa a&hellip;  <a href="https://agora.xtec.cat/ceiplaromanica/capses-daprenentatge/" title="Read Capses d&#8217;aprenentatge">Llegeix més»</a></p>
