{"id":5849,"date":"2025-02-03T08:00:33","date_gmt":"2025-02-03T07:00:33","guid":{"rendered":"https:\/\/agora.xtec.cat\/ceiplaromanica\/?page_id=5849"},"modified":"2026-02-13T16:26:02","modified_gmt":"2026-02-13T15:26:02","slug":"radio-romanica-rr","status":"publish","type":"page","link":"https:\/\/agora.xtec.cat\/ceiplaromanica\/radio-romanica-rr\/","title":{"rendered":"R\u00e0dio Rom\u00e0nica R&#038;R"},"content":{"rendered":"<p>&nbsp;<\/p>\n<p>El curs 24-25, gr\u00e0cies a l\u2019aportaci\u00f3 de la maleta audiovisual pel part del Departament d\u2019Educaci\u00f3 i Formaci\u00f3 Professional, hem engegat el Projecte R\u00e0dio amb els alumnes de cicle superior.<\/p>\n<p>L\u2019objectiu \u00e9s desenvolupar el treball de la compet\u00e8ncia ling\u00fc\u00edstica de manera funcional, significativa i engrescadora.<\/p>\n<p>La r\u00e0dio escolar \u00e9s una experi\u00e8ncia molt gratificant tant per als alumnes com per a la resta de la comunitat educativa que en poden gaudir tant de forma directa com indirecta.<\/p>\n<p>R\u00e0dio Rom\u00e0nica episodi 1 (5\u00e8):<\/p>\n<!--[if lt IE 9]><script>document.createElement('audio');<\/script><![endif]-->\n<audio class=\"wp-audio-shortcode\" id=\"audio-5849-1\" preload=\"none\" style=\"width: 100%;\" controls=\"controls\"><source type=\"audio\/mpeg\" src=\"https:\/\/agora.xtec.cat\/ceiplaromanica\/wp-content\/uploads\/usu1851\/2025\/02\/Radio-Romanica-1.mp3?_=1\" \/><a href=\"https:\/\/agora.xtec.cat\/ceiplaromanica\/wp-content\/uploads\/usu1851\/2025\/02\/Radio-Romanica-1.mp3\">https:\/\/agora.xtec.cat\/ceiplaromanica\/wp-content\/uploads\/usu1851\/2025\/02\/Radio-Romanica-1.mp3<\/a><\/audio>\n<p>R\u00e0dio Rom\u00e0nica episodi 2 (6\u00e8):<\/p>\n<audio class=\"wp-audio-shortcode\" id=\"audio-5849-2\" preload=\"none\" style=\"width: 100%;\" controls=\"controls\"><source type=\"audio\/mpeg\" src=\"https:\/\/agora.xtec.cat\/ceiplaromanica\/wp-content\/uploads\/usu1851\/2025\/02\/Radio-Romanica-2.mp3?_=2\" \/><a href=\"https:\/\/agora.xtec.cat\/ceiplaromanica\/wp-content\/uploads\/usu1851\/2025\/02\/Radio-Romanica-2.mp3\">https:\/\/agora.xtec.cat\/ceiplaromanica\/wp-content\/uploads\/usu1851\/2025\/02\/Radio-Romanica-2.mp3<\/a><\/audio>\n<p>R\u00e0dio Rom\u00e0nica episodi 3 (5\u00e8 i 6\u00e8):<\/p>\n<audio class=\"wp-audio-shortcode\" id=\"audio-5849-3\" preload=\"none\" style=\"width: 100%;\" controls=\"controls\"><source type=\"audio\/mpeg\" src=\"https:\/\/agora.xtec.cat\/ceiplaromanica\/wp-content\/uploads\/usu1851\/2025\/06\/2n-programa-3.mp3?_=3\" \/><a href=\"https:\/\/agora.xtec.cat\/ceiplaromanica\/wp-content\/uploads\/usu1851\/2025\/06\/2n-programa-3.mp3\">https:\/\/agora.xtec.cat\/ceiplaromanica\/wp-content\/uploads\/usu1851\/2025\/06\/2n-programa-3.mp3<\/a><\/audio>\n<p>R\u00e0dio Rom\u00e0nica episodi 4 (5\u00e8-25.11.25):<\/p>\n<audio class=\"wp-audio-shortcode\" id=\"audio-5849-4\" preload=\"none\" style=\"width: 100%;\" controls=\"controls\"><source type=\"audio\/mpeg\" src=\"https:\/\/agora.xtec.cat\/ceiplaromanica\/wp-content\/uploads\/usu1851\/2025\/11\/eleccions-bo.mp3?_=4\" \/><a href=\"https:\/\/agora.xtec.cat\/ceiplaromanica\/wp-content\/uploads\/usu1851\/2025\/11\/eleccions-bo.mp3\">https:\/\/agora.xtec.cat\/ceiplaromanica\/wp-content\/uploads\/usu1851\/2025\/11\/eleccions-bo.mp3<\/a><\/audio>\n<p>R\u00e0dio Rom\u00e0nica episodi 5 (6\u00e8-1.12.25):<\/p>\n<audio class=\"wp-audio-shortcode\" id=\"audio-5849-5\" preload=\"none\" style=\"width: 100%;\" controls=\"controls\"><source type=\"audio\/mpeg\" src=\"https:\/\/agora.xtec.cat\/ceiplaromanica\/wp-content\/uploads\/usu1851\/2025\/12\/dia-de-la-musica-6e.mp3?_=5\" \/><a href=\"https:\/\/agora.xtec.cat\/ceiplaromanica\/wp-content\/uploads\/usu1851\/2025\/12\/dia-de-la-musica-6e.mp3\">https:\/\/agora.xtec.cat\/ceiplaromanica\/wp-content\/uploads\/usu1851\/2025\/12\/dia-de-la-musica-6e.mp3<\/a><\/audio>\n<p>R\u00e0dio Rom\u00e0nica episodi 6:<\/p>\n<audio class=\"wp-audio-shortcode\" id=\"audio-5849-6\" preload=\"none\" style=\"width: 100%;\" controls=\"controls\"><source type=\"audio\/mpeg\" src=\"https:\/\/agora.xtec.cat\/ceiplaromanica\/wp-content\/uploads\/usu1851\/2025\/12\/drets-infants.mp3?_=6\" \/><a href=\"https:\/\/agora.xtec.cat\/ceiplaromanica\/wp-content\/uploads\/usu1851\/2025\/12\/drets-infants.mp3\">https:\/\/agora.xtec.cat\/ceiplaromanica\/wp-content\/uploads\/usu1851\/2025\/12\/drets-infants.mp3<\/a><\/audio>\n<p>R\u00e0dio Rom\u00e0nica episodi 7:<\/p>\n<audio class=\"wp-audio-shortcode\" id=\"audio-5849-7\" preload=\"none\" style=\"width: 100%;\" controls=\"controls\"><source type=\"audio\/mpeg\" src=\"https:\/\/agora.xtec.cat\/ceiplaromanica\/wp-content\/uploads\/usu1851\/2025\/12\/nadal.mp3?_=7\" \/><a href=\"https:\/\/agora.xtec.cat\/ceiplaromanica\/wp-content\/uploads\/usu1851\/2025\/12\/nadal.mp3\">https:\/\/agora.xtec.cat\/ceiplaromanica\/wp-content\/uploads\/usu1851\/2025\/12\/nadal.mp3<\/a><\/audio>\n<p>R\u00e0dio Rom\u00e0nica episodi 8:<\/p>\n<audio class=\"wp-audio-shortcode\" id=\"audio-5849-8\" preload=\"none\" style=\"width: 100%;\" controls=\"controls\"><source type=\"audio\/mpeg\" src=\"https:\/\/agora.xtec.cat\/ceiplaromanica\/wp-content\/uploads\/usu1851\/2026\/02\/dia-de-la-pau.mp3?_=8\" \/><a href=\"https:\/\/agora.xtec.cat\/ceiplaromanica\/wp-content\/uploads\/usu1851\/2026\/02\/dia-de-la-pau.mp3\">https:\/\/agora.xtec.cat\/ceiplaromanica\/wp-content\/uploads\/usu1851\/2026\/02\/dia-de-la-pau.mp3<\/a><\/audio>\n<p>R\u00e0dio Rom\u00e0nica episodi 9:<\/p>\n<audio class=\"wp-audio-shortcode\" id=\"audio-5849-9\" preload=\"none\" style=\"width: 100%;\" controls=\"controls\"><source type=\"audio\/mpeg\" src=\"https:\/\/agora.xtec.cat\/ceiplaromanica\/wp-content\/uploads\/usu1851\/2026\/02\/ROL_0824042_EscolaLaRomanica_1.mp3?_=9\" \/><a href=\"https:\/\/agora.xtec.cat\/ceiplaromanica\/wp-content\/uploads\/usu1851\/2026\/02\/ROL_0824042_EscolaLaRomanica_1.mp3\">https:\/\/agora.xtec.cat\/ceiplaromanica\/wp-content\/uploads\/usu1851\/2026\/02\/ROL_0824042_EscolaLaRomanica_1.mp3<\/a><\/audio>\n<audio class=\"wp-audio-shortcode\" id=\"audio-5849-10\" preload=\"none\" style=\"width: 100%;\" controls=\"controls\"><source type=\"audio\/mpeg\" src=\"https:\/\/agora.xtec.cat\/ceiplaromanica\/wp-content\/uploads\/usu1851\/2026\/02\/ROL_0824042_EscolaLaRomanica_2.mp3?_=10\" \/><a href=\"https:\/\/agora.xtec.cat\/ceiplaromanica\/wp-content\/uploads\/usu1851\/2026\/02\/ROL_0824042_EscolaLaRomanica_2.mp3\">https:\/\/agora.xtec.cat\/ceiplaromanica\/wp-content\/uploads\/usu1851\/2026\/02\/ROL_0824042_EscolaLaRomanica_2.mp3<\/a><\/audio>\n","protected":false},"excerpt":{"rendered":"<p>&nbsp;<br \/>\nEl curs 24-25, gr\u00e0cies a l\u2019aportaci\u00f3 de la maleta audiovisual pel part del Departament d\u2019Educaci\u00f3 i Formaci\u00f3 Professional, hem engegat el Projecte R\u00e0dio amb els alumnes de cicle superior.<br \/>\nL\u2019objectiu \u00e9s desenvolupar el treball de la compet\u00e8ncia ling\u00fc\u00edstica de manera funcional, significativa i engrescadora.<br \/>\nLa r\u00e0dio escolar&hellip;  <a href=\"https:\/\/agora.xtec.cat\/ceiplaromanica\/radio-romanica-rr\/\" title=\"Read R\u00e0dio Rom\u00e0nica R&#038;R\">Llegeix m\u00e9s\u00bb<\/a><\/p>\n","protected":false},"author":1,"featured_media":0,"parent":0,"menu_order":0,"comment_status":"closed","ping_status":"closed","template":"","meta":{"_bbp_topic_count":0,"_bbp_reply_count":0,"_bbp_total_topic_count":0,"_bbp_total_reply_count":0,"_bbp_voice_count":0,"_bbp_anonymous_reply_count":0,"_bbp_topic_count_hidden":0,"_bbp_reply_count_hidden":0,"_bbp_forum_subforum_count":0,"footnotes":""},"class_list":["post-5849","page","type-page","status-publish","hentry"],"post_mailing_queue_ids":[],"_links":{"self":[{"href":"https:\/\/agora.xtec.cat\/ceiplaromanica\/wp-json\/wp\/v2\/pages\/5849","targetHints":{"allow":["GET"]}}],"collection":[{"href":"https:\/\/agora.xtec.cat\/ceiplaromanica\/wp-json\/wp\/v2\/pages"}],"about":[{"href":"https:\/\/agora.xtec.cat\/ceiplaromanica\/wp-json\/wp\/v2\/types\/page"}],"author":[{"embeddable":true,"href":"https:\/\/agora.xtec.cat\/ceiplaromanica\/wp-json\/wp\/v2\/users\/1"}],"replies":[{"embeddable":true,"href":"https:\/\/agora.xtec.cat\/ceiplaromanica\/wp-json\/wp\/v2\/comments?post=5849"}],"version-history":[{"count":6,"href":"https:\/\/agora.xtec.cat\/ceiplaromanica\/wp-json\/wp\/v2\/pages\/5849\/revisions"}],"predecessor-version":[{"id":7114,"href":"https:\/\/agora.xtec.cat\/ceiplaromanica\/wp-json\/wp\/v2\/pages\/5849\/revisions\/7114"}],"wp:attachment":[{"href":"https:\/\/agora.xtec.cat\/ceiplaromanica\/wp-json\/wp\/v2\/media?parent=5849"}],"curies":[{"name":"wp","href":"https:\/\/api.w.org\/{rel}","templated":true}]}}

Ràdio Romànica R&#038;R

<p>&nbsp;</p>
<p>El curs 24-25, gràcies a l’aportació de la maleta audiovisual pel part del Departament d’Educació i Formació Professional, hem engegat el Projecte Ràdio amb els alumnes de cicle superior.</p>
<p>L’objectiu és desenvolupar el treball de la competència lingüística de manera funcional, significativa i engrescadora.</p>
<p>La ràdio escolar és una experiència molt gratificant tant per als alumnes com per a la resta de la comunitat educativa que en poden gaudir tant de forma directa com indirecta.</p>
<p>Ràdio Romànica episodi 1 (5è):</p>
<!--[if lt IE 9]><script>document.createElement('audio');</script><![endif]-->
<audio class="wp-audio-shortcode" id="audio-5849-1" preload="none" style="width: 100%;" controls="controls"><source type="audio/mpeg" src="https://agora.xtec.cat/ceiplaromanica/wp-content/uploads/usu1851/2025/02/Radio-Romanica-1.mp3?_=1" /><a href="https://agora.xtec.cat/ceiplaromanica/wp-content/uploads/usu1851/2025/02/Radio-Romanica-1.mp3">https://agora.xtec.cat/ceiplaromanica/wp-content/uploads/usu1851/2025/02/Radio-Romanica-1.mp3</a></audio>
<p>Ràdio Romànica episodi 2 (6è):</p>
<audio class="wp-audio-shortcode" id="audio-5849-2" preload="none" style="width: 100%;" controls="controls"><source type="audio/mpeg" src="https://agora.xtec.cat/ceiplaromanica/wp-content/uploads/usu1851/2025/02/Radio-Romanica-2.mp3?_=2" /><a href="https://agora.xtec.cat/ceiplaromanica/wp-content/uploads/usu1851/2025/02/Radio-Romanica-2.mp3">https://agora.xtec.cat/ceiplaromanica/wp-content/uploads/usu1851/2025/02/Radio-Romanica-2.mp3</a></audio>
<p>Ràdio Romànica episodi 3 (5è i 6è):</p>
<audio class="wp-audio-shortcode" id="audio-5849-3" preload="none" style="width: 100%;" controls="controls"><source type="audio/mpeg" src="https://agora.xtec.cat/ceiplaromanica/wp-content/uploads/usu1851/2025/06/2n-programa-3.mp3?_=3" /><a href="https://agora.xtec.cat/ceiplaromanica/wp-content/uploads/usu1851/2025/06/2n-programa-3.mp3">https://agora.xtec.cat/ceiplaromanica/wp-content/uploads/usu1851/2025/06/2n-programa-3.mp3</a></audio>
<p>Ràdio Romànica episodi 4 (5è-25.11.25):</p>
<audio class="wp-audio-shortcode" id="audio-5849-4" preload="none" style="width: 100%;" controls="controls"><source type="audio/mpeg" src="https://agora.xtec.cat/ceiplaromanica/wp-content/uploads/usu1851/2025/11/eleccions-bo.mp3?_=4" /><a href="https://agora.xtec.cat/ceiplaromanica/wp-content/uploads/usu1851/2025/11/eleccions-bo.mp3">https://agora.xtec.cat/ceiplaromanica/wp-content/uploads/usu1851/2025/11/eleccions-bo.mp3</a></audio>
<p>Ràdio Romànica episodi 5 (6è-1.12.25):</p>
<audio class="wp-audio-shortcode" id="audio-5849-5" preload="none" style="width: 100%;" controls="controls"><source type="audio/mpeg" src="https://agora.xtec.cat/ceiplaromanica/wp-content/uploads/usu1851/2025/12/dia-de-la-musica-6e.mp3?_=5" /><a href="https://agora.xtec.cat/ceiplaromanica/wp-content/uploads/usu1851/2025/12/dia-de-la-musica-6e.mp3">https://agora.xtec.cat/ceiplaromanica/wp-content/uploads/usu1851/2025/12/dia-de-la-musica-6e.mp3</a></audio>
<p>Ràdio Romànica episodi 6:</p>
<audio class="wp-audio-shortcode" id="audio-5849-6" preload="none" style="width: 100%;" controls="controls"><source type="audio/mpeg" src="https://agora.xtec.cat/ceiplaromanica/wp-content/uploads/usu1851/2025/12/drets-infants.mp3?_=6" /><a href="https://agora.xtec.cat/ceiplaromanica/wp-content/uploads/usu1851/2025/12/drets-infants.mp3">https://agora.xtec.cat/ceiplaromanica/wp-content/uploads/usu1851/2025/12/drets-infants.mp3</a></audio>
<p>Ràdio Romànica episodi 7:</p>
<audio class="wp-audio-shortcode" id="audio-5849-7" preload="none" style="width: 100%;" controls="controls"><source type="audio/mpeg" src="https://agora.xtec.cat/ceiplaromanica/wp-content/uploads/usu1851/2025/12/nadal.mp3?_=7" /><a href="https://agora.xtec.cat/ceiplaromanica/wp-content/uploads/usu1851/2025/12/nadal.mp3">https://agora.xtec.cat/ceiplaromanica/wp-content/uploads/usu1851/2025/12/nadal.mp3</a></audio>
<p>Ràdio Romànica episodi 8:</p>
<audio class="wp-audio-shortcode" id="audio-5849-8" preload="none" style="width: 100%;" controls="controls"><source type="audio/mpeg" src="https://agora.xtec.cat/ceiplaromanica/wp-content/uploads/usu1851/2026/02/dia-de-la-pau.mp3?_=8" /><a href="https://agora.xtec.cat/ceiplaromanica/wp-content/uploads/usu1851/2026/02/dia-de-la-pau.mp3">https://agora.xtec.cat/ceiplaromanica/wp-content/uploads/usu1851/2026/02/dia-de-la-pau.mp3</a></audio>
<p>Ràdio Romànica episodi 9:</p>
<audio class="wp-audio-shortcode" id="audio-5849-9" preload="none" style="width: 100%;" controls="controls"><source type="audio/mpeg" src="https://agora.xtec.cat/ceiplaromanica/wp-content/uploads/usu1851/2026/02/ROL_0824042_EscolaLaRomanica_1.mp3?_=9" /><a href="https://agora.xtec.cat/ceiplaromanica/wp-content/uploads/usu1851/2026/02/ROL_0824042_EscolaLaRomanica_1.mp3">https://agora.xtec.cat/ceiplaromanica/wp-content/uploads/usu1851/2026/02/ROL_0824042_EscolaLaRomanica_1.mp3</a></audio>
<audio class="wp-audio-shortcode" id="audio-5849-10" preload="none" style="width: 100%;" controls="controls"><source type="audio/mpeg" src="https://agora.xtec.cat/ceiplaromanica/wp-content/uploads/usu1851/2026/02/ROL_0824042_EscolaLaRomanica_2.mp3?_=10" /><a href="https://agora.xtec.cat/ceiplaromanica/wp-content/uploads/usu1851/2026/02/ROL_0824042_EscolaLaRomanica_2.mp3">https://agora.xtec.cat/ceiplaromanica/wp-content/uploads/usu1851/2026/02/ROL_0824042_EscolaLaRomanica_2.mp3</a></audio>

<p>&nbsp;<br />
El curs 24-25, gràcies a l’aportació de la maleta audiovisual pel part del Departament d’Educació i Formació Professional, hem engegat el Projecte Ràdio amb els alumnes de cicle superior.<br />
L’objectiu és desenvolupar el treball de la competència lingüística de manera funcional, significativa i engrescadora.<br />
La ràdio escolar&hellip;  <a href="https://agora.xtec.cat/ceiplaromanica/radio-romanica-rr/" title="Read Ràdio Romànica R&#038;R">Llegeix més»</a></p>
