{"id":5810,"date":"2025-01-15T09:34:40","date_gmt":"2025-01-15T08:34:40","guid":{"rendered":"https:\/\/agora.xtec.cat\/ceiplaromanica\/?page_id=5810"},"modified":"2025-10-30T15:56:33","modified_gmt":"2025-10-30T14:56:33","slug":"temps-de-migdia-menjador-escolar","status":"publish","type":"page","link":"https:\/\/agora.xtec.cat\/ceiplaromanica\/lescola\/temps-de-migdia-menjador-escolar\/","title":{"rendered":"Temps de migdia. Menjador Escolar"},"content":{"rendered":"<p>El servei de menjador de la nostra Escola forma part de la gesti\u00f3 unificada de l&#8217;Ajuntament de Sabadell i \u00e9s gestionada per part de l&#8217;empresa Alessa C\u00e0tering Services S.A.<\/p>\n<p>Teniu tota la informaci\u00f3 al document adjunt.<\/p>\n<p><a href=\"https:\/\/agora.xtec.cat\/ceiplaromanica\/wp-content\/uploads\/usu1851\/2025\/09\/ALESSA-CARTA-A-FAMILIES-25-26.docx\">ALESSA CARTA A FAMIL\u00cdES 25-26<\/a><\/p>\n<p><a href=\"https:\/\/agora.xtec.cat\/ceiplaromanica\/wp-content\/uploads\/usu1851\/2025\/09\/Normativa-25-26-La-Romanica.pptx\">Normativa 25-26 La Rom\u00e0nica<\/a><\/p>\n<p><a href=\"https:\/\/agora.xtec.cat\/ceiplaromanica\/wp-content\/uploads\/usu1851\/2025\/09\/ROMANICA-2025-2026-APP-Colechef.pptx\">ROM\u00c0NICA 2025 &#8211; 2026 APP Colechef<\/a><\/p>\n<p><a href=\"https:\/\/agora.xtec.cat\/ceiplaromanica\/wp-content\/uploads\/usu1851\/2025\/10\/Pla-Funcionament-menjador-La-Romanica-25-26.pptx-1.pdf\">Pla Funcionament menjador La Rom\u00e0nica 25-26.pptx (1)<\/a><\/p>\n","protected":false},"excerpt":{"rendered":"<p>El servei de menjador de la nostra Escola forma part de la gesti\u00f3 unificada de l&#8217;Ajuntament de Sabadell i \u00e9s gestionada per part de l&#8217;empresa Alessa C\u00e0tering Services S.A.<br \/>\nTeniu tota la informaci\u00f3 al document adjunt.<br \/>\n<a href=\"https:\/\/agora.xtec.cat\/ceiplaromanica\/wp-content\/uploads\/usu1851\/2025\/09\/ALESSA-CARTA-A-FAMILIES-25-26.docx\">ALESSA CARTA A FAMIL\u00cdES 25-26<\/a><br \/>\n<a href=\"https:\/\/agora.xtec.cat\/ceiplaromanica\/wp-content\/uploads\/usu1851\/2025\/09\/Normativa-25-26-La-Romanica.pptx\">Normativa 25-26 La Rom\u00e0nica<\/a><br \/>\n<a href=\"https:\/\/agora.xtec.cat\/ceiplaromanica\/wp-content\/uploads\/usu1851\/2025\/09\/ROMANICA-2025-2026-APP-Colechef.pptx\">ROM\u00c0NICA&hellip;  <a href=\"https:\/\/agora.xtec.cat\/ceiplaromanica\/lescola\/temps-de-migdia-menjador-escolar\/\" title=\"Read Temps de migdia. Menjador Escolar\">Llegeix m\u00e9s\u00bb<\/a><\/p>\n","protected":false},"author":21,"featured_media":0,"parent":22,"menu_order":6,"comment_status":"closed","ping_status":"closed","template":"page-templates\/side-menu.php","meta":{"_bbp_topic_count":0,"_bbp_reply_count":0,"_bbp_total_topic_count":0,"_bbp_total_reply_count":0,"_bbp_voice_count":0,"_bbp_anonymous_reply_count":0,"_bbp_topic_count_hidden":0,"_bbp_reply_count_hidden":0,"_bbp_forum_subforum_count":0,"footnotes":""},"class_list":["post-5810","page","type-page","status-publish","hentry"],"post_mailing_queue_ids":[],"_links":{"self":[{"href":"https:\/\/agora.xtec.cat\/ceiplaromanica\/wp-json\/wp\/v2\/pages\/5810","targetHints":{"allow":["GET"]}}],"collection":[{"href":"https:\/\/agora.xtec.cat\/ceiplaromanica\/wp-json\/wp\/v2\/pages"}],"about":[{"href":"https:\/\/agora.xtec.cat\/ceiplaromanica\/wp-json\/wp\/v2\/types\/page"}],"author":[{"embeddable":true,"href":"https:\/\/agora.xtec.cat\/ceiplaromanica\/wp-json\/wp\/v2\/users\/21"}],"replies":[{"embeddable":true,"href":"https:\/\/agora.xtec.cat\/ceiplaromanica\/wp-json\/wp\/v2\/comments?post=5810"}],"version-history":[{"count":3,"href":"https:\/\/agora.xtec.cat\/ceiplaromanica\/wp-json\/wp\/v2\/pages\/5810\/revisions"}],"predecessor-version":[{"id":6894,"href":"https:\/\/agora.xtec.cat\/ceiplaromanica\/wp-json\/wp\/v2\/pages\/5810\/revisions\/6894"}],"up":[{"embeddable":true,"href":"https:\/\/agora.xtec.cat\/ceiplaromanica\/wp-json\/wp\/v2\/pages\/22"}],"wp:attachment":[{"href":"https:\/\/agora.xtec.cat\/ceiplaromanica\/wp-json\/wp\/v2\/media?parent=5810"}],"curies":[{"name":"wp","href":"https:\/\/api.w.org\/{rel}","templated":true}]}}

<p>El servei de menjador de la nostra Escola forma part de la gestió unificada de l&#8217;Ajuntament de Sabadell i és gestionada per part de l&#8217;empresa Alessa Càtering Services S.A.</p>
<p>Teniu tota la informació al document adjunt.</p>
<p><a href="https://agora.xtec.cat/ceiplaromanica/wp-content/uploads/usu1851/2025/09/ALESSA-CARTA-A-FAMILIES-25-26.docx">ALESSA CARTA A FAMILÍES 25-26</a></p>
<p><a href="https://agora.xtec.cat/ceiplaromanica/wp-content/uploads/usu1851/2025/09/Normativa-25-26-La-Romanica.pptx">Normativa 25-26 La Romànica</a></p>
<p><a href="https://agora.xtec.cat/ceiplaromanica/wp-content/uploads/usu1851/2025/09/ROMANICA-2025-2026-APP-Colechef.pptx">ROMÀNICA 2025 &#8211; 2026 APP Colechef</a></p>
<p><a href="https://agora.xtec.cat/ceiplaromanica/wp-content/uploads/usu1851/2025/10/Pla-Funcionament-menjador-La-Romanica-25-26.pptx-1.pdf">Pla Funcionament menjador La Romànica 25-26.pptx (1)</a></p>

<p>El servei de menjador de la nostra Escola forma part de la gestió unificada de l&#8217;Ajuntament de Sabadell i és gestionada per part de l&#8217;empresa Alessa Càtering Services S.A.<br />
Teniu tota la informació al document adjunt.<br />
<a href="https://agora.xtec.cat/ceiplaromanica/wp-content/uploads/usu1851/2025/09/ALESSA-CARTA-A-FAMILIES-25-26.docx">ALESSA CARTA A FAMILÍES 25-26</a><br />
<a href="https://agora.xtec.cat/ceiplaromanica/wp-content/uploads/usu1851/2025/09/Normativa-25-26-La-Romanica.pptx">Normativa 25-26 La Romànica</a><br />
<a href="https://agora.xtec.cat/ceiplaromanica/wp-content/uploads/usu1851/2025/09/ROMANICA-2025-2026-APP-Colechef.pptx">ROMÀNICA&hellip;  <a href="https://agora.xtec.cat/ceiplaromanica/lescola/temps-de-migdia-menjador-escolar/" title="Read Temps de migdia. Menjador Escolar">Llegeix més»</a></p>
