{"id":579,"date":"2018-09-25T18:54:19","date_gmt":"2018-09-25T16:54:19","guid":{"rendered":"http:\/\/agora.xtec.cat\/ceiplaromanica\/?page_id=579"},"modified":"2024-10-22T08:33:25","modified_gmt":"2024-10-22T06:33:25","slug":"projecte-de-pati","status":"publish","type":"page","link":"https:\/\/agora.xtec.cat\/ceiplaromanica\/pagina-exemple\/projecte-de-pati\/","title":{"rendered":"Projecte de pati CONSTRU\u00cfM CIUTAT 2019"},"content":{"rendered":"<p>El curs 2019, a l&#8217;Escola vam participar al Projecte &#8220;Constru\u00efm ciutat 2019&#8221;.<\/p>\n<p>Tota la informaci\u00f3 est\u00e0 recollida al document publicat per l&#8217;Ajuntament de Sabadell que podeu consultar clicant al seg\u00fcent enlla\u00e7:<\/p>\n<p><a href=\"https:\/\/agora.xtec.cat\/ceiplaromanica\/wp-content\/uploads\/usu1851\/2021\/06\/20200050_Mem\u00f2ria-valorada_Millora-pati-CEIP-La-Romanica-1.pdf\">20200050_Mem\u00f2ria valorada_Millora pati CEIP La Romanica (1)<\/a><\/p>\n<p>A l&#8217;Escola vam quedar a la cinquena posici\u00f3.<\/p>\n<p>Agra\u00efm a totes les persones que ens van donar suport per a que aquest Projecte pugu\u00e9s fer-se realitat.<\/p>\n<p>Gr\u00e0cies per la confian\u00e7a que heu demostrat implicant-vos per arribar a aconseguir aquest petit triomf!<\/p>\n<p>&nbsp;<\/p>\n<p>&nbsp;<\/p>\n<p><a href=\"https:\/\/agora.xtec.cat\/ceiplaromanica\/wp-content\/uploads\/usu1851\/2019\/02\/IMG-20190129-WA0012.jpg\"><img loading=\"lazy\" decoding=\"async\" class=\"wp-image-983 aligncenter\" src=\"https:\/\/agora.xtec.cat\/ceiplaromanica\/wp-content\/uploads\/usu1851\/2019\/02\/IMG-20190129-WA0012-1024x641.jpg\" alt=\"\" width=\"434\" height=\"272\" srcset=\"https:\/\/agora.xtec.cat\/ceiplaromanica\/wp-content\/uploads\/usu1851\/2019\/02\/IMG-20190129-WA0012-1024x641.jpg 1024w, https:\/\/agora.xtec.cat\/ceiplaromanica\/wp-content\/uploads\/usu1851\/2019\/02\/IMG-20190129-WA0012-300x188.jpg 300w, https:\/\/agora.xtec.cat\/ceiplaromanica\/wp-content\/uploads\/usu1851\/2019\/02\/IMG-20190129-WA0012-768x481.jpg 768w, https:\/\/agora.xtec.cat\/ceiplaromanica\/wp-content\/uploads\/usu1851\/2019\/02\/IMG-20190129-WA0012.jpg 1080w\" sizes=\"auto, (max-width: 434px) 100vw, 434px\" \/><\/a><\/p>\n<p><a href=\"https:\/\/agora.xtec.cat\/ceiplaromanica\/wp-content\/uploads\/usu1851\/2019\/02\/IMG-20190129-WA0011.jpg\"><img loading=\"lazy\" decoding=\"async\" class=\"wp-image-984 aligncenter\" src=\"https:\/\/agora.xtec.cat\/ceiplaromanica\/wp-content\/uploads\/usu1851\/2019\/02\/IMG-20190129-WA0011-1024x494.jpg\" alt=\"\" width=\"432\" height=\"208\" srcset=\"https:\/\/agora.xtec.cat\/ceiplaromanica\/wp-content\/uploads\/usu1851\/2019\/02\/IMG-20190129-WA0011-1024x494.jpg 1024w, https:\/\/agora.xtec.cat\/ceiplaromanica\/wp-content\/uploads\/usu1851\/2019\/02\/IMG-20190129-WA0011-300x145.jpg 300w, https:\/\/agora.xtec.cat\/ceiplaromanica\/wp-content\/uploads\/usu1851\/2019\/02\/IMG-20190129-WA0011-768x370.jpg 768w, https:\/\/agora.xtec.cat\/ceiplaromanica\/wp-content\/uploads\/usu1851\/2019\/02\/IMG-20190129-WA0011.jpg 1080w\" sizes=\"auto, (max-width: 432px) 100vw, 432px\" \/><\/a><\/p>\n<p>Si vols veure el Tweet de la participaci\u00f3\u00a0 fes clic <a href=\"https:\/\/twitter.com\/sbdparticipacio\/status\/1089924863287066624\">aqu\u00ed<\/a>.<\/p>\n","protected":false},"excerpt":{"rendered":"<p>El curs 2019, a l&#8217;Escola vam participar al Projecte &#8220;Constru\u00efm ciutat 2019&#8221;.<br \/>\nTota la informaci\u00f3 est\u00e0 recollida al document publicat per l&#8217;Ajuntament de Sabadell que podeu consultar clicant al seg\u00fcent enlla\u00e7:<br \/>\n<a href=\"https:\/\/agora.xtec.cat\/ceiplaromanica\/wp-content\/uploads\/usu1851\/2021\/06\/20200050_Mem\u00f2ria-valorada_Millora-pati-CEIP-La-Romanica-1.pdf\">20200050_Mem\u00f2ria valorada_Millora pati CEIP La Romanica (1)<\/a><br \/>\nA l&#8217;Escola vam quedar a la cinquena posici\u00f3.<br \/>\nAgra\u00efm a&hellip;  <a href=\"https:\/\/agora.xtec.cat\/ceiplaromanica\/pagina-exemple\/projecte-de-pati\/\" title=\"Read Projecte de pati CONSTRU\u00cfM CIUTAT 2019\">Llegeix m\u00e9s\u00bb<\/a><\/p>\n","protected":false},"author":1,"featured_media":0,"parent":2,"menu_order":21,"comment_status":"closed","ping_status":"closed","template":"page-templates\/side-menu.php","meta":{"_bbp_topic_count":0,"_bbp_reply_count":0,"_bbp_total_topic_count":0,"_bbp_total_reply_count":0,"_bbp_voice_count":0,"_bbp_anonymous_reply_count":0,"_bbp_topic_count_hidden":0,"_bbp_reply_count_hidden":0,"_bbp_forum_subforum_count":0,"footnotes":""},"class_list":["post-579","page","type-page","status-publish","hentry"],"post_mailing_queue_ids":[],"_links":{"self":[{"href":"https:\/\/agora.xtec.cat\/ceiplaromanica\/wp-json\/wp\/v2\/pages\/579","targetHints":{"allow":["GET"]}}],"collection":[{"href":"https:\/\/agora.xtec.cat\/ceiplaromanica\/wp-json\/wp\/v2\/pages"}],"about":[{"href":"https:\/\/agora.xtec.cat\/ceiplaromanica\/wp-json\/wp\/v2\/types\/page"}],"author":[{"embeddable":true,"href":"https:\/\/agora.xtec.cat\/ceiplaromanica\/wp-json\/wp\/v2\/users\/1"}],"replies":[{"embeddable":true,"href":"https:\/\/agora.xtec.cat\/ceiplaromanica\/wp-json\/wp\/v2\/comments?post=579"}],"version-history":[{"count":4,"href":"https:\/\/agora.xtec.cat\/ceiplaromanica\/wp-json\/wp\/v2\/pages\/579\/revisions"}],"predecessor-version":[{"id":4012,"href":"https:\/\/agora.xtec.cat\/ceiplaromanica\/wp-json\/wp\/v2\/pages\/579\/revisions\/4012"}],"up":[{"embeddable":true,"href":"https:\/\/agora.xtec.cat\/ceiplaromanica\/wp-json\/wp\/v2\/pages\/2"}],"wp:attachment":[{"href":"https:\/\/agora.xtec.cat\/ceiplaromanica\/wp-json\/wp\/v2\/media?parent=579"}],"curies":[{"name":"wp","href":"https:\/\/api.w.org\/{rel}","templated":true}]}}

Projecte de pati CONSTRUÏM CIUTAT 2019

<p>El curs 2019, a l&#8217;Escola vam participar al Projecte &#8220;Construïm ciutat 2019&#8221;.</p>
<p>Tota la informació està recollida al document publicat per l&#8217;Ajuntament de Sabadell que podeu consultar clicant al següent enllaç:</p>
<p><a href="https://agora.xtec.cat/ceiplaromanica/wp-content/uploads/usu1851/2021/06/20200050_Memòria-valorada_Millora-pati-CEIP-La-Romanica-1.pdf">20200050_Memòria valorada_Millora pati CEIP La Romanica (1)</a></p>
<p>A l&#8217;Escola vam quedar a la cinquena posició.</p>
<p>Agraïm a totes les persones que ens van donar suport per a que aquest Projecte pugués fer-se realitat.</p>
<p>Gràcies per la confiança que heu demostrat implicant-vos per arribar a aconseguir aquest petit triomf!</p>
<p>&nbsp;</p>
<p>&nbsp;</p>
<p><a href="https://agora.xtec.cat/ceiplaromanica/wp-content/uploads/usu1851/2019/02/IMG-20190129-WA0012.jpg"><img loading="lazy" decoding="async" class="wp-image-983 aligncenter" src="https://agora.xtec.cat/ceiplaromanica/wp-content/uploads/usu1851/2019/02/IMG-20190129-WA0012-1024x641.jpg" alt="" width="434" height="272" srcset="https://agora.xtec.cat/ceiplaromanica/wp-content/uploads/usu1851/2019/02/IMG-20190129-WA0012-1024x641.jpg 1024w, https://agora.xtec.cat/ceiplaromanica/wp-content/uploads/usu1851/2019/02/IMG-20190129-WA0012-300x188.jpg 300w, https://agora.xtec.cat/ceiplaromanica/wp-content/uploads/usu1851/2019/02/IMG-20190129-WA0012-768x481.jpg 768w, https://agora.xtec.cat/ceiplaromanica/wp-content/uploads/usu1851/2019/02/IMG-20190129-WA0012.jpg 1080w" sizes="auto, (max-width: 434px) 100vw, 434px" /></a></p>
<p><a href="https://agora.xtec.cat/ceiplaromanica/wp-content/uploads/usu1851/2019/02/IMG-20190129-WA0011.jpg"><img loading="lazy" decoding="async" class="wp-image-984 aligncenter" src="https://agora.xtec.cat/ceiplaromanica/wp-content/uploads/usu1851/2019/02/IMG-20190129-WA0011-1024x494.jpg" alt="" width="432" height="208" srcset="https://agora.xtec.cat/ceiplaromanica/wp-content/uploads/usu1851/2019/02/IMG-20190129-WA0011-1024x494.jpg 1024w, https://agora.xtec.cat/ceiplaromanica/wp-content/uploads/usu1851/2019/02/IMG-20190129-WA0011-300x145.jpg 300w, https://agora.xtec.cat/ceiplaromanica/wp-content/uploads/usu1851/2019/02/IMG-20190129-WA0011-768x370.jpg 768w, https://agora.xtec.cat/ceiplaromanica/wp-content/uploads/usu1851/2019/02/IMG-20190129-WA0011.jpg 1080w" sizes="auto, (max-width: 432px) 100vw, 432px" /></a></p>
<p>Si vols veure el Tweet de la participació  fes clic <a href="https://twitter.com/sbdparticipacio/status/1089924863287066624">aquí</a>.</p>

<p>El curs 2019, a l&#8217;Escola vam participar al Projecte &#8220;Construïm ciutat 2019&#8221;.<br />
Tota la informació està recollida al document publicat per l&#8217;Ajuntament de Sabadell que podeu consultar clicant al següent enllaç:<br />
<a href="https://agora.xtec.cat/ceiplaromanica/wp-content/uploads/usu1851/2021/06/20200050_Memòria-valorada_Millora-pati-CEIP-La-Romanica-1.pdf">20200050_Memòria valorada_Millora pati CEIP La Romanica (1)</a><br />
A l&#8217;Escola vam quedar a la cinquena posició.<br />
Agraïm a&hellip;  <a href="https://agora.xtec.cat/ceiplaromanica/pagina-exemple/projecte-de-pati/" title="Read Projecte de pati CONSTRUÏM CIUTAT 2019">Llegeix més»</a></p>
