{"id":5551,"date":"2024-10-19T23:30:24","date_gmt":"2024-10-19T21:30:24","guid":{"rendered":"https:\/\/agora.xtec.cat\/ceiplaromanica\/?page_id=5551"},"modified":"2025-11-01T10:52:18","modified_gmt":"2025-11-01T09:52:18","slug":"projecte-radio-romanica-rr","status":"publish","type":"page","link":"https:\/\/agora.xtec.cat\/ceiplaromanica\/projectes-descola\/projecte-radio-romanica-rr\/","title":{"rendered":"Projecte R\u00e0dio Rom\u00e0nica &#8220;R&#038;R&#8221;"},"content":{"rendered":"<p>El curs 24-25, gr\u00e0cies a l&#8217;aportaci\u00f3 de la maleta audiovisual pel part del Departament d&#8217;Educaci\u00f3 i Formaci\u00f3 Professional, vam engegar el Projecte R\u00e0dio amb els alumnes de cicle superir.<\/p>\n<p>L&#8217;objectiu \u00e9s desenvolupar el treball de la compet\u00e8ncia ling\u00fc\u00edstica de manera funcional, significativa i engrescadora.<\/p>\n<p>La r\u00e0dio escolar \u00e9s una experi\u00e8ncia molt gratificant tant per als alumnes com per a la resta de la comunitat educativa que en poden gaudir tant de forma directa com indirecta.<\/p>\n<p>&nbsp;<\/p>\n","protected":false},"excerpt":{"rendered":"<p>El curs 24-25, gr\u00e0cies a l&#8217;aportaci\u00f3 de la maleta audiovisual pel part del Departament d&#8217;Educaci\u00f3 i Formaci\u00f3 Professional, vam engegar el Projecte R\u00e0dio amb els alumnes de cicle superir.<br \/>\nL&#8217;objectiu \u00e9s desenvolupar el treball de la compet\u00e8ncia ling\u00fc\u00edstica de manera funcional, significativa i engrescadora.<br \/>\nLa r\u00e0dio escolar&hellip;  <a href=\"https:\/\/agora.xtec.cat\/ceiplaromanica\/projectes-descola\/projecte-radio-romanica-rr\/\" title=\"Read Projecte R\u00e0dio Rom\u00e0nica &#8220;R&#038;R&#8221;\">Llegeix m\u00e9s\u00bb<\/a><\/p>\n","protected":false},"author":1,"featured_media":0,"parent":64,"menu_order":26,"comment_status":"closed","ping_status":"closed","template":"page-templates\/side-menu.php","meta":{"_bbp_topic_count":0,"_bbp_reply_count":0,"_bbp_total_topic_count":0,"_bbp_total_reply_count":0,"_bbp_voice_count":0,"_bbp_anonymous_reply_count":0,"_bbp_topic_count_hidden":0,"_bbp_reply_count_hidden":0,"_bbp_forum_subforum_count":0,"footnotes":""},"class_list":["post-5551","page","type-page","status-publish","hentry"],"post_mailing_queue_ids":[],"_links":{"self":[{"href":"https:\/\/agora.xtec.cat\/ceiplaromanica\/wp-json\/wp\/v2\/pages\/5551","targetHints":{"allow":["GET"]}}],"collection":[{"href":"https:\/\/agora.xtec.cat\/ceiplaromanica\/wp-json\/wp\/v2\/pages"}],"about":[{"href":"https:\/\/agora.xtec.cat\/ceiplaromanica\/wp-json\/wp\/v2\/types\/page"}],"author":[{"embeddable":true,"href":"https:\/\/agora.xtec.cat\/ceiplaromanica\/wp-json\/wp\/v2\/users\/1"}],"replies":[{"embeddable":true,"href":"https:\/\/agora.xtec.cat\/ceiplaromanica\/wp-json\/wp\/v2\/comments?post=5551"}],"version-history":[{"count":2,"href":"https:\/\/agora.xtec.cat\/ceiplaromanica\/wp-json\/wp\/v2\/pages\/5551\/revisions"}],"predecessor-version":[{"id":6896,"href":"https:\/\/agora.xtec.cat\/ceiplaromanica\/wp-json\/wp\/v2\/pages\/5551\/revisions\/6896"}],"up":[{"embeddable":true,"href":"https:\/\/agora.xtec.cat\/ceiplaromanica\/wp-json\/wp\/v2\/pages\/64"}],"wp:attachment":[{"href":"https:\/\/agora.xtec.cat\/ceiplaromanica\/wp-json\/wp\/v2\/media?parent=5551"}],"curies":[{"name":"wp","href":"https:\/\/api.w.org\/{rel}","templated":true}]}}

Projecte Ràdio Romànica &#8220;R&#038;R&#8221;

<p>El curs 24-25, gràcies a l&#8217;aportació de la maleta audiovisual pel part del Departament d&#8217;Educació i Formació Professional, vam engegar el Projecte Ràdio amb els alumnes de cicle superir.</p>
<p>L&#8217;objectiu és desenvolupar el treball de la competència lingüística de manera funcional, significativa i engrescadora.</p>
<p>La ràdio escolar és una experiència molt gratificant tant per als alumnes com per a la resta de la comunitat educativa que en poden gaudir tant de forma directa com indirecta.</p>
<p>&nbsp;</p>

<p>El curs 24-25, gràcies a l&#8217;aportació de la maleta audiovisual pel part del Departament d&#8217;Educació i Formació Professional, vam engegar el Projecte Ràdio amb els alumnes de cicle superir.<br />
L&#8217;objectiu és desenvolupar el treball de la competència lingüística de manera funcional, significativa i engrescadora.<br />
La ràdio escolar&hellip;  <a href="https://agora.xtec.cat/ceiplaromanica/projectes-descola/projecte-radio-romanica-rr/" title="Read Projecte Ràdio Romànica &#8220;R&#038;R&#8221;">Llegeix més»</a></p>
