{"id":5547,"date":"2024-10-19T23:15:53","date_gmt":"2024-10-19T21:15:53","guid":{"rendered":"https:\/\/agora.xtec.cat\/ceiplaromanica\/?page_id=5547"},"modified":"2025-01-29T17:38:36","modified_gmt":"2025-01-29T16:38:36","slug":"projecte-hort","status":"publish","type":"page","link":"https:\/\/agora.xtec.cat\/ceiplaromanica\/projectes-descola\/projecte-hort\/","title":{"rendered":"Projecte Hort"},"content":{"rendered":"<p>Durant el curs 24-25, hem iniciat el Projecte Hort amb els alumnes d&#8217;educaci\u00f3 infantil i de cicle inicial com a espai d\u2019aprenentatge amb l&#8217;objectiu de millorar i ampliar el contacte del nostre alumnat amb l\u2019entorn i la natura.<\/p>\n<p>Amb el Projecte Hort volem apropar els infants als valors de consum responsable, alimentaci\u00f3 sana i d&#8217;agricultura ecol\u00f2gica que esdevenen claus per al seu desenvolupament.<\/p>\n<p>L\u2019hort de l\u2019Escola ser\u00e0 sempre un espai ecol\u00f2gic i sostenible on farem servir adobs naturals per prendre consci\u00e8ncia de la import\u00e0ncia de protegir i conservar la natura.<\/p>\n<p><img loading=\"lazy\" decoding=\"async\" class=\"alignleft size-full wp-image-5959\" src=\"https:\/\/agora.xtec.cat\/ceiplaromanica\/wp-content\/uploads\/usu1851\/2025\/01\/hort.jpg\" alt=\"\" width=\"2000\" height=\"1500\" srcset=\"https:\/\/agora.xtec.cat\/ceiplaromanica\/wp-content\/uploads\/usu1851\/2025\/01\/hort.jpg 2000w, https:\/\/agora.xtec.cat\/ceiplaromanica\/wp-content\/uploads\/usu1851\/2025\/01\/hort-300x225.jpg 300w, https:\/\/agora.xtec.cat\/ceiplaromanica\/wp-content\/uploads\/usu1851\/2025\/01\/hort-1024x768.jpg 1024w, https:\/\/agora.xtec.cat\/ceiplaromanica\/wp-content\/uploads\/usu1851\/2025\/01\/hort-768x576.jpg 768w, https:\/\/agora.xtec.cat\/ceiplaromanica\/wp-content\/uploads\/usu1851\/2025\/01\/hort-1536x1152.jpg 1536w, https:\/\/agora.xtec.cat\/ceiplaromanica\/wp-content\/uploads\/usu1851\/2025\/01\/hort-200x150.jpg 200w\" sizes=\"auto, (max-width: 2000px) 100vw, 2000px\" \/><\/p>\n","protected":false},"excerpt":{"rendered":"<p>Durant el curs 24-25, hem iniciat el Projecte Hort amb els alumnes d&#8217;educaci\u00f3 infantil i de cicle inicial com a espai d\u2019aprenentatge amb l&#8217;objectiu de millorar i ampliar el contacte del nostre alumnat amb l\u2019entorn i la natura.<br \/>\nAmb el Projecte Hort volem apropar els infants&hellip;  <a href=\"https:\/\/agora.xtec.cat\/ceiplaromanica\/projectes-descola\/projecte-hort\/\" title=\"Read Projecte Hort\">Llegeix m\u00e9s\u00bb<\/a><\/p>\n","protected":false},"author":1,"featured_media":0,"parent":64,"menu_order":23,"comment_status":"closed","ping_status":"closed","template":"page-templates\/side-menu.php","meta":{"_bbp_topic_count":0,"_bbp_reply_count":0,"_bbp_total_topic_count":0,"_bbp_total_reply_count":0,"_bbp_voice_count":0,"_bbp_anonymous_reply_count":0,"_bbp_topic_count_hidden":0,"_bbp_reply_count_hidden":0,"_bbp_forum_subforum_count":0,"footnotes":""},"class_list":["post-5547","page","type-page","status-publish","hentry"],"post_mailing_queue_ids":[],"_links":{"self":[{"href":"https:\/\/agora.xtec.cat\/ceiplaromanica\/wp-json\/wp\/v2\/pages\/5547","targetHints":{"allow":["GET"]}}],"collection":[{"href":"https:\/\/agora.xtec.cat\/ceiplaromanica\/wp-json\/wp\/v2\/pages"}],"about":[{"href":"https:\/\/agora.xtec.cat\/ceiplaromanica\/wp-json\/wp\/v2\/types\/page"}],"author":[{"embeddable":true,"href":"https:\/\/agora.xtec.cat\/ceiplaromanica\/wp-json\/wp\/v2\/users\/1"}],"replies":[{"embeddable":true,"href":"https:\/\/agora.xtec.cat\/ceiplaromanica\/wp-json\/wp\/v2\/comments?post=5547"}],"version-history":[{"count":4,"href":"https:\/\/agora.xtec.cat\/ceiplaromanica\/wp-json\/wp\/v2\/pages\/5547\/revisions"}],"predecessor-version":[{"id":5961,"href":"https:\/\/agora.xtec.cat\/ceiplaromanica\/wp-json\/wp\/v2\/pages\/5547\/revisions\/5961"}],"up":[{"embeddable":true,"href":"https:\/\/agora.xtec.cat\/ceiplaromanica\/wp-json\/wp\/v2\/pages\/64"}],"wp:attachment":[{"href":"https:\/\/agora.xtec.cat\/ceiplaromanica\/wp-json\/wp\/v2\/media?parent=5547"}],"curies":[{"name":"wp","href":"https:\/\/api.w.org\/{rel}","templated":true}]}}

<p>Durant el curs 24-25, hem iniciat el Projecte Hort amb els alumnes d&#8217;educació infantil i de cicle inicial com a espai d’aprenentatge amb l&#8217;objectiu de millorar i ampliar el contacte del nostre alumnat amb l’entorn i la natura.</p>
<p>Amb el Projecte Hort volem apropar els infants als valors de consum responsable, alimentació sana i d&#8217;agricultura ecològica que esdevenen claus per al seu desenvolupament.</p>
<p>L’hort de l’Escola serà sempre un espai ecològic i sostenible on farem servir adobs naturals per prendre consciència de la importància de protegir i conservar la natura.</p>
<p><img loading="lazy" decoding="async" class="alignleft size-full wp-image-5959" src="https://agora.xtec.cat/ceiplaromanica/wp-content/uploads/usu1851/2025/01/hort.jpg" alt="" width="2000" height="1500" srcset="https://agora.xtec.cat/ceiplaromanica/wp-content/uploads/usu1851/2025/01/hort.jpg 2000w, https://agora.xtec.cat/ceiplaromanica/wp-content/uploads/usu1851/2025/01/hort-300x225.jpg 300w, https://agora.xtec.cat/ceiplaromanica/wp-content/uploads/usu1851/2025/01/hort-1024x768.jpg 1024w, https://agora.xtec.cat/ceiplaromanica/wp-content/uploads/usu1851/2025/01/hort-768x576.jpg 768w, https://agora.xtec.cat/ceiplaromanica/wp-content/uploads/usu1851/2025/01/hort-1536x1152.jpg 1536w, https://agora.xtec.cat/ceiplaromanica/wp-content/uploads/usu1851/2025/01/hort-200x150.jpg 200w" sizes="auto, (max-width: 2000px) 100vw, 2000px" /></p>

<p>Durant el curs 24-25, hem iniciat el Projecte Hort amb els alumnes d&#8217;educació infantil i de cicle inicial com a espai d’aprenentatge amb l&#8217;objectiu de millorar i ampliar el contacte del nostre alumnat amb l’entorn i la natura.<br />
Amb el Projecte Hort volem apropar els infants&hellip;  <a href="https://agora.xtec.cat/ceiplaromanica/projectes-descola/projecte-hort/" title="Read Projecte Hort">Llegeix més»</a></p>
