{"id":5540,"date":"2024-10-19T22:59:05","date_gmt":"2024-10-19T20:59:05","guid":{"rendered":"https:\/\/agora.xtec.cat\/ceiplaromanica\/?page_id=5540"},"modified":"2025-11-01T10:53:07","modified_gmt":"2025-11-01T09:53:07","slug":"projecte-ukeleles","status":"publish","type":"page","link":"https:\/\/agora.xtec.cat\/ceiplaromanica\/projectes-descola\/projecte-ukeleles\/","title":{"rendered":"Projecte Ukeleles"},"content":{"rendered":"<p>Per tal d\u2019aprofitar els avantatges que t\u00e9 la m\u00fasica i la pr\u00e0ctica instrumental en l\u2019aprenentatge i creixement personal de l\u2019alumnat, el curs 24-25 vam iniciar un nou Projecte en qu\u00e8 els i les alumnes de 5\u00e8 de la nostra Escola aprenen a tocar l\u2019ukelele: el Prejecte Ukeleles.<\/p>\n<p>Al llarg de les diverses sessions l\u2019alumnat apr\u00e8n les caracter\u00edstiques d&#8217;aquest l\u2019instrument de corda aix\u00ed com els principals acords, tipus de rasgueix i punteig, el xifrat americ\u00e0 i la lectura de tablatures.<\/p>\n<p>A m\u00e9s a m\u00e9s, s&#8217;interpreta un repertori divers que va des de la m\u00fasica popular i\/o tradicional fins el pop o el reggae.<\/p>\n<p>Aprendre a interpretar un instrument \u00e9s una experi\u00e8ncia molt gratificant tant per als i les alumnes com per a la resta de la comunitat educativa que en podem gaudir durant diferents celebracions i esdeveniments escolars.<\/p>\n<p>El Projecte Ukeleles compleix tots els requisits per a treballar, entre altres, l\u2019expressi\u00f3 emocional, la psicomotricitat, la creativitat, el treball en equip, la millora de l\u2019autoestima i l\u2019autoconcepte, l\u2019escolta, l\u2019atenci\u00f3 i la mem\u00f2ria.<\/p>\n<p><img loading=\"lazy\" decoding=\"async\" class=\"alignleft size-full wp-image-5956\" src=\"https:\/\/agora.xtec.cat\/ceiplaromanica\/wp-content\/uploads\/usu1851\/2025\/01\/1738164687201-82fc63e8-2e17-478e-b19f-1fa145d676c8_1.jpg\" alt=\"\" width=\"1024\" height=\"722\" srcset=\"https:\/\/agora.xtec.cat\/ceiplaromanica\/wp-content\/uploads\/usu1851\/2025\/01\/1738164687201-82fc63e8-2e17-478e-b19f-1fa145d676c8_1.jpg 1024w, https:\/\/agora.xtec.cat\/ceiplaromanica\/wp-content\/uploads\/usu1851\/2025\/01\/1738164687201-82fc63e8-2e17-478e-b19f-1fa145d676c8_1-300x212.jpg 300w, https:\/\/agora.xtec.cat\/ceiplaromanica\/wp-content\/uploads\/usu1851\/2025\/01\/1738164687201-82fc63e8-2e17-478e-b19f-1fa145d676c8_1-768x542.jpg 768w\" sizes=\"auto, (max-width: 1024px) 100vw, 1024px\" \/><\/p>\n","protected":false},"excerpt":{"rendered":"<p>Per tal d\u2019aprofitar els avantatges que t\u00e9 la m\u00fasica i la pr\u00e0ctica instrumental en l\u2019aprenentatge i creixement personal de l\u2019alumnat, el curs 24-25 vam iniciar un nou Projecte en qu\u00e8 els i les alumnes de 5\u00e8 de la nostra Escola aprenen a tocar l\u2019ukelele: el&hellip;  <a href=\"https:\/\/agora.xtec.cat\/ceiplaromanica\/projectes-descola\/projecte-ukeleles\/\" title=\"Read Projecte Ukeleles\">Llegeix m\u00e9s\u00bb<\/a><\/p>\n","protected":false},"author":1,"featured_media":0,"parent":64,"menu_order":24,"comment_status":"closed","ping_status":"closed","template":"page-templates\/side-menu.php","meta":{"_bbp_topic_count":0,"_bbp_reply_count":0,"_bbp_total_topic_count":0,"_bbp_total_reply_count":0,"_bbp_voice_count":0,"_bbp_anonymous_reply_count":0,"_bbp_topic_count_hidden":0,"_bbp_reply_count_hidden":0,"_bbp_forum_subforum_count":0,"footnotes":""},"class_list":["post-5540","page","type-page","status-publish","hentry"],"post_mailing_queue_ids":[],"_links":{"self":[{"href":"https:\/\/agora.xtec.cat\/ceiplaromanica\/wp-json\/wp\/v2\/pages\/5540","targetHints":{"allow":["GET"]}}],"collection":[{"href":"https:\/\/agora.xtec.cat\/ceiplaromanica\/wp-json\/wp\/v2\/pages"}],"about":[{"href":"https:\/\/agora.xtec.cat\/ceiplaromanica\/wp-json\/wp\/v2\/types\/page"}],"author":[{"embeddable":true,"href":"https:\/\/agora.xtec.cat\/ceiplaromanica\/wp-json\/wp\/v2\/users\/1"}],"replies":[{"embeddable":true,"href":"https:\/\/agora.xtec.cat\/ceiplaromanica\/wp-json\/wp\/v2\/comments?post=5540"}],"version-history":[{"count":5,"href":"https:\/\/agora.xtec.cat\/ceiplaromanica\/wp-json\/wp\/v2\/pages\/5540\/revisions"}],"predecessor-version":[{"id":6897,"href":"https:\/\/agora.xtec.cat\/ceiplaromanica\/wp-json\/wp\/v2\/pages\/5540\/revisions\/6897"}],"up":[{"embeddable":true,"href":"https:\/\/agora.xtec.cat\/ceiplaromanica\/wp-json\/wp\/v2\/pages\/64"}],"wp:attachment":[{"href":"https:\/\/agora.xtec.cat\/ceiplaromanica\/wp-json\/wp\/v2\/media?parent=5540"}],"curies":[{"name":"wp","href":"https:\/\/api.w.org\/{rel}","templated":true}]}}

<p>Per tal d’aprofitar els avantatges que té la música i la pràctica instrumental en l’aprenentatge i creixement personal de l’alumnat, el curs 24-25 vam iniciar un nou Projecte en què els i les alumnes de 5è de la nostra Escola aprenen a tocar l’ukelele: el Prejecte Ukeleles.</p>
<p>Al llarg de les diverses sessions l’alumnat aprèn les característiques d&#8217;aquest l’instrument de corda així com els principals acords, tipus de rasgueix i punteig, el xifrat americà i la lectura de tablatures.</p>
<p>A més a més, s&#8217;interpreta un repertori divers que va des de la música popular i/o tradicional fins el pop o el reggae.</p>
<p>Aprendre a interpretar un instrument és una experiència molt gratificant tant per als i les alumnes com per a la resta de la comunitat educativa que en podem gaudir durant diferents celebracions i esdeveniments escolars.</p>
<p>El Projecte Ukeleles compleix tots els requisits per a treballar, entre altres, l’expressió emocional, la psicomotricitat, la creativitat, el treball en equip, la millora de l’autoestima i l’autoconcepte, l’escolta, l’atenció i la memòria.</p>
<p><img loading="lazy" decoding="async" class="alignleft size-full wp-image-5956" src="https://agora.xtec.cat/ceiplaromanica/wp-content/uploads/usu1851/2025/01/1738164687201-82fc63e8-2e17-478e-b19f-1fa145d676c8_1.jpg" alt="" width="1024" height="722" srcset="https://agora.xtec.cat/ceiplaromanica/wp-content/uploads/usu1851/2025/01/1738164687201-82fc63e8-2e17-478e-b19f-1fa145d676c8_1.jpg 1024w, https://agora.xtec.cat/ceiplaromanica/wp-content/uploads/usu1851/2025/01/1738164687201-82fc63e8-2e17-478e-b19f-1fa145d676c8_1-300x212.jpg 300w, https://agora.xtec.cat/ceiplaromanica/wp-content/uploads/usu1851/2025/01/1738164687201-82fc63e8-2e17-478e-b19f-1fa145d676c8_1-768x542.jpg 768w" sizes="auto, (max-width: 1024px) 100vw, 1024px" /></p>

<p>Per tal d’aprofitar els avantatges que té la música i la pràctica instrumental en l’aprenentatge i creixement personal de l’alumnat, el curs 24-25 vam iniciar un nou Projecte en què els i les alumnes de 5è de la nostra Escola aprenen a tocar l’ukelele: el&hellip;  <a href="https://agora.xtec.cat/ceiplaromanica/projectes-descola/projecte-ukeleles/" title="Read Projecte Ukeleles">Llegeix més»</a></p>
