{"id":5446,"date":"2024-07-31T16:34:33","date_gmt":"2024-07-31T14:34:33","guid":{"rendered":"https:\/\/agora.xtec.cat\/ceiplaromanica\/?page_id=5446"},"modified":"2024-10-22T11:51:10","modified_gmt":"2024-10-22T09:51:10","slug":"projecte-anual-descola","status":"publish","type":"page","link":"https:\/\/agora.xtec.cat\/ceiplaromanica\/projectes-descola\/projecte-anual-descola\/","title":{"rendered":"Projecte Anual d&#8217;Escola"},"content":{"rendered":"<p>Durant tota una setmana, els alumnes i professionals de l&#8217;Escola,\u00a0 portem a terme el Projecte d&#8217;Escola que es centra en uns objectius concrets i parteix d&#8217;un inter\u00e8s com\u00fa de la comunitat educativa,\u00a0 d&#8217;una not\u00edcia,\u00a0 d&#8217;una tem\u00e0tica d&#8217;inter\u00e8s, d&#8217;un repte, d&#8217;una commemoraci\u00f3&#8230;<\/p>\n<p>&nbsp;<\/p>\n<p>Els Projectes portat a terme s\u00f3n:<\/p>\n<p>&nbsp;<\/p>\n<p>&#8211; Curs 23-24: ODS Salut i Benestar i ODS Acci\u00f3 pel clima.<\/p>\n<p>&nbsp;<\/p>\n<p>&#8211; Curs 24-25: Viatgem pel m\u00f3n!<\/p>\n<p>&nbsp;<\/p>\n<p>Al finalitzar el Projecte, els alumnes obren les aules a les fam\u00edlies per poder explicar i compartir els aprenentatges a partir dels productes finals elaborats: dec\u00e0legs, exposicions,\u00a0 v\u00eddeos divulgatius, can\u00e7ons&#8230;<\/p>\n","protected":false},"excerpt":{"rendered":"<p>Durant tota una setmana, els alumnes i professionals de l&#8217;Escola,\u00a0 portem a terme el Projecte d&#8217;Escola que es centra en uns objectius concrets i parteix d&#8217;un inter\u00e8s com\u00fa de la comunitat educativa,\u00a0 d&#8217;una not\u00edcia,\u00a0 d&#8217;una tem\u00e0tica d&#8217;inter\u00e8s, d&#8217;un repte, d&#8217;una commemoraci\u00f3&#8230;<br \/>\n&nbsp;<br \/>\nEls Projectes portat a terme&hellip;  <a href=\"https:\/\/agora.xtec.cat\/ceiplaromanica\/projectes-descola\/projecte-anual-descola\/\" title=\"Read Projecte Anual d&#8217;Escola\">Llegeix m\u00e9s\u00bb<\/a><\/p>\n","protected":false},"author":1,"featured_media":0,"parent":64,"menu_order":27,"comment_status":"closed","ping_status":"closed","template":"page-templates\/side-menu.php","meta":{"_bbp_topic_count":0,"_bbp_reply_count":0,"_bbp_total_topic_count":0,"_bbp_total_reply_count":0,"_bbp_voice_count":0,"_bbp_anonymous_reply_count":0,"_bbp_topic_count_hidden":0,"_bbp_reply_count_hidden":0,"_bbp_forum_subforum_count":0,"footnotes":""},"class_list":["post-5446","page","type-page","status-publish","hentry"],"post_mailing_queue_ids":[],"_links":{"self":[{"href":"https:\/\/agora.xtec.cat\/ceiplaromanica\/wp-json\/wp\/v2\/pages\/5446","targetHints":{"allow":["GET"]}}],"collection":[{"href":"https:\/\/agora.xtec.cat\/ceiplaromanica\/wp-json\/wp\/v2\/pages"}],"about":[{"href":"https:\/\/agora.xtec.cat\/ceiplaromanica\/wp-json\/wp\/v2\/types\/page"}],"author":[{"embeddable":true,"href":"https:\/\/agora.xtec.cat\/ceiplaromanica\/wp-json\/wp\/v2\/users\/1"}],"replies":[{"embeddable":true,"href":"https:\/\/agora.xtec.cat\/ceiplaromanica\/wp-json\/wp\/v2\/comments?post=5446"}],"version-history":[{"count":2,"href":"https:\/\/agora.xtec.cat\/ceiplaromanica\/wp-json\/wp\/v2\/pages\/5446\/revisions"}],"predecessor-version":[{"id":6162,"href":"https:\/\/agora.xtec.cat\/ceiplaromanica\/wp-json\/wp\/v2\/pages\/5446\/revisions\/6162"}],"up":[{"embeddable":true,"href":"https:\/\/agora.xtec.cat\/ceiplaromanica\/wp-json\/wp\/v2\/pages\/64"}],"wp:attachment":[{"href":"https:\/\/agora.xtec.cat\/ceiplaromanica\/wp-json\/wp\/v2\/media?parent=5446"}],"curies":[{"name":"wp","href":"https:\/\/api.w.org\/{rel}","templated":true}]}}

<p>Durant tota una setmana, els alumnes i professionals de l&#8217;Escola,  portem a terme el Projecte d&#8217;Escola que es centra en uns objectius concrets i parteix d&#8217;un interès comú de la comunitat educativa,  d&#8217;una notícia,  d&#8217;una temàtica d&#8217;interès, d&#8217;un repte, d&#8217;una commemoració&#8230;</p>
<p>&nbsp;</p>
<p>Els Projectes portat a terme són:</p>
<p>&nbsp;</p>
<p>&#8211; Curs 23-24: ODS Salut i Benestar i ODS Acció pel clima.</p>
<p>&nbsp;</p>
<p>&#8211; Curs 24-25: Viatgem pel món!</p>
<p>&nbsp;</p>
<p>Al finalitzar el Projecte, els alumnes obren les aules a les famílies per poder explicar i compartir els aprenentatges a partir dels productes finals elaborats: decàlegs, exposicions,  vídeos divulgatius, cançons&#8230;</p>

<p>Durant tota una setmana, els alumnes i professionals de l&#8217;Escola,  portem a terme el Projecte d&#8217;Escola que es centra en uns objectius concrets i parteix d&#8217;un interès comú de la comunitat educativa,  d&#8217;una notícia,  d&#8217;una temàtica d&#8217;interès, d&#8217;un repte, d&#8217;una commemoració&#8230;<br />
&nbsp;<br />
Els Projectes portat a terme&hellip;  <a href="https://agora.xtec.cat/ceiplaromanica/projectes-descola/projecte-anual-descola/" title="Read Projecte Anual d&#8217;Escola">Llegeix més»</a></p>
