{"id":5426,"date":"2024-10-19T23:59:57","date_gmt":"2024-10-19T21:59:57","guid":{"rendered":"https:\/\/agora.xtec.cat\/ceiplaromanica\/?page_id=5426"},"modified":"2025-11-01T10:51:10","modified_gmt":"2025-11-01T09:51:10","slug":"propostes-daula","status":"publish","type":"page","link":"https:\/\/agora.xtec.cat\/ceiplaromanica\/projectes-descola\/propostes-daula\/","title":{"rendered":"Propostes d&#8217;aula"},"content":{"rendered":"<p><img loading=\"lazy\" decoding=\"async\" class=\"alignleft size-full wp-image-6187\" src=\"https:\/\/agora.xtec.cat\/ceiplaromanica\/wp-content\/uploads\/usu1851\/2025\/02\/hivern2-1-scaled.jpg\" alt=\"\" width=\"2560\" height=\"1922\" srcset=\"https:\/\/agora.xtec.cat\/ceiplaromanica\/wp-content\/uploads\/usu1851\/2025\/02\/hivern2-1-scaled.jpg 2560w, https:\/\/agora.xtec.cat\/ceiplaromanica\/wp-content\/uploads\/usu1851\/2025\/02\/hivern2-1-300x225.jpg 300w, https:\/\/agora.xtec.cat\/ceiplaromanica\/wp-content\/uploads\/usu1851\/2025\/02\/hivern2-1-1024x769.jpg 1024w, https:\/\/agora.xtec.cat\/ceiplaromanica\/wp-content\/uploads\/usu1851\/2025\/02\/hivern2-1-768x577.jpg 768w, https:\/\/agora.xtec.cat\/ceiplaromanica\/wp-content\/uploads\/usu1851\/2025\/02\/hivern2-1-1536x1153.jpg 1536w, https:\/\/agora.xtec.cat\/ceiplaromanica\/wp-content\/uploads\/usu1851\/2025\/02\/hivern2-1-2048x1538.jpg 2048w, https:\/\/agora.xtec.cat\/ceiplaromanica\/wp-content\/uploads\/usu1851\/2025\/02\/hivern2-1-200x150.jpg 200w\" sizes=\"auto, (max-width: 2560px) 100vw, 2560px\" \/>Per donar resposta a la diversitat, a l&#8217;etapa d&#8217;educaci\u00f3 infantil i a cicle inicial es porten a terme v\u00e0ries sessions de propostes d&#8217;aula.<\/p>\n<p>En el cas d&#8217;educaci\u00f3 infantil les propostes es basen en el desenvolupament del llenguatge matem\u00e0tic, ling\u00fc\u00edstic i art\u00edstic.<\/p>\n<p>En el cas de cicle inicial, es tracta d&#8217;una proposta metodol\u00f2gica per desenvolupar la compet\u00e8ncia ling\u00fc\u00edstica en llengua catalana, la compet\u00e8ncia matem\u00e0tica i l&#8217;\u00e0reade medi.<\/p>\n<p><img loading=\"lazy\" decoding=\"async\" class=\"alignleft size-full wp-image-6116\" src=\"https:\/\/agora.xtec.cat\/ceiplaromanica\/wp-content\/uploads\/usu1851\/2025\/02\/image7-1-1-rotated.jpeg\" alt=\"\" width=\"1512\" height=\"2016\" srcset=\"https:\/\/agora.xtec.cat\/ceiplaromanica\/wp-content\/uploads\/usu1851\/2025\/02\/image7-1-1-rotated.jpeg 1512w, https:\/\/agora.xtec.cat\/ceiplaromanica\/wp-content\/uploads\/usu1851\/2025\/02\/image7-1-1-225x300.jpeg 225w, https:\/\/agora.xtec.cat\/ceiplaromanica\/wp-content\/uploads\/usu1851\/2025\/02\/image7-1-1-768x1024.jpeg 768w, https:\/\/agora.xtec.cat\/ceiplaromanica\/wp-content\/uploads\/usu1851\/2025\/02\/image7-1-1-1152x1536.jpeg 1152w\" sizes=\"auto, (max-width: 1512px) 100vw, 1512px\" \/><\/p>\n<p><img loading=\"lazy\" decoding=\"async\" class=\"alignleft size-full wp-image-6114\" src=\"https:\/\/agora.xtec.cat\/ceiplaromanica\/wp-content\/uploads\/usu1851\/2025\/02\/20241107_121319-1.jpg\" alt=\"\" width=\"2000\" height=\"1125\" srcset=\"https:\/\/agora.xtec.cat\/ceiplaromanica\/wp-content\/uploads\/usu1851\/2025\/02\/20241107_121319-1.jpg 2000w, https:\/\/agora.xtec.cat\/ceiplaromanica\/wp-content\/uploads\/usu1851\/2025\/02\/20241107_121319-1-300x169.jpg 300w, https:\/\/agora.xtec.cat\/ceiplaromanica\/wp-content\/uploads\/usu1851\/2025\/02\/20241107_121319-1-1024x576.jpg 1024w, https:\/\/agora.xtec.cat\/ceiplaromanica\/wp-content\/uploads\/usu1851\/2025\/02\/20241107_121319-1-768x432.jpg 768w, https:\/\/agora.xtec.cat\/ceiplaromanica\/wp-content\/uploads\/usu1851\/2025\/02\/20241107_121319-1-1536x864.jpg 1536w\" sizes=\"auto, (max-width: 2000px) 100vw, 2000px\" \/><\/p>\n<p><img loading=\"lazy\" decoding=\"async\" class=\"alignleft size-full wp-image-6086\" src=\"https:\/\/agora.xtec.cat\/ceiplaromanica\/wp-content\/uploads\/usu1851\/2025\/02\/image6-4.jpeg\" alt=\"\" width=\"2016\" height=\"1512\" srcset=\"https:\/\/agora.xtec.cat\/ceiplaromanica\/wp-content\/uploads\/usu1851\/2025\/02\/image6-4.jpeg 2016w, https:\/\/agora.xtec.cat\/ceiplaromanica\/wp-content\/uploads\/usu1851\/2025\/02\/image6-4-300x225.jpeg 300w, https:\/\/agora.xtec.cat\/ceiplaromanica\/wp-content\/uploads\/usu1851\/2025\/02\/image6-4-1024x768.jpeg 1024w, https:\/\/agora.xtec.cat\/ceiplaromanica\/wp-content\/uploads\/usu1851\/2025\/02\/image6-4-768x576.jpeg 768w, https:\/\/agora.xtec.cat\/ceiplaromanica\/wp-content\/uploads\/usu1851\/2025\/02\/image6-4-1536x1152.jpeg 1536w, https:\/\/agora.xtec.cat\/ceiplaromanica\/wp-content\/uploads\/usu1851\/2025\/02\/image6-4-200x150.jpeg 200w\" sizes=\"auto, (max-width: 2016px) 100vw, 2016px\" \/> <img loading=\"lazy\" decoding=\"async\" class=\"alignleft size-full wp-image-6084\" src=\"https:\/\/agora.xtec.cat\/ceiplaromanica\/wp-content\/uploads\/usu1851\/2025\/02\/image3-8.jpeg\" alt=\"\" width=\"2016\" height=\"1512\" srcset=\"https:\/\/agora.xtec.cat\/ceiplaromanica\/wp-content\/uploads\/usu1851\/2025\/02\/image3-8.jpeg 2016w, https:\/\/agora.xtec.cat\/ceiplaromanica\/wp-content\/uploads\/usu1851\/2025\/02\/image3-8-300x225.jpeg 300w, https:\/\/agora.xtec.cat\/ceiplaromanica\/wp-content\/uploads\/usu1851\/2025\/02\/image3-8-1024x768.jpeg 1024w, https:\/\/agora.xtec.cat\/ceiplaromanica\/wp-content\/uploads\/usu1851\/2025\/02\/image3-8-768x576.jpeg 768w, https:\/\/agora.xtec.cat\/ceiplaromanica\/wp-content\/uploads\/usu1851\/2025\/02\/image3-8-1536x1152.jpeg 1536w, https:\/\/agora.xtec.cat\/ceiplaromanica\/wp-content\/uploads\/usu1851\/2025\/02\/image3-8-200x150.jpeg 200w\" sizes=\"auto, (max-width: 2016px) 100vw, 2016px\" \/><\/p>\n","protected":false},"excerpt":{"rendered":"<p>Per donar resposta a la diversitat, a l&#8217;etapa d&#8217;educaci\u00f3 infantil i a cicle inicial es porten a terme v\u00e0ries sessions de propostes d&#8217;aula.<br \/>\nEn el cas d&#8217;educaci\u00f3 infantil les propostes es basen en el desenvolupament del llenguatge matem\u00e0tic, ling\u00fc\u00edstic i art\u00edstic.<br \/>\nEn el cas de cicle inicial,&hellip;  <a href=\"https:\/\/agora.xtec.cat\/ceiplaromanica\/projectes-descola\/propostes-daula\/\" title=\"Read Propostes d&#8217;aula\">Llegeix m\u00e9s\u00bb<\/a><\/p>\n","protected":false},"author":1,"featured_media":0,"parent":64,"menu_order":28,"comment_status":"closed","ping_status":"closed","template":"page-templates\/side-menu.php","meta":{"_bbp_topic_count":0,"_bbp_reply_count":0,"_bbp_total_topic_count":0,"_bbp_total_reply_count":0,"_bbp_voice_count":0,"_bbp_anonymous_reply_count":0,"_bbp_topic_count_hidden":0,"_bbp_reply_count_hidden":0,"_bbp_forum_subforum_count":0,"footnotes":""},"class_list":["post-5426","page","type-page","status-publish","hentry"],"post_mailing_queue_ids":[],"_links":{"self":[{"href":"https:\/\/agora.xtec.cat\/ceiplaromanica\/wp-json\/wp\/v2\/pages\/5426","targetHints":{"allow":["GET"]}}],"collection":[{"href":"https:\/\/agora.xtec.cat\/ceiplaromanica\/wp-json\/wp\/v2\/pages"}],"about":[{"href":"https:\/\/agora.xtec.cat\/ceiplaromanica\/wp-json\/wp\/v2\/types\/page"}],"author":[{"embeddable":true,"href":"https:\/\/agora.xtec.cat\/ceiplaromanica\/wp-json\/wp\/v2\/users\/1"}],"replies":[{"embeddable":true,"href":"https:\/\/agora.xtec.cat\/ceiplaromanica\/wp-json\/wp\/v2\/comments?post=5426"}],"version-history":[{"count":5,"href":"https:\/\/agora.xtec.cat\/ceiplaromanica\/wp-json\/wp\/v2\/pages\/5426\/revisions"}],"predecessor-version":[{"id":6895,"href":"https:\/\/agora.xtec.cat\/ceiplaromanica\/wp-json\/wp\/v2\/pages\/5426\/revisions\/6895"}],"up":[{"embeddable":true,"href":"https:\/\/agora.xtec.cat\/ceiplaromanica\/wp-json\/wp\/v2\/pages\/64"}],"wp:attachment":[{"href":"https:\/\/agora.xtec.cat\/ceiplaromanica\/wp-json\/wp\/v2\/media?parent=5426"}],"curies":[{"name":"wp","href":"https:\/\/api.w.org\/{rel}","templated":true}]}}

<p><img loading="lazy" decoding="async" class="alignleft size-full wp-image-6187" src="https://agora.xtec.cat/ceiplaromanica/wp-content/uploads/usu1851/2025/02/hivern2-1-scaled.jpg" alt="" width="2560" height="1922" srcset="https://agora.xtec.cat/ceiplaromanica/wp-content/uploads/usu1851/2025/02/hivern2-1-scaled.jpg 2560w, https://agora.xtec.cat/ceiplaromanica/wp-content/uploads/usu1851/2025/02/hivern2-1-300x225.jpg 300w, https://agora.xtec.cat/ceiplaromanica/wp-content/uploads/usu1851/2025/02/hivern2-1-1024x769.jpg 1024w, https://agora.xtec.cat/ceiplaromanica/wp-content/uploads/usu1851/2025/02/hivern2-1-768x577.jpg 768w, https://agora.xtec.cat/ceiplaromanica/wp-content/uploads/usu1851/2025/02/hivern2-1-1536x1153.jpg 1536w, https://agora.xtec.cat/ceiplaromanica/wp-content/uploads/usu1851/2025/02/hivern2-1-2048x1538.jpg 2048w, https://agora.xtec.cat/ceiplaromanica/wp-content/uploads/usu1851/2025/02/hivern2-1-200x150.jpg 200w" sizes="auto, (max-width: 2560px) 100vw, 2560px" />Per donar resposta a la diversitat, a l&#8217;etapa d&#8217;educació infantil i a cicle inicial es porten a terme vàries sessions de propostes d&#8217;aula.</p>
<p>En el cas d&#8217;educació infantil les propostes es basen en el desenvolupament del llenguatge matemàtic, lingüístic i artístic.</p>
<p>En el cas de cicle inicial, es tracta d&#8217;una proposta metodològica per desenvolupar la competència lingüística en llengua catalana, la competència matemàtica i l&#8217;àreade medi.</p>
<p><img loading="lazy" decoding="async" class="alignleft size-full wp-image-6116" src="https://agora.xtec.cat/ceiplaromanica/wp-content/uploads/usu1851/2025/02/image7-1-1-rotated.jpeg" alt="" width="1512" height="2016" srcset="https://agora.xtec.cat/ceiplaromanica/wp-content/uploads/usu1851/2025/02/image7-1-1-rotated.jpeg 1512w, https://agora.xtec.cat/ceiplaromanica/wp-content/uploads/usu1851/2025/02/image7-1-1-225x300.jpeg 225w, https://agora.xtec.cat/ceiplaromanica/wp-content/uploads/usu1851/2025/02/image7-1-1-768x1024.jpeg 768w, https://agora.xtec.cat/ceiplaromanica/wp-content/uploads/usu1851/2025/02/image7-1-1-1152x1536.jpeg 1152w" sizes="auto, (max-width: 1512px) 100vw, 1512px" /></p>
<p><img loading="lazy" decoding="async" class="alignleft size-full wp-image-6114" src="https://agora.xtec.cat/ceiplaromanica/wp-content/uploads/usu1851/2025/02/20241107_121319-1.jpg" alt="" width="2000" height="1125" srcset="https://agora.xtec.cat/ceiplaromanica/wp-content/uploads/usu1851/2025/02/20241107_121319-1.jpg 2000w, https://agora.xtec.cat/ceiplaromanica/wp-content/uploads/usu1851/2025/02/20241107_121319-1-300x169.jpg 300w, https://agora.xtec.cat/ceiplaromanica/wp-content/uploads/usu1851/2025/02/20241107_121319-1-1024x576.jpg 1024w, https://agora.xtec.cat/ceiplaromanica/wp-content/uploads/usu1851/2025/02/20241107_121319-1-768x432.jpg 768w, https://agora.xtec.cat/ceiplaromanica/wp-content/uploads/usu1851/2025/02/20241107_121319-1-1536x864.jpg 1536w" sizes="auto, (max-width: 2000px) 100vw, 2000px" /></p>
<p><img loading="lazy" decoding="async" class="alignleft size-full wp-image-6086" src="https://agora.xtec.cat/ceiplaromanica/wp-content/uploads/usu1851/2025/02/image6-4.jpeg" alt="" width="2016" height="1512" srcset="https://agora.xtec.cat/ceiplaromanica/wp-content/uploads/usu1851/2025/02/image6-4.jpeg 2016w, https://agora.xtec.cat/ceiplaromanica/wp-content/uploads/usu1851/2025/02/image6-4-300x225.jpeg 300w, https://agora.xtec.cat/ceiplaromanica/wp-content/uploads/usu1851/2025/02/image6-4-1024x768.jpeg 1024w, https://agora.xtec.cat/ceiplaromanica/wp-content/uploads/usu1851/2025/02/image6-4-768x576.jpeg 768w, https://agora.xtec.cat/ceiplaromanica/wp-content/uploads/usu1851/2025/02/image6-4-1536x1152.jpeg 1536w, https://agora.xtec.cat/ceiplaromanica/wp-content/uploads/usu1851/2025/02/image6-4-200x150.jpeg 200w" sizes="auto, (max-width: 2016px) 100vw, 2016px" /> <img loading="lazy" decoding="async" class="alignleft size-full wp-image-6084" src="https://agora.xtec.cat/ceiplaromanica/wp-content/uploads/usu1851/2025/02/image3-8.jpeg" alt="" width="2016" height="1512" srcset="https://agora.xtec.cat/ceiplaromanica/wp-content/uploads/usu1851/2025/02/image3-8.jpeg 2016w, https://agora.xtec.cat/ceiplaromanica/wp-content/uploads/usu1851/2025/02/image3-8-300x225.jpeg 300w, https://agora.xtec.cat/ceiplaromanica/wp-content/uploads/usu1851/2025/02/image3-8-1024x768.jpeg 1024w, https://agora.xtec.cat/ceiplaromanica/wp-content/uploads/usu1851/2025/02/image3-8-768x576.jpeg 768w, https://agora.xtec.cat/ceiplaromanica/wp-content/uploads/usu1851/2025/02/image3-8-1536x1152.jpeg 1536w, https://agora.xtec.cat/ceiplaromanica/wp-content/uploads/usu1851/2025/02/image3-8-200x150.jpeg 200w" sizes="auto, (max-width: 2016px) 100vw, 2016px" /></p>

<p>Per donar resposta a la diversitat, a l&#8217;etapa d&#8217;educació infantil i a cicle inicial es porten a terme vàries sessions de propostes d&#8217;aula.<br />
En el cas d&#8217;educació infantil les propostes es basen en el desenvolupament del llenguatge matemàtic, lingüístic i artístic.<br />
En el cas de cicle inicial,&hellip;  <a href="https://agora.xtec.cat/ceiplaromanica/projectes-descola/propostes-daula/" title="Read Propostes d&#8217;aula">Llegeix més»</a></p>
