{"id":516,"date":"2018-09-06T21:24:07","date_gmt":"2018-09-06T19:24:07","guid":{"rendered":"http:\/\/agora.xtec.cat\/ceiplaromanica\/?page_id=516"},"modified":"2025-06-02T14:06:14","modified_gmt":"2025-06-02T12:06:14","slug":"revista","status":"publish","type":"page","link":"https:\/\/agora.xtec.cat\/ceiplaromanica\/projectes-descola\/revista\/","title":{"rendered":"Revista &#8220;De mica en mica&#8221;"},"content":{"rendered":"<p>&#8220;De mica en mica&#8221; \u00e9s la revista de publicaci\u00f3 anual de la nostra Escola on es poden con\u00e8ixer alguns dels treballs per projectes que els alumnes van realitzant al llarg del curs. Desitgem que gaudiu amb les diferents edicions!!!\ud83d\ude0a<\/p>\n<p><a href=\"https:\/\/agora.xtec.cat\/ceiplaromanica\/wp-content\/uploads\/usu1851\/2021\/06\/REVISTA-ESCOLA-DE-MICA-EN-MICA-2020-2021.pdf\">REVISTA D&#8217;ESCOLA DE MICA EN MICA 2020-2021<\/a><\/p>\n<p><a href=\"https:\/\/app.dinantia.com\/api\/system\/track_link\/FgfTeQkenQ99\/10109644?original_url=https%3A%2F%2Fwww.calameo.com%2Fbooks%2F007405690b109d5159f03\">REVISTA D&#8217;ESCOLA DE MICA EN MICA 2022-2023<\/a><\/p>\n<p><a href=\"https:\/\/www.calameo.com\/read\/007623126b31a5321ef38?authid=hBCEXQnTuVS4\">REVISTA D&#8217;ESCOLA DE MICA EN MICA 2023-2024<\/a><\/p>\n<p><a href=\"https:\/\/www.calameo.com\/read\/00795179296659c6c30c1?authid=D3IprEYlWVXn\">REVISTA D&#8217;ESCOLA DE MICA EN MICA 2024-2025<\/a><\/p>\n<p>&nbsp;<\/p>\n","protected":false},"excerpt":{"rendered":"<p>&#8220;De mica en mica&#8221; \u00e9s la revista de publicaci\u00f3 anual de la nostra Escola on es poden con\u00e8ixer alguns dels treballs per projectes que els alumnes van realitzant al llarg del curs. Desitgem que gaudiu amb les diferents edicions!!!\ud83d\ude0a<br \/>\n<a href=\"https:\/\/agora.xtec.cat\/ceiplaromanica\/wp-content\/uploads\/usu1851\/2021\/06\/REVISTA-ESCOLA-DE-MICA-EN-MICA-2020-2021.pdf\">REVISTA D&#8217;ESCOLA DE MICA EN MICA&hellip;  <a href=\"https:\/\/agora.xtec.cat\/ceiplaromanica\/projectes-descola\/revista\/\" title=\"Read Revista &#8220;De mica en mica&#8221;\">Llegeix m\u00e9s\u00bb<\/a><\/p>\n","protected":false},"author":1,"featured_media":0,"parent":64,"menu_order":5,"comment_status":"closed","ping_status":"closed","template":"page-templates\/side-menu.php","meta":{"_bbp_topic_count":0,"_bbp_reply_count":0,"_bbp_total_topic_count":0,"_bbp_total_reply_count":0,"_bbp_voice_count":0,"_bbp_anonymous_reply_count":0,"_bbp_topic_count_hidden":0,"_bbp_reply_count_hidden":0,"_bbp_forum_subforum_count":0,"footnotes":""},"class_list":["post-516","page","type-page","status-publish","hentry"],"post_mailing_queue_ids":[],"_links":{"self":[{"href":"https:\/\/agora.xtec.cat\/ceiplaromanica\/wp-json\/wp\/v2\/pages\/516","targetHints":{"allow":["GET"]}}],"collection":[{"href":"https:\/\/agora.xtec.cat\/ceiplaromanica\/wp-json\/wp\/v2\/pages"}],"about":[{"href":"https:\/\/agora.xtec.cat\/ceiplaromanica\/wp-json\/wp\/v2\/types\/page"}],"author":[{"embeddable":true,"href":"https:\/\/agora.xtec.cat\/ceiplaromanica\/wp-json\/wp\/v2\/users\/1"}],"replies":[{"embeddable":true,"href":"https:\/\/agora.xtec.cat\/ceiplaromanica\/wp-json\/wp\/v2\/comments?post=516"}],"version-history":[{"count":7,"href":"https:\/\/agora.xtec.cat\/ceiplaromanica\/wp-json\/wp\/v2\/pages\/516\/revisions"}],"predecessor-version":[{"id":6518,"href":"https:\/\/agora.xtec.cat\/ceiplaromanica\/wp-json\/wp\/v2\/pages\/516\/revisions\/6518"}],"up":[{"embeddable":true,"href":"https:\/\/agora.xtec.cat\/ceiplaromanica\/wp-json\/wp\/v2\/pages\/64"}],"wp:attachment":[{"href":"https:\/\/agora.xtec.cat\/ceiplaromanica\/wp-json\/wp\/v2\/media?parent=516"}],"curies":[{"name":"wp","href":"https:\/\/api.w.org\/{rel}","templated":true}]}}

<p>&#8220;De mica en mica&#8221; és la revista de publicació anual de la nostra Escola on es poden conèixer alguns dels treballs per projectes que els alumnes van realitzant al llarg del curs. Desitgem que gaudiu amb les diferents edicions!!!😊</p>
<p><a href="https://agora.xtec.cat/ceiplaromanica/wp-content/uploads/usu1851/2021/06/REVISTA-ESCOLA-DE-MICA-EN-MICA-2020-2021.pdf">REVISTA D&#8217;ESCOLA DE MICA EN MICA 2020-2021</a></p>
<p><a href="https://app.dinantia.com/api/system/track_link/FgfTeQkenQ99/10109644?original_url=https%3A%2F%2Fwww.calameo.com%2Fbooks%2F007405690b109d5159f03">REVISTA D&#8217;ESCOLA DE MICA EN MICA 2022-2023</a></p>
<p><a href="https://www.calameo.com/read/007623126b31a5321ef38?authid=hBCEXQnTuVS4">REVISTA D&#8217;ESCOLA DE MICA EN MICA 2023-2024</a></p>
<p><a href="https://www.calameo.com/read/00795179296659c6c30c1?authid=D3IprEYlWVXn">REVISTA D&#8217;ESCOLA DE MICA EN MICA 2024-2025</a></p>
<p>&nbsp;</p>

<p>&#8220;De mica en mica&#8221; és la revista de publicació anual de la nostra Escola on es poden conèixer alguns dels treballs per projectes que els alumnes van realitzant al llarg del curs. Desitgem que gaudiu amb les diferents edicions!!!😊<br />
<a href="https://agora.xtec.cat/ceiplaromanica/wp-content/uploads/usu1851/2021/06/REVISTA-ESCOLA-DE-MICA-EN-MICA-2020-2021.pdf">REVISTA D&#8217;ESCOLA DE MICA EN MICA&hellip;  <a href="https://agora.xtec.cat/ceiplaromanica/projectes-descola/revista/" title="Read Revista &#8220;De mica en mica&#8221;">Llegeix més»</a></p>
