{"id":512,"date":"2018-09-06T21:23:02","date_gmt":"2018-09-06T19:23:02","guid":{"rendered":"http:\/\/agora.xtec.cat\/ceiplaromanica\/?page_id=512"},"modified":"2024-10-22T08:22:09","modified_gmt":"2024-10-22T06:22:09","slug":"impuls-de-la-lectura","status":"publish","type":"page","link":"https:\/\/agora.xtec.cat\/ceiplaromanica\/projectes-descola\/impuls-de-la-lectura\/","title":{"rendered":"Impuls de la lectura"},"content":{"rendered":"<p>A l\u2019Escola realitzem v\u00e0ries activitats per desenvolupar el gust per la lectura.<\/p>\n<p>Durant els cursos 2016-19, el claustre vam fer la formaci\u00f3 ILEC per tal de seguir fomentant la lectura en el nostre alumnat.<\/p>\n<p>Algunes de les propostes que portem a terme durant el temps de lectura s\u00f3n: dinamitzacions lectores, lectura per parelles, modelatges, converses liter\u00e0ries,\u00a0 lectura en veu alta&#8230;<\/p>\n<p>Amb l&#8217;objectiu de millorar el nivell de comprensi\u00f3 lectora dels nostres alumnes, realitzem tallers de lectura per treballar les diferents estrat\u00e8gies de comprensi\u00f3: visualitzar, fer hip\u00f2tesis, fer-se preguntes, inferir, reorganitzar i resumir informacions.<\/p>\n<p><img loading=\"lazy\" decoding=\"async\" class=\"alignleft size-full wp-image-3441\" src=\"https:\/\/agora.xtec.cat\/ceiplaromanica\/wp-content\/uploads\/usu1851\/2023\/03\/llegimunconte4.jpg\" alt=\"\" width=\"443\" height=\"591\" srcset=\"https:\/\/agora.xtec.cat\/ceiplaromanica\/wp-content\/uploads\/usu1851\/2023\/03\/llegimunconte4.jpg 443w, https:\/\/agora.xtec.cat\/ceiplaromanica\/wp-content\/uploads\/usu1851\/2023\/03\/llegimunconte4-225x300.jpg 225w\" sizes=\"auto, (max-width: 443px) 100vw, 443px\" \/><\/p>\n","protected":false},"excerpt":{"rendered":"<p>A l\u2019Escola realitzem v\u00e0ries activitats per desenvolupar el gust per la lectura.<br \/>\nDurant els cursos 2016-19, el claustre vam fer la formaci\u00f3 ILEC per tal de seguir fomentant la lectura en el nostre alumnat.<br \/>\nAlgunes de les propostes que portem a terme durant el temps de lectura&hellip;  <a href=\"https:\/\/agora.xtec.cat\/ceiplaromanica\/projectes-descola\/impuls-de-la-lectura\/\" title=\"Read Impuls de la lectura\">Llegeix m\u00e9s\u00bb<\/a><\/p>\n","protected":false},"author":1,"featured_media":0,"parent":64,"menu_order":7,"comment_status":"closed","ping_status":"closed","template":"page-templates\/side-menu.php","meta":{"_bbp_topic_count":0,"_bbp_reply_count":0,"_bbp_total_topic_count":0,"_bbp_total_reply_count":0,"_bbp_voice_count":0,"_bbp_anonymous_reply_count":0,"_bbp_topic_count_hidden":0,"_bbp_reply_count_hidden":0,"_bbp_forum_subforum_count":0,"footnotes":""},"class_list":["post-512","page","type-page","status-publish","hentry"],"post_mailing_queue_ids":[],"_links":{"self":[{"href":"https:\/\/agora.xtec.cat\/ceiplaromanica\/wp-json\/wp\/v2\/pages\/512","targetHints":{"allow":["GET"]}}],"collection":[{"href":"https:\/\/agora.xtec.cat\/ceiplaromanica\/wp-json\/wp\/v2\/pages"}],"about":[{"href":"https:\/\/agora.xtec.cat\/ceiplaromanica\/wp-json\/wp\/v2\/types\/page"}],"author":[{"embeddable":true,"href":"https:\/\/agora.xtec.cat\/ceiplaromanica\/wp-json\/wp\/v2\/users\/1"}],"replies":[{"embeddable":true,"href":"https:\/\/agora.xtec.cat\/ceiplaromanica\/wp-json\/wp\/v2\/comments?post=512"}],"version-history":[{"count":4,"href":"https:\/\/agora.xtec.cat\/ceiplaromanica\/wp-json\/wp\/v2\/pages\/512\/revisions"}],"predecessor-version":[{"id":5562,"href":"https:\/\/agora.xtec.cat\/ceiplaromanica\/wp-json\/wp\/v2\/pages\/512\/revisions\/5562"}],"up":[{"embeddable":true,"href":"https:\/\/agora.xtec.cat\/ceiplaromanica\/wp-json\/wp\/v2\/pages\/64"}],"wp:attachment":[{"href":"https:\/\/agora.xtec.cat\/ceiplaromanica\/wp-json\/wp\/v2\/media?parent=512"}],"curies":[{"name":"wp","href":"https:\/\/api.w.org\/{rel}","templated":true}]}}

<p>A l’Escola realitzem vàries activitats per desenvolupar el gust per la lectura.</p>
<p>Durant els cursos 2016-19, el claustre vam fer la formació ILEC per tal de seguir fomentant la lectura en el nostre alumnat.</p>
<p>Algunes de les propostes que portem a terme durant el temps de lectura són: dinamitzacions lectores, lectura per parelles, modelatges, converses literàries,  lectura en veu alta&#8230;</p>
<p>Amb l&#8217;objectiu de millorar el nivell de comprensió lectora dels nostres alumnes, realitzem tallers de lectura per treballar les diferents estratègies de comprensió: visualitzar, fer hipòtesis, fer-se preguntes, inferir, reorganitzar i resumir informacions.</p>
<p><img loading="lazy" decoding="async" class="alignleft size-full wp-image-3441" src="https://agora.xtec.cat/ceiplaromanica/wp-content/uploads/usu1851/2023/03/llegimunconte4.jpg" alt="" width="443" height="591" srcset="https://agora.xtec.cat/ceiplaromanica/wp-content/uploads/usu1851/2023/03/llegimunconte4.jpg 443w, https://agora.xtec.cat/ceiplaromanica/wp-content/uploads/usu1851/2023/03/llegimunconte4-225x300.jpg 225w" sizes="auto, (max-width: 443px) 100vw, 443px" /></p>

<p>A l’Escola realitzem vàries activitats per desenvolupar el gust per la lectura.<br />
Durant els cursos 2016-19, el claustre vam fer la formació ILEC per tal de seguir fomentant la lectura en el nostre alumnat.<br />
Algunes de les propostes que portem a terme durant el temps de lectura&hellip;  <a href="https://agora.xtec.cat/ceiplaromanica/projectes-descola/impuls-de-la-lectura/" title="Read Impuls de la lectura">Llegeix més»</a></p>
