{"id":504,"date":"2018-09-06T21:15:59","date_gmt":"2018-09-06T19:15:59","guid":{"rendered":"http:\/\/agora.xtec.cat\/ceiplaromanica\/?page_id=504"},"modified":"2024-10-22T08:22:30","modified_gmt":"2024-10-22T06:22:30","slug":"cursa","status":"publish","type":"page","link":"https:\/\/agora.xtec.cat\/ceiplaromanica\/projectes-descola\/cursa\/","title":{"rendered":"Cursa de la primavera"},"content":{"rendered":"<h3>Cada any, durant el mes de maig celebrem la Cursa de la primavera.<\/h3>\n<p>Es tracta d&#8217;una Cursa no competitiva, organitzada des de l&#8217;Escola amb la col\u00b7laboraci\u00f3 de l&#8217;AMPA, oberta a tota la comunitat educativa i ve\u00efns del barri, per promoure l&#8217;activitat f\u00edsica en un entorn l\u00fadic i festiu.<\/p>\n<p>Cursa 22-23:<\/p>\n<h3><a href=\"https:\/\/agora.xtec.cat\/ceiplaromanica\/wp-content\/uploads\/usu1851\/2023\/03\/26a-CURSA-DE-LA-PRIMAVERA-1.pdf\">26a CURSA DE LA PRIMAVERA<\/a><\/h3>\n<p>&nbsp;<\/p>\n<p>&nbsp;<\/p>\n<p>&nbsp;<\/p>\n","protected":false},"excerpt":{"rendered":"<p>Cada any, durant el mes de maig celebrem la Cursa de la primavera.<br \/>\nEs tracta d&#8217;una Cursa no competitiva, organitzada des de l&#8217;Escola amb la col\u00b7laboraci\u00f3 de l&#8217;AMPA, oberta a tota la comunitat educativa i ve\u00efns del barri, per promoure l&#8217;activitat f\u00edsica en un entorn l\u00fadic&hellip;  <a href=\"https:\/\/agora.xtec.cat\/ceiplaromanica\/projectes-descola\/cursa\/\" title=\"Read Cursa de la primavera\">Llegeix m\u00e9s\u00bb<\/a><\/p>\n","protected":false},"author":1,"featured_media":0,"parent":64,"menu_order":8,"comment_status":"closed","ping_status":"closed","template":"page-templates\/side-menu.php","meta":{"_bbp_topic_count":0,"_bbp_reply_count":0,"_bbp_total_topic_count":0,"_bbp_total_reply_count":0,"_bbp_voice_count":0,"_bbp_anonymous_reply_count":0,"_bbp_topic_count_hidden":0,"_bbp_reply_count_hidden":0,"_bbp_forum_subforum_count":0,"footnotes":""},"class_list":["post-504","page","type-page","status-publish","hentry"],"post_mailing_queue_ids":[],"_links":{"self":[{"href":"https:\/\/agora.xtec.cat\/ceiplaromanica\/wp-json\/wp\/v2\/pages\/504","targetHints":{"allow":["GET"]}}],"collection":[{"href":"https:\/\/agora.xtec.cat\/ceiplaromanica\/wp-json\/wp\/v2\/pages"}],"about":[{"href":"https:\/\/agora.xtec.cat\/ceiplaromanica\/wp-json\/wp\/v2\/types\/page"}],"author":[{"embeddable":true,"href":"https:\/\/agora.xtec.cat\/ceiplaromanica\/wp-json\/wp\/v2\/users\/1"}],"replies":[{"embeddable":true,"href":"https:\/\/agora.xtec.cat\/ceiplaromanica\/wp-json\/wp\/v2\/comments?post=504"}],"version-history":[{"count":4,"href":"https:\/\/agora.xtec.cat\/ceiplaromanica\/wp-json\/wp\/v2\/pages\/504\/revisions"}],"predecessor-version":[{"id":3955,"href":"https:\/\/agora.xtec.cat\/ceiplaromanica\/wp-json\/wp\/v2\/pages\/504\/revisions\/3955"}],"up":[{"embeddable":true,"href":"https:\/\/agora.xtec.cat\/ceiplaromanica\/wp-json\/wp\/v2\/pages\/64"}],"wp:attachment":[{"href":"https:\/\/agora.xtec.cat\/ceiplaromanica\/wp-json\/wp\/v2\/media?parent=504"}],"curies":[{"name":"wp","href":"https:\/\/api.w.org\/{rel}","templated":true}]}}

<h3>Cada any, durant el mes de maig celebrem la Cursa de la primavera.</h3>
<p>Es tracta d&#8217;una Cursa no competitiva, organitzada des de l&#8217;Escola amb la col·laboració de l&#8217;AMPA, oberta a tota la comunitat educativa i veïns del barri, per promoure l&#8217;activitat física en un entorn lúdic i festiu.</p>
<p>Cursa 22-23:</p>
<h3><a href="https://agora.xtec.cat/ceiplaromanica/wp-content/uploads/usu1851/2023/03/26a-CURSA-DE-LA-PRIMAVERA-1.pdf">26a CURSA DE LA PRIMAVERA</a></h3>
<p>&nbsp;</p>
<p>&nbsp;</p>
<p>&nbsp;</p>

<p>Cada any, durant el mes de maig celebrem la Cursa de la primavera.<br />
Es tracta d&#8217;una Cursa no competitiva, organitzada des de l&#8217;Escola amb la col·laboració de l&#8217;AMPA, oberta a tota la comunitat educativa i veïns del barri, per promoure l&#8217;activitat física en un entorn lúdic&hellip;  <a href="https://agora.xtec.cat/ceiplaromanica/projectes-descola/cursa/" title="Read Cursa de la primavera">Llegeix més»</a></p>
