{"id":3612,"date":"2023-04-17T09:50:08","date_gmt":"2023-04-17T07:50:08","guid":{"rendered":"https:\/\/agora.xtec.cat\/ceiplaromanica\/?page_id=3612"},"modified":"2025-08-18T10:55:08","modified_gmt":"2025-08-18T08:55:08","slug":"racons","status":"publish","type":"page","link":"https:\/\/agora.xtec.cat\/ceiplaromanica\/projectes-descola\/racons\/","title":{"rendered":"Racons"},"content":{"rendered":"<p>A cicle inicial,\u00a0 setmanalment,\u00a0 els alumnes gaudeixen aprenent a partir dels diferents racons que tenen per objectiu refor\u00e7ar el desenvolupament de la compet\u00e8ncia ling\u00fc\u00edstica i de la compet\u00e8ncia matem\u00e0tica.<\/p>\n","protected":false},"excerpt":{"rendered":"<p>A cicle inicial,\u00a0 setmanalment,\u00a0 els alumnes gaudeixen aprenent a partir dels diferents racons que tenen per objectiu refor\u00e7ar el desenvolupament de la compet\u00e8ncia ling\u00fc\u00edstica i de la compet\u00e8ncia matem\u00e0tica.<\/p>\n","protected":false},"author":1,"featured_media":0,"parent":64,"menu_order":18,"comment_status":"closed","ping_status":"closed","template":"page-templates\/side-menu.php","meta":{"_bbp_topic_count":0,"_bbp_reply_count":0,"_bbp_total_topic_count":0,"_bbp_total_reply_count":0,"_bbp_voice_count":0,"_bbp_anonymous_reply_count":0,"_bbp_topic_count_hidden":0,"_bbp_reply_count_hidden":0,"_bbp_forum_subforum_count":0,"footnotes":""},"class_list":["post-3612","page","type-page","status-publish","hentry"],"post_mailing_queue_ids":[],"_links":{"self":[{"href":"https:\/\/agora.xtec.cat\/ceiplaromanica\/wp-json\/wp\/v2\/pages\/3612","targetHints":{"allow":["GET"]}}],"collection":[{"href":"https:\/\/agora.xtec.cat\/ceiplaromanica\/wp-json\/wp\/v2\/pages"}],"about":[{"href":"https:\/\/agora.xtec.cat\/ceiplaromanica\/wp-json\/wp\/v2\/types\/page"}],"author":[{"embeddable":true,"href":"https:\/\/agora.xtec.cat\/ceiplaromanica\/wp-json\/wp\/v2\/users\/1"}],"replies":[{"embeddable":true,"href":"https:\/\/agora.xtec.cat\/ceiplaromanica\/wp-json\/wp\/v2\/comments?post=3612"}],"version-history":[{"count":5,"href":"https:\/\/agora.xtec.cat\/ceiplaromanica\/wp-json\/wp\/v2\/pages\/3612\/revisions"}],"predecessor-version":[{"id":6749,"href":"https:\/\/agora.xtec.cat\/ceiplaromanica\/wp-json\/wp\/v2\/pages\/3612\/revisions\/6749"}],"up":[{"embeddable":true,"href":"https:\/\/agora.xtec.cat\/ceiplaromanica\/wp-json\/wp\/v2\/pages\/64"}],"wp:attachment":[{"href":"https:\/\/agora.xtec.cat\/ceiplaromanica\/wp-json\/wp\/v2\/media?parent=3612"}],"curies":[{"name":"wp","href":"https:\/\/api.w.org\/{rel}","templated":true}]}}

<p>A cicle inicial,  setmanalment,  els alumnes gaudeixen aprenent a partir dels diferents racons que tenen per objectiu reforçar el desenvolupament de la competència lingüística i de la competència matemàtica.</p>
