{"id":3608,"date":"2023-04-17T09:49:29","date_gmt":"2023-04-17T07:49:29","guid":{"rendered":"https:\/\/agora.xtec.cat\/ceiplaromanica\/?page_id=3608"},"modified":"2024-10-22T08:26:04","modified_gmt":"2024-10-22T06:26:04","slug":"tallers-artistics","status":"publish","type":"page","link":"https:\/\/agora.xtec.cat\/ceiplaromanica\/projectes-descola\/tallers-artistics\/","title":{"rendered":"Tallers art\u00edstics"},"content":{"rendered":"<p>Els alumnes d&#8217;educaci\u00f3 prim\u00e0ria gaudeixen setmanalment dels tallers d&#8217;educaci\u00f3 art\u00edstica, visual i pl\u00e0stica amb grups redu\u00efts dins del mateix cicle.<\/p>\n<p>A cicle inicial els tallers es centren en el treball de diferents t\u00e8cniques art\u00edstiques; a cicle mitj\u00e0 en el coneixement de diferents artistes; i a cicle superior de diferents moviments art\u00edstics.<\/p>\n","protected":false},"excerpt":{"rendered":"<p>Els alumnes d&#8217;educaci\u00f3 prim\u00e0ria gaudeixen setmanalment dels tallers d&#8217;educaci\u00f3 art\u00edstica, visual i pl\u00e0stica amb grups redu\u00efts dins del mateix cicle.<br \/>\nA cicle inicial els tallers es centren en el treball de diferents t\u00e8cniques art\u00edstiques; a cicle mitj\u00e0 en el coneixement de diferents artistes; i a cicle&hellip;  <a href=\"https:\/\/agora.xtec.cat\/ceiplaromanica\/projectes-descola\/tallers-artistics\/\" title=\"Read Tallers art\u00edstics\">Llegeix m\u00e9s\u00bb<\/a><\/p>\n","protected":false},"author":1,"featured_media":0,"parent":64,"menu_order":16,"comment_status":"closed","ping_status":"closed","template":"page-templates\/side-menu.php","meta":{"_bbp_topic_count":0,"_bbp_reply_count":0,"_bbp_total_topic_count":0,"_bbp_total_reply_count":0,"_bbp_voice_count":0,"_bbp_anonymous_reply_count":0,"_bbp_topic_count_hidden":0,"_bbp_reply_count_hidden":0,"_bbp_forum_subforum_count":0,"footnotes":""},"class_list":["post-3608","page","type-page","status-publish","hentry"],"post_mailing_queue_ids":[],"_links":{"self":[{"href":"https:\/\/agora.xtec.cat\/ceiplaromanica\/wp-json\/wp\/v2\/pages\/3608","targetHints":{"allow":["GET"]}}],"collection":[{"href":"https:\/\/agora.xtec.cat\/ceiplaromanica\/wp-json\/wp\/v2\/pages"}],"about":[{"href":"https:\/\/agora.xtec.cat\/ceiplaromanica\/wp-json\/wp\/v2\/types\/page"}],"author":[{"embeddable":true,"href":"https:\/\/agora.xtec.cat\/ceiplaromanica\/wp-json\/wp\/v2\/users\/1"}],"replies":[{"embeddable":true,"href":"https:\/\/agora.xtec.cat\/ceiplaromanica\/wp-json\/wp\/v2\/comments?post=3608"}],"version-history":[{"count":4,"href":"https:\/\/agora.xtec.cat\/ceiplaromanica\/wp-json\/wp\/v2\/pages\/3608\/revisions"}],"predecessor-version":[{"id":5436,"href":"https:\/\/agora.xtec.cat\/ceiplaromanica\/wp-json\/wp\/v2\/pages\/3608\/revisions\/5436"}],"up":[{"embeddable":true,"href":"https:\/\/agora.xtec.cat\/ceiplaromanica\/wp-json\/wp\/v2\/pages\/64"}],"wp:attachment":[{"href":"https:\/\/agora.xtec.cat\/ceiplaromanica\/wp-json\/wp\/v2\/media?parent=3608"}],"curies":[{"name":"wp","href":"https:\/\/api.w.org\/{rel}","templated":true}]}}

Tallers artístics

<p>Els alumnes d&#8217;educació primària gaudeixen setmanalment dels tallers d&#8217;educació artística, visual i plàstica amb grups reduïts dins del mateix cicle.</p>
<p>A cicle inicial els tallers es centren en el treball de diferents tècniques artístiques; a cicle mitjà en el coneixement de diferents artistes; i a cicle superior de diferents moviments artístics.</p>

<p>Els alumnes d&#8217;educació primària gaudeixen setmanalment dels tallers d&#8217;educació artística, visual i plàstica amb grups reduïts dins del mateix cicle.<br />
A cicle inicial els tallers es centren en el treball de diferents tècniques artístiques; a cicle mitjà en el coneixement de diferents artistes; i a cicle&hellip;  <a href="https://agora.xtec.cat/ceiplaromanica/projectes-descola/tallers-artistics/" title="Read Tallers artístics">Llegeix més»</a></p>
