{"id":3602,"date":"2023-04-17T09:48:35","date_gmt":"2023-04-17T07:48:35","guid":{"rendered":"https:\/\/agora.xtec.cat\/ceiplaromanica\/?page_id=3602"},"modified":"2024-10-22T08:24:01","modified_gmt":"2024-10-22T06:24:01","slug":"estudi-abcd","status":"publish","type":"page","link":"https:\/\/agora.xtec.cat\/ceiplaromanica\/projectes-descola\/estudi-abcd\/","title":{"rendered":"Estudi ABCD"},"content":{"rendered":"<p>Durant el curs 22-23, vam iniciar una col\u00b7laboraci\u00f3 en\u00a0l&#8217;<strong>Estudi ABCD<\/strong>.<\/p>\n<p>Es tracta d&#8217;un projecte liderat pel\u00a0<strong>Grup Laboratori Hum\u00e0<\/strong>\u00a0de la\u00a0<strong>Universitat Aut\u00f2noma de Barcelona<\/strong>\u00a0en col\u00b7laboraci\u00f3 amb el\u00a0<strong>Servei de Salut Mental Infantojuvenil\u00a0<\/strong>de l&#8217;<strong>Hospital Parc Taul\u00ed on es demana la col\u00b7laboraci\u00f3 de l&#8217;Escola, de les fam\u00edlies de 1r (curs 22-23) i dels alumnes de 2n (curs 23-24) per obtenir informaci\u00f3 sobre el desenvolupament dels infants.<\/strong><\/p>\n<p>&nbsp;<\/p>\n","protected":false},"excerpt":{"rendered":"<p>Durant el curs 22-23, vam iniciar una col\u00b7laboraci\u00f3 en\u00a0l&#8217;Estudi ABCD.<br \/>\nEs tracta d&#8217;un projecte liderat pel\u00a0Grup Laboratori Hum\u00e0\u00a0de la\u00a0Universitat Aut\u00f2noma de Barcelona\u00a0en col\u00b7laboraci\u00f3 amb el\u00a0Servei de Salut Mental Infantojuvenil\u00a0de l&#8217;Hospital Parc Taul\u00ed on es demana la col\u00b7laboraci\u00f3 de l&#8217;Escola, de les fam\u00edlies de 1r (curs 22-23)&hellip;  <a href=\"https:\/\/agora.xtec.cat\/ceiplaromanica\/projectes-descola\/estudi-abcd\/\" title=\"Read Estudi ABCD\">Llegeix m\u00e9s\u00bb<\/a><\/p>\n","protected":false},"author":1,"featured_media":0,"parent":64,"menu_order":13,"comment_status":"closed","ping_status":"closed","template":"page-templates\/side-menu.php","meta":{"_bbp_topic_count":0,"_bbp_reply_count":0,"_bbp_total_topic_count":0,"_bbp_total_reply_count":0,"_bbp_voice_count":0,"_bbp_anonymous_reply_count":0,"_bbp_topic_count_hidden":0,"_bbp_reply_count_hidden":0,"_bbp_forum_subforum_count":0,"footnotes":""},"class_list":["post-3602","page","type-page","status-publish","hentry"],"post_mailing_queue_ids":[],"_links":{"self":[{"href":"https:\/\/agora.xtec.cat\/ceiplaromanica\/wp-json\/wp\/v2\/pages\/3602","targetHints":{"allow":["GET"]}}],"collection":[{"href":"https:\/\/agora.xtec.cat\/ceiplaromanica\/wp-json\/wp\/v2\/pages"}],"about":[{"href":"https:\/\/agora.xtec.cat\/ceiplaromanica\/wp-json\/wp\/v2\/types\/page"}],"author":[{"embeddable":true,"href":"https:\/\/agora.xtec.cat\/ceiplaromanica\/wp-json\/wp\/v2\/users\/1"}],"replies":[{"embeddable":true,"href":"https:\/\/agora.xtec.cat\/ceiplaromanica\/wp-json\/wp\/v2\/comments?post=3602"}],"version-history":[{"count":3,"href":"https:\/\/agora.xtec.cat\/ceiplaromanica\/wp-json\/wp\/v2\/pages\/3602\/revisions"}],"predecessor-version":[{"id":4149,"href":"https:\/\/agora.xtec.cat\/ceiplaromanica\/wp-json\/wp\/v2\/pages\/3602\/revisions\/4149"}],"up":[{"embeddable":true,"href":"https:\/\/agora.xtec.cat\/ceiplaromanica\/wp-json\/wp\/v2\/pages\/64"}],"wp:attachment":[{"href":"https:\/\/agora.xtec.cat\/ceiplaromanica\/wp-json\/wp\/v2\/media?parent=3602"}],"curies":[{"name":"wp","href":"https:\/\/api.w.org\/{rel}","templated":true}]}}

<p>Durant el curs 22-23, vam iniciar una col·laboració en l&#8217;<strong>Estudi ABCD</strong>.</p>
<p>Es tracta d&#8217;un projecte liderat pel <strong>Grup Laboratori Humà</strong> de la <strong>Universitat Autònoma de Barcelona</strong> en col·laboració amb el <strong>Servei de Salut Mental Infantojuvenil </strong>de l&#8217;<strong>Hospital Parc Taulí on es demana la col·laboració de l&#8217;Escola, de les famílies de 1r (curs 22-23) i dels alumnes de 2n (curs 23-24) per obtenir informació sobre el desenvolupament dels infants.</strong></p>
<p>&nbsp;</p>

<p>Durant el curs 22-23, vam iniciar una col·laboració en l&#8217;Estudi ABCD.<br />
Es tracta d&#8217;un projecte liderat pel Grup Laboratori Humà de la Universitat Autònoma de Barcelona en col·laboració amb el Servei de Salut Mental Infantojuvenil de l&#8217;Hospital Parc Taulí on es demana la col·laboració de l&#8217;Escola, de les famílies de 1r (curs 22-23)&hellip;  <a href="https://agora.xtec.cat/ceiplaromanica/projectes-descola/estudi-abcd/" title="Read Estudi ABCD">Llegeix més»</a></p>
