{"id":3600,"date":"2023-04-17T09:48:16","date_gmt":"2023-04-17T07:48:16","guid":{"rendered":"https:\/\/agora.xtec.cat\/ceiplaromanica\/?page_id=3600"},"modified":"2025-03-08T18:55:29","modified_gmt":"2025-03-08T17:55:29","slug":"programa-lecxit","status":"publish","type":"page","link":"https:\/\/agora.xtec.cat\/ceiplaromanica\/projectes-descola\/programa-lecxit\/","title":{"rendered":"Programa Lecxit"},"content":{"rendered":"<p>A l\u2019inici del curs 2022-23, la nostra Escola va ser seleccionada per participar en<br \/>\nel programa LECXIT, impulsat per la Fundaci\u00f3 Bofill.<br \/>\nUn programa que impulsa l\u2019\u00e8xit educatiu a trav\u00e9s de la millora de la comprensi\u00f3<br \/>\nlectora dels alumnes de 4t de prim\u00e0ria.<br \/>\nAquest seguim comptant amb aquesta proposta per als nostres alumnes de 4t gr\u00e0cies a l&#8217;Ajuntament de Sabadell i als voluntaris.<\/p>\n","protected":false},"excerpt":{"rendered":"<p>A l\u2019inici del curs 2022-23, la nostra Escola va ser seleccionada per participar en<br \/>\nel programa LECXIT, impulsat per la Fundaci\u00f3 Bofill.<br \/>\nUn programa que impulsa l\u2019\u00e8xit educatiu a trav\u00e9s de la millora de la comprensi\u00f3<br \/>\nlectora dels alumnes de 4t de prim\u00e0ria.<br \/>\nAquest seguim comptant amb aquesta proposta&hellip;  <a href=\"https:\/\/agora.xtec.cat\/ceiplaromanica\/projectes-descola\/programa-lecxit\/\" title=\"Read Programa Lecxit\">Llegeix m\u00e9s\u00bb<\/a><\/p>\n","protected":false},"author":1,"featured_media":0,"parent":64,"menu_order":12,"comment_status":"closed","ping_status":"closed","template":"page-templates\/side-menu.php","meta":{"_bbp_topic_count":0,"_bbp_reply_count":0,"_bbp_total_topic_count":0,"_bbp_total_reply_count":0,"_bbp_voice_count":0,"_bbp_anonymous_reply_count":0,"_bbp_topic_count_hidden":0,"_bbp_reply_count_hidden":0,"_bbp_forum_subforum_count":0,"footnotes":""},"class_list":["post-3600","page","type-page","status-publish","hentry"],"post_mailing_queue_ids":[],"_links":{"self":[{"href":"https:\/\/agora.xtec.cat\/ceiplaromanica\/wp-json\/wp\/v2\/pages\/3600","targetHints":{"allow":["GET"]}}],"collection":[{"href":"https:\/\/agora.xtec.cat\/ceiplaromanica\/wp-json\/wp\/v2\/pages"}],"about":[{"href":"https:\/\/agora.xtec.cat\/ceiplaromanica\/wp-json\/wp\/v2\/types\/page"}],"author":[{"embeddable":true,"href":"https:\/\/agora.xtec.cat\/ceiplaromanica\/wp-json\/wp\/v2\/users\/1"}],"replies":[{"embeddable":true,"href":"https:\/\/agora.xtec.cat\/ceiplaromanica\/wp-json\/wp\/v2\/comments?post=3600"}],"version-history":[{"count":5,"href":"https:\/\/agora.xtec.cat\/ceiplaromanica\/wp-json\/wp\/v2\/pages\/3600\/revisions"}],"predecessor-version":[{"id":6200,"href":"https:\/\/agora.xtec.cat\/ceiplaromanica\/wp-json\/wp\/v2\/pages\/3600\/revisions\/6200"}],"up":[{"embeddable":true,"href":"https:\/\/agora.xtec.cat\/ceiplaromanica\/wp-json\/wp\/v2\/pages\/64"}],"wp:attachment":[{"href":"https:\/\/agora.xtec.cat\/ceiplaromanica\/wp-json\/wp\/v2\/media?parent=3600"}],"curies":[{"name":"wp","href":"https:\/\/api.w.org\/{rel}","templated":true}]}}

<p>A l’inici del curs 2022-23, la nostra Escola va ser seleccionada per participar en<br />
el programa LECXIT, impulsat per la Fundació Bofill.<br />
Un programa que impulsa l’èxit educatiu a través de la millora de la comprensió<br />
lectora dels alumnes de 4t de primària.<br />
Aquest seguim comptant amb aquesta proposta per als nostres alumnes de 4t gràcies a l&#8217;Ajuntament de Sabadell i als voluntaris.</p>

<p>A l’inici del curs 2022-23, la nostra Escola va ser seleccionada per participar en<br />
el programa LECXIT, impulsat per la Fundació Bofill.<br />
Un programa que impulsa l’èxit educatiu a través de la millora de la comprensió<br />
lectora dels alumnes de 4t de primària.<br />
Aquest seguim comptant amb aquesta proposta&hellip;  <a href="https://agora.xtec.cat/ceiplaromanica/projectes-descola/programa-lecxit/" title="Read Programa Lecxit">Llegeix més»</a></p>
