{"id":3598,"date":"2023-04-17T09:47:32","date_gmt":"2023-04-17T07:47:32","guid":{"rendered":"https:\/\/agora.xtec.cat\/ceiplaromanica\/?page_id=3598"},"modified":"2024-10-22T08:23:25","modified_gmt":"2024-10-22T06:23:25","slug":"tallers-de-cohesio","status":"publish","type":"page","link":"https:\/\/agora.xtec.cat\/ceiplaromanica\/projectes-descola\/tallers-de-cohesio\/","title":{"rendered":"Tallers de cohesi\u00f3"},"content":{"rendered":"<p>El benestar emocional \u00e9s fonamental perqu\u00e8 el proc\u00e9s d&#8217;ensenyament-aprenentatge sigui exit\u00f3s. \u00c9s fonamental que hi hagi un bon ambient perqu\u00e8 es pugui portar a terme un bon treball d&#8217;aula.<\/p>\n<p>En aquest sentit, des de l&#8217;Escola realitzem activitats de cohesi\u00f3 de grup, de coneixement, de resoluci\u00f3 de conflictes&#8230; per potenciar aquest benestar i facilitar aix\u00ed l&#8217;\u00e8xit educatiu de tots els nostres alumnes.<\/p>\n","protected":false},"excerpt":{"rendered":"<p>El benestar emocional \u00e9s fonamental perqu\u00e8 el proc\u00e9s d&#8217;ensenyament-aprenentatge sigui exit\u00f3s. \u00c9s fonamental que hi hagi un bon ambient perqu\u00e8 es pugui portar a terme un bon treball d&#8217;aula.<br \/>\nEn aquest sentit, des de l&#8217;Escola realitzem activitats de cohesi\u00f3 de grup, de coneixement, de resoluci\u00f3 de&hellip;  <a href=\"https:\/\/agora.xtec.cat\/ceiplaromanica\/projectes-descola\/tallers-de-cohesio\/\" title=\"Read Tallers de cohesi\u00f3\">Llegeix m\u00e9s\u00bb<\/a><\/p>\n","protected":false},"author":1,"featured_media":0,"parent":64,"menu_order":11,"comment_status":"closed","ping_status":"closed","template":"page-templates\/side-menu.php","meta":{"_bbp_topic_count":0,"_bbp_reply_count":0,"_bbp_total_topic_count":0,"_bbp_total_reply_count":0,"_bbp_voice_count":0,"_bbp_anonymous_reply_count":0,"_bbp_topic_count_hidden":0,"_bbp_reply_count_hidden":0,"_bbp_forum_subforum_count":0,"footnotes":""},"class_list":["post-3598","page","type-page","status-publish","hentry"],"post_mailing_queue_ids":[],"_links":{"self":[{"href":"https:\/\/agora.xtec.cat\/ceiplaromanica\/wp-json\/wp\/v2\/pages\/3598","targetHints":{"allow":["GET"]}}],"collection":[{"href":"https:\/\/agora.xtec.cat\/ceiplaromanica\/wp-json\/wp\/v2\/pages"}],"about":[{"href":"https:\/\/agora.xtec.cat\/ceiplaromanica\/wp-json\/wp\/v2\/types\/page"}],"author":[{"embeddable":true,"href":"https:\/\/agora.xtec.cat\/ceiplaromanica\/wp-json\/wp\/v2\/users\/1"}],"replies":[{"embeddable":true,"href":"https:\/\/agora.xtec.cat\/ceiplaromanica\/wp-json\/wp\/v2\/comments?post=3598"}],"version-history":[{"count":4,"href":"https:\/\/agora.xtec.cat\/ceiplaromanica\/wp-json\/wp\/v2\/pages\/3598\/revisions"}],"predecessor-version":[{"id":5475,"href":"https:\/\/agora.xtec.cat\/ceiplaromanica\/wp-json\/wp\/v2\/pages\/3598\/revisions\/5475"}],"up":[{"embeddable":true,"href":"https:\/\/agora.xtec.cat\/ceiplaromanica\/wp-json\/wp\/v2\/pages\/64"}],"wp:attachment":[{"href":"https:\/\/agora.xtec.cat\/ceiplaromanica\/wp-json\/wp\/v2\/media?parent=3598"}],"curies":[{"name":"wp","href":"https:\/\/api.w.org\/{rel}","templated":true}]}}

Tallers de cohesió

<p>El benestar emocional és fonamental perquè el procés d&#8217;ensenyament-aprenentatge sigui exitós. És fonamental que hi hagi un bon ambient perquè es pugui portar a terme un bon treball d&#8217;aula.</p>
<p>En aquest sentit, des de l&#8217;Escola realitzem activitats de cohesió de grup, de coneixement, de resolució de conflictes&#8230; per potenciar aquest benestar i facilitar així l&#8217;èxit educatiu de tots els nostres alumnes.</p>

<p>El benestar emocional és fonamental perquè el procés d&#8217;ensenyament-aprenentatge sigui exitós. És fonamental que hi hagi un bon ambient perquè es pugui portar a terme un bon treball d&#8217;aula.<br />
En aquest sentit, des de l&#8217;Escola realitzem activitats de cohesió de grup, de coneixement, de resolució de&hellip;  <a href="https://agora.xtec.cat/ceiplaromanica/projectes-descola/tallers-de-cohesio/" title="Read Tallers de cohesió">Llegeix més»</a></p>
