{"id":3596,"date":"2023-04-17T09:47:11","date_gmt":"2023-04-17T07:47:11","guid":{"rendered":"https:\/\/agora.xtec.cat\/ceiplaromanica\/?page_id=3596"},"modified":"2025-02-11T14:06:04","modified_gmt":"2025-02-11T13:06:04","slug":"projecte-ritme-de-barri","status":"publish","type":"page","link":"https:\/\/agora.xtec.cat\/ceiplaromanica\/projectes-descola\/projecte-ritme-de-barri\/","title":{"rendered":"Projecte &#8220;Ritme al barri!&#8221;"},"content":{"rendered":"<p>A l&#8217;Escola participem del Projecte &#8220;Ritme al barri&#8221; amb els alumnes de 4t.<\/p>\n<p>Es tracta d&#8217;un <span style=\"font-weight: 400;\">Projecte d\u2019equitat educativa que acosta l\u2019aprenentatge d\u2019un instrument musical a trav\u00e9s de la pr\u00e0ctica en grup, a diferents centres educatius gr\u00e0cies a un conveni de l&#8217;Ajuntament de Sabadell amb el Conservatori.<\/span><\/p>\n<p>Els nostres alumnes aprenen a tocar alguns dels instruments de la fam\u00edlia de la percussi\u00f3.<\/p>\n<p>&nbsp;<\/p>\n","protected":false},"excerpt":{"rendered":"<p>A l&#8217;Escola participem del Projecte &#8220;Ritme al barri&#8221; amb els alumnes de 4t.<br \/>\nEs tracta d&#8217;un Projecte d\u2019equitat educativa que acosta l\u2019aprenentatge d\u2019un instrument musical a trav\u00e9s de la pr\u00e0ctica en grup, a diferents centres educatius gr\u00e0cies a un conveni de l&#8217;Ajuntament de Sabadell amb el&hellip;  <a href=\"https:\/\/agora.xtec.cat\/ceiplaromanica\/projectes-descola\/projecte-ritme-de-barri\/\" title=\"Read Projecte &#8220;Ritme al barri!&#8221;\">Llegeix m\u00e9s\u00bb<\/a><\/p>\n","protected":false},"author":1,"featured_media":0,"parent":64,"menu_order":10,"comment_status":"closed","ping_status":"closed","template":"page-templates\/side-menu.php","meta":{"_bbp_topic_count":0,"_bbp_reply_count":0,"_bbp_total_topic_count":0,"_bbp_total_reply_count":0,"_bbp_voice_count":0,"_bbp_anonymous_reply_count":0,"_bbp_topic_count_hidden":0,"_bbp_reply_count_hidden":0,"_bbp_forum_subforum_count":0,"footnotes":""},"class_list":["post-3596","page","type-page","status-publish","hentry"],"post_mailing_queue_ids":[],"_links":{"self":[{"href":"https:\/\/agora.xtec.cat\/ceiplaromanica\/wp-json\/wp\/v2\/pages\/3596","targetHints":{"allow":["GET"]}}],"collection":[{"href":"https:\/\/agora.xtec.cat\/ceiplaromanica\/wp-json\/wp\/v2\/pages"}],"about":[{"href":"https:\/\/agora.xtec.cat\/ceiplaromanica\/wp-json\/wp\/v2\/types\/page"}],"author":[{"embeddable":true,"href":"https:\/\/agora.xtec.cat\/ceiplaromanica\/wp-json\/wp\/v2\/users\/1"}],"replies":[{"embeddable":true,"href":"https:\/\/agora.xtec.cat\/ceiplaromanica\/wp-json\/wp\/v2\/comments?post=3596"}],"version-history":[{"count":6,"href":"https:\/\/agora.xtec.cat\/ceiplaromanica\/wp-json\/wp\/v2\/pages\/3596\/revisions"}],"predecessor-version":[{"id":6120,"href":"https:\/\/agora.xtec.cat\/ceiplaromanica\/wp-json\/wp\/v2\/pages\/3596\/revisions\/6120"}],"up":[{"embeddable":true,"href":"https:\/\/agora.xtec.cat\/ceiplaromanica\/wp-json\/wp\/v2\/pages\/64"}],"wp:attachment":[{"href":"https:\/\/agora.xtec.cat\/ceiplaromanica\/wp-json\/wp\/v2\/media?parent=3596"}],"curies":[{"name":"wp","href":"https:\/\/api.w.org\/{rel}","templated":true}]}}

<p>A l&#8217;Escola participem del Projecte &#8220;Ritme al barri&#8221; amb els alumnes de 4t.</p>
<p>Es tracta d&#8217;un <span style="font-weight: 400;">Projecte d’equitat educativa que acosta l’aprenentatge d’un instrument musical a través de la pràctica en grup, a diferents centres educatius gràcies a un conveni de l&#8217;Ajuntament de Sabadell amb el Conservatori.</span></p>
<p>Els nostres alumnes aprenen a tocar alguns dels instruments de la família de la percussió.</p>
<p>&nbsp;</p>

<p>A l&#8217;Escola participem del Projecte &#8220;Ritme al barri&#8221; amb els alumnes de 4t.<br />
Es tracta d&#8217;un Projecte d’equitat educativa que acosta l’aprenentatge d’un instrument musical a través de la pràctica en grup, a diferents centres educatius gràcies a un conveni de l&#8217;Ajuntament de Sabadell amb el&hellip;  <a href="https://agora.xtec.cat/ceiplaromanica/projectes-descola/projecte-ritme-de-barri/" title="Read Projecte &#8220;Ritme al barri!&#8221;">Llegeix més»</a></p>
