{"id":24,"date":"2014-09-18T12:23:15","date_gmt":"2014-09-18T10:23:15","guid":{"rendered":"http:\/\/agora.xtec.cat\/ceiplaromanica\/?page_id=24"},"modified":"2023-04-12T11:51:10","modified_gmt":"2023-04-12T09:51:10","slug":"els-inicis","status":"publish","type":"page","link":"https:\/\/agora.xtec.cat\/ceiplaromanica\/lescola\/els-inicis\/","title":{"rendered":"Els Inicis"},"content":{"rendered":"<p><span style=\"font-weight: 400;\">L\u2019Escola La Rom\u00e0nica inicia la seva traject\u00f2ria l\u2019any <\/span><b>1966.<\/b><span style=\"font-weight: 400;\"> Est\u00e0 situada a la Ronda Santa Maria, n\u00famero 95, al barri de La Creu de Barber\u00e0, a la frontera amb el municipi de Barber\u00e0 del Vall\u00e8s.<\/span><\/p>\n<p><span style=\"font-weight: 400;\">Som un <\/span><b>centre educatiu urb\u00e0 de doble l\u00ednia<\/b><span style=\"font-weight: 400;\"> que compta amb gaireb\u00e9 quatre-cents alumnes des d\u2019educaci\u00f3 infantil fins a cicle superior.\u00a0<\/span><\/p>\n<p><span style=\"font-weight: 400;\">Som una <\/span><b>escola p\u00fablica, laica, inclusiva, democr\u00e0tica, catalana, promotora de la cultura i tradicions catalanes i d\u2019arreu del m\u00f3n, pluralista, coeducativa i amb una gran variabilitat d\u2019alumnat<\/b><span style=\"font-weight: 400;\">.<\/span><\/p>\n","protected":false},"excerpt":{"rendered":"<p>L\u2019Escola La Rom\u00e0nica inicia la seva traject\u00f2ria l\u2019any 1966. Est\u00e0 situada a la Ronda Santa Maria, n\u00famero 95, al barri de La Creu de Barber\u00e0, a la frontera amb el municipi de Barber\u00e0 del Vall\u00e8s.<br \/>\nSom un centre educatiu urb\u00e0 de doble l\u00ednia que compta amb&hellip;  <a href=\"https:\/\/agora.xtec.cat\/ceiplaromanica\/lescola\/els-inicis\/\" title=\"Read Els Inicis\">Llegeix m\u00e9s\u00bb<\/a><\/p>\n","protected":false},"author":1,"featured_media":0,"parent":22,"menu_order":1,"comment_status":"closed","ping_status":"closed","template":"page-templates\/side-menu.php","meta":{"_bbp_topic_count":0,"_bbp_reply_count":0,"_bbp_total_topic_count":0,"_bbp_total_reply_count":0,"_bbp_voice_count":0,"_bbp_anonymous_reply_count":0,"_bbp_topic_count_hidden":0,"_bbp_reply_count_hidden":0,"_bbp_forum_subforum_count":0,"footnotes":""},"class_list":["post-24","page","type-page","status-publish","hentry"],"post_mailing_queue_ids":[],"_links":{"self":[{"href":"https:\/\/agora.xtec.cat\/ceiplaromanica\/wp-json\/wp\/v2\/pages\/24","targetHints":{"allow":["GET"]}}],"collection":[{"href":"https:\/\/agora.xtec.cat\/ceiplaromanica\/wp-json\/wp\/v2\/pages"}],"about":[{"href":"https:\/\/agora.xtec.cat\/ceiplaromanica\/wp-json\/wp\/v2\/types\/page"}],"author":[{"embeddable":true,"href":"https:\/\/agora.xtec.cat\/ceiplaromanica\/wp-json\/wp\/v2\/users\/1"}],"replies":[{"embeddable":true,"href":"https:\/\/agora.xtec.cat\/ceiplaromanica\/wp-json\/wp\/v2\/comments?post=24"}],"version-history":[{"count":3,"href":"https:\/\/agora.xtec.cat\/ceiplaromanica\/wp-json\/wp\/v2\/pages\/24\/revisions"}],"predecessor-version":[{"id":3538,"href":"https:\/\/agora.xtec.cat\/ceiplaromanica\/wp-json\/wp\/v2\/pages\/24\/revisions\/3538"}],"up":[{"embeddable":true,"href":"https:\/\/agora.xtec.cat\/ceiplaromanica\/wp-json\/wp\/v2\/pages\/22"}],"wp:attachment":[{"href":"https:\/\/agora.xtec.cat\/ceiplaromanica\/wp-json\/wp\/v2\/media?parent=24"}],"curies":[{"name":"wp","href":"https:\/\/api.w.org\/{rel}","templated":true}]}}

<p><span style="font-weight: 400;">L’Escola La Romànica inicia la seva trajectòria l’any </span><b>1966.</b><span style="font-weight: 400;"> Està situada a la Ronda Santa Maria, número 95, al barri de La Creu de Barberà, a la frontera amb el municipi de Barberà del Vallès.</span></p>
<p><span style="font-weight: 400;">Som un </span><b>centre educatiu urbà de doble línia</b><span style="font-weight: 400;"> que compta amb gairebé quatre-cents alumnes des d’educació infantil fins a cicle superior. </span></p>
<p><span style="font-weight: 400;">Som una </span><b>escola pública, laica, inclusiva, democràtica, catalana, promotora de la cultura i tradicions catalanes i d’arreu del món, pluralista, coeducativa i amb una gran variabilitat d’alumnat</b><span style="font-weight: 400;">.</span></p>

<p>L’Escola La Romànica inicia la seva trajectòria l’any 1966. Està situada a la Ronda Santa Maria, número 95, al barri de La Creu de Barberà, a la frontera amb el municipi de Barberà del Vallès.<br />
Som un centre educatiu urbà de doble línia que compta amb&hellip;  <a href="https://agora.xtec.cat/ceiplaromanica/lescola/els-inicis/" title="Read Els Inicis">Llegeix més»</a></p>
