{"id":1764,"date":"2020-02-11T15:57:03","date_gmt":"2020-02-11T14:57:03","guid":{"rendered":"http:\/\/agora.xtec.cat\/ceiplaromanica\/?page_id=1764"},"modified":"2026-03-23T12:22:11","modified_gmt":"2026-03-23T11:22:11","slug":"pla-tac","status":"publish","type":"page","link":"https:\/\/agora.xtec.cat\/ceiplaromanica\/organitzacio-i-funcionament\/pla-tac\/","title":{"rendered":"Estrat\u00e8gia digital de Centre (EDC)"},"content":{"rendered":"<p>Clicant al seg\u00fcent enlla\u00e7 podeu consultar l&#8217;Estrat\u00e8gia Digital de l&#8217;Escola La Rom\u00e0nica.<\/p>\n<p><a href=\"https:\/\/sites.google.com\/laromanica.cat\/edcescolalaromanica\/inici\">EDC Escola la Rom\u00e0nica<\/a><\/p>\n<p><a href=\"https:\/\/agora.xtec.cat\/ceiplaromanica\/wp-content\/uploads\/usu1851\/2026\/03\/EDC.pdf\">EDC<\/a><\/p>\n<p>Clicant al seg\u00fcent enlla\u00e7 podeu consultar el PLA TAC de l&#8217;Escola La Rom\u00e0nica.<\/p>\n<p><a href=\"https:\/\/agora.xtec.cat\/ceiplaromanica\/wp-content\/uploads\/usu1851\/2021\/05\/PLA-TAC-ESCOLA-LA-ROM\u00c0NICA.pdf\">PLA TAC ESCOLA LA ROM\u00c0NICA 2020<\/a><\/p>\n<p>&nbsp;<\/p>\n","protected":false},"excerpt":{"rendered":"<p>Clicant al seg\u00fcent enlla\u00e7 podeu consultar l&#8217;Estrat\u00e8gia Digital de l&#8217;Escola La Rom\u00e0nica.<br \/>\n<a href=\"https:\/\/sites.google.com\/laromanica.cat\/edcescolalaromanica\/inici\">EDC Escola la Rom\u00e0nica<\/a><br \/>\n<a href=\"https:\/\/agora.xtec.cat\/ceiplaromanica\/wp-content\/uploads\/usu1851\/2026\/03\/EDC.pdf\">EDC<\/a><br \/>\nClicant al seg\u00fcent enlla\u00e7 podeu consultar el PLA TAC de l&#8217;Escola La Rom\u00e0nica.<br \/>\n<a href=\"https:\/\/agora.xtec.cat\/ceiplaromanica\/wp-content\/uploads\/usu1851\/2021\/05\/PLA-TAC-ESCOLA-LA-ROM\u00c0NICA.pdf\">PLA TAC ESCOLA LA ROM\u00c0NICA 2020<\/a><br \/>\n&nbsp;<\/p>\n","protected":false},"author":1,"featured_media":0,"parent":1755,"menu_order":6,"comment_status":"closed","ping_status":"closed","template":"","meta":{"_bbp_topic_count":0,"_bbp_reply_count":0,"_bbp_total_topic_count":0,"_bbp_total_reply_count":0,"_bbp_voice_count":0,"_bbp_anonymous_reply_count":0,"_bbp_topic_count_hidden":0,"_bbp_reply_count_hidden":0,"_bbp_forum_subforum_count":0,"footnotes":""},"class_list":["post-1764","page","type-page","status-publish","hentry"],"post_mailing_queue_ids":[],"_links":{"self":[{"href":"https:\/\/agora.xtec.cat\/ceiplaromanica\/wp-json\/wp\/v2\/pages\/1764","targetHints":{"allow":["GET"]}}],"collection":[{"href":"https:\/\/agora.xtec.cat\/ceiplaromanica\/wp-json\/wp\/v2\/pages"}],"about":[{"href":"https:\/\/agora.xtec.cat\/ceiplaromanica\/wp-json\/wp\/v2\/types\/page"}],"author":[{"embeddable":true,"href":"https:\/\/agora.xtec.cat\/ceiplaromanica\/wp-json\/wp\/v2\/users\/1"}],"replies":[{"embeddable":true,"href":"https:\/\/agora.xtec.cat\/ceiplaromanica\/wp-json\/wp\/v2\/comments?post=1764"}],"version-history":[{"count":4,"href":"https:\/\/agora.xtec.cat\/ceiplaromanica\/wp-json\/wp\/v2\/pages\/1764\/revisions"}],"predecessor-version":[{"id":7183,"href":"https:\/\/agora.xtec.cat\/ceiplaromanica\/wp-json\/wp\/v2\/pages\/1764\/revisions\/7183"}],"up":[{"embeddable":true,"href":"https:\/\/agora.xtec.cat\/ceiplaromanica\/wp-json\/wp\/v2\/pages\/1755"}],"wp:attachment":[{"href":"https:\/\/agora.xtec.cat\/ceiplaromanica\/wp-json\/wp\/v2\/media?parent=1764"}],"curies":[{"name":"wp","href":"https:\/\/api.w.org\/{rel}","templated":true}]}}