{"id":14584,"date":"2020-04-15T19:29:39","date_gmt":"2020-04-15T17:29:39","guid":{"rendered":"http:\/\/agora.xtec.cat\/ceiplapaubcn\/?page_id=14584"},"modified":"2020-04-27T10:55:12","modified_gmt":"2020-04-27T08:55:12","slug":"vacances-barcelona-o-campus-olimpia","status":"publish","type":"page","link":"https:\/\/agora.xtec.cat\/ceiplapaubcn\/vacances-barcelona-o-campus-olimpia\/","title":{"rendered":"VACANCES BARCELONA O CAMPUS OLIMPIA"},"content":{"rendered":"<p>La campanya d\u2019activitats de vacances d\u2019estiu per a infants i adolescents&lt;<a href=\"https:\/\/vacances.barcelona.cat\/ca\">https:\/\/vacances.barcelona.cat\/ca<\/a>&gt; d\u2019enguany s\u2019adapta a la situaci\u00f3 d\u2019excepcionalitat que comporta la crisi sanit\u00e0ria ocasionada per la Covid-19, mantenint el calendari previst. Aix\u00ed, les inscripcions a totes les activitats&lt;<a href=\"https:\/\/vacances.barcelona.cat\/ca\/inscripcions\">https:\/\/vacances.barcelona.cat\/ca\/inscripcions<\/a>&gt; i les sol\u00b7licituds d\u2019ajuts econ\u00f2mics&lt;<a href=\"https:\/\/vacances.barcelona.cat\/ca\/ajuts-a-les-families\">https:\/\/vacances.barcelona.cat\/ca\/ajuts-a-les-families<\/a>&gt; i de monitors\/ores de suport&lt;https:\/\/vacances.barcelona.cat\/ca\/inscripcions&gt; es faran a trav\u00e9s de mitjans telem\u00e0tics (web, tel\u00e8fon, SMS, correu electr\u00f2nic, etc.), a partir del 25 d\u2019abril.<\/p>\n<p>Les inscripcions als Campus Ol\u00edmpia (<a href=\"https:\/\/vacances.barcelona.cat\/ca\/campusolimpia\">https:\/\/vacances.barcelona.cat\/ca\/campusolimpia<\/a>)\u00a0 s\u2019obriran tamb\u00e9 el dissabte 25 d\u2019abril, seguint el mateix proc\u00e9s que la resta d\u2019activitats i anul\u00b7lant-se per tant el sorteig de l\u2019ordre d\u2019inscripci\u00f3. Aquest s\u2019havia ajornat inicialment el mes passat&lt;<a href=\"https:\/\/ajuntament.barcelona.cat\/infancia\/ca\/noticia\/ajornat-el-sorteig-del-campus-olimpia-per-la-covid-19_930726\">https:\/\/ajuntament.barcelona.cat\/infancia\/ca\/noticia\/ajornat-el-sorteig-del-campus-olimpia-per-la-covid-19_930726<\/a>&gt;, arran de la declaraci\u00f3 de l\u2019estat d\u2019alarma.<\/p>\n<p>Trobareu tota aquesta informaci\u00f3 actualitzada al web de la campanya de vacances d\u2019estiu:<br \/>\n<a href=\"http:\/\/www.barcelona.cat\/vacances&lt;http:\/\/www.barcelona.cat\/vacances\">www.barcelona.cat\/vacances&lt;http:\/\/www.barcelona.cat\/vacances<\/a><\/p>\n<p style=\"text-align: center;\"><strong>BECAS<\/strong><\/p>\n<p>Este a\u00f1o, ante la situaci\u00f3n de excepcionalidad ocasionada por la Covid-19, el proceso de solicitud de ayudas econ\u00f3micas se hace a trav\u00e9s de este mismo web, mediante el formulario de solicitud de ayudas. Las entidades organizadoras de las actividades informar\u00e1n, a trav\u00e9s de sus canales telem\u00e1ticos, de los detalles del proceso para tramitar las solicitudes.<\/p>\n<p class=\"p1\">Para solicitar la ayuda econ\u00f3mica ten\u00e9is que ir este enlace:<\/p>\n<p class=\"p2\"><span class=\"s2\"><a href=\"https:\/\/vacances.barcelona.cat\/ca\/ajuts-a-les-families\">https:\/\/vacances.barcelona.cat\/ca\/ajuts-a-les-families<\/a><\/span><\/p>\n<p>Podeu contactar amb nosaltres:<\/p>\n<p class=\"p1\" style=\"text-align: center;\"><span class=\"s1\"><a href=\"mailto:info@abacserveis.com\">info@abacserveis.com<\/a><\/span><span class=\"s2\"> o 933601044<\/span><\/p>\n<p class=\"p1\" style=\"text-align: center;\"><span class=\"s1\"><a href=\"mailto:agonzalezal@bcn.cat\">agonzalezal@bcn.cat<\/a><\/span><span class=\"s2\"> o 677454697<\/span><\/p>\n","protected":false},"excerpt":{"rendered":"<p>La campanya d\u2019activitats de vacances d\u2019estiu per a infants i adolescents&lt;https:\/\/vacances.barcelona.cat\/ca&gt; d\u2019enguany s\u2019adapta a la situaci\u00f3 d\u2019excepcionalitat que comporta la crisi sanit\u00e0ria ocasionada per la Covid-19, mantenint el calendari previst. Aix\u00ed, les inscripcions a totes les activitats&lt;https:\/\/vacances.barcelona.cat\/ca\/inscripcions&gt; i les sol\u00b7licituds d\u2019ajuts econ\u00f2mics&lt;https:\/\/vacances.barcelona.cat\/ca\/ajuts-a-les-families&gt; i de monitors\/ores de suport&lt;https:\/\/vacances.barcelona.cat\/ca\/inscripcions&gt; es faran a trav\u00e9s de mitjans telem\u00e0tics (web, [&hellip;]<\/p>\n","protected":false},"author":1,"featured_media":0,"parent":0,"menu_order":0,"comment_status":"closed","ping_status":"closed","template":"","meta":{"_bbp_topic_count":0,"_bbp_reply_count":0,"_bbp_total_topic_count":0,"_bbp_total_reply_count":0,"_bbp_voice_count":0,"_bbp_anonymous_reply_count":0,"_bbp_topic_count_hidden":0,"_bbp_reply_count_hidden":0,"_bbp_forum_subforum_count":0,"site-sidebar-layout":"default","site-content-layout":"","ast-site-content-layout":"","site-content-style":"default","site-sidebar-style":"default","ast-global-header-display":"","ast-banner-title-visibility":"","ast-main-header-display":"","ast-hfb-above-header-display":"","ast-hfb-below-header-display":"","ast-hfb-mobile-header-display":"","site-post-title":"","ast-breadcrumbs-content":"","ast-featured-img":"","footer-sml-layout":"","theme-transparent-header-meta":"","adv-header-id-meta":"","stick-header-meta":"","header-above-stick-meta":"","header-main-stick-meta":"","header-below-stick-meta":"","astra-migrate-meta-layouts":"default","ast-page-background-enabled":"default","ast-page-background-meta":{"desktop":{"background-color":"var(--ast-global-color-4)","background-image":"","background-repeat":"repeat","background-position":"center center","background-size":"auto","background-attachment":"scroll","background-type":"","background-media":"","overlay-type":"","overlay-color":"","overlay-opacity":"","overlay-gradient":""},"tablet":{"background-color":"","background-image":"","background-repeat":"repeat","background-position":"center center","background-size":"auto","background-attachment":"scroll","background-type":"","background-media":"","overlay-type":"","overlay-color":"","overlay-opacity":"","overlay-gradient":""},"mobile":{"background-color":"","background-image":"","background-repeat":"repeat","background-position":"center center","background-size":"auto","background-attachment":"scroll","background-type":"","background-media":"","overlay-type":"","overlay-color":"","overlay-opacity":"","overlay-gradient":""}},"ast-content-background-meta":{"desktop":{"background-color":"var(--ast-global-color-5)","background-image":"","background-repeat":"repeat","background-position":"center center","background-size":"auto","background-attachment":"scroll","background-type":"","background-media":"","overlay-type":"","overlay-color":"","overlay-opacity":"","overlay-gradient":""},"tablet":{"background-color":"var(--ast-global-color-5)","background-image":"","background-repeat":"repeat","background-position":"center center","background-size":"auto","background-attachment":"scroll","background-type":"","background-media":"","overlay-type":"","overlay-color":"","overlay-opacity":"","overlay-gradient":""},"mobile":{"background-color":"var(--ast-global-color-5)","background-image":"","background-repeat":"repeat","background-position":"center center","background-size":"auto","background-attachment":"scroll","background-type":"","background-media":"","overlay-type":"","overlay-color":"","overlay-opacity":"","overlay-gradient":""}},"footnotes":""},"class_list":["post-14584","page","type-page","status-publish","hentry"],"post_mailing_queue_ids":[],"_links":{"self":[{"href":"https:\/\/agora.xtec.cat\/ceiplapaubcn\/wp-json\/wp\/v2\/pages\/14584","targetHints":{"allow":["GET"]}}],"collection":[{"href":"https:\/\/agora.xtec.cat\/ceiplapaubcn\/wp-json\/wp\/v2\/pages"}],"about":[{"href":"https:\/\/agora.xtec.cat\/ceiplapaubcn\/wp-json\/wp\/v2\/types\/page"}],"author":[{"embeddable":true,"href":"https:\/\/agora.xtec.cat\/ceiplapaubcn\/wp-json\/wp\/v2\/users\/1"}],"replies":[{"embeddable":true,"href":"https:\/\/agora.xtec.cat\/ceiplapaubcn\/wp-json\/wp\/v2\/comments?post=14584"}],"version-history":[{"count":3,"href":"https:\/\/agora.xtec.cat\/ceiplapaubcn\/wp-json\/wp\/v2\/pages\/14584\/revisions"}],"predecessor-version":[{"id":15056,"href":"https:\/\/agora.xtec.cat\/ceiplapaubcn\/wp-json\/wp\/v2\/pages\/14584\/revisions\/15056"}],"wp:attachment":[{"href":"https:\/\/agora.xtec.cat\/ceiplapaubcn\/wp-json\/wp\/v2\/media?parent=14584"}],"curies":[{"name":"wp","href":"https:\/\/api.w.org\/{rel}","templated":true}]}}