{"id":11400,"date":"2018-01-17T13:35:16","date_gmt":"2018-01-17T12:35:16","guid":{"rendered":"http:\/\/agora.xtec.cat\/ceiplapaubcn\/?page_id=11400"},"modified":"2025-02-03T10:15:40","modified_gmt":"2025-02-03T09:15:40","slug":"families","status":"publish","type":"page","link":"https:\/\/agora.xtec.cat\/ceiplapaubcn\/families\/","title":{"rendered":"VOLS COL\u00b7LABORAR?"},"content":{"rendered":"<h2>Una escola oberta a les fam\u00edlies<\/h2>\n<p style=\"text-align: justify;\">Per l\u2019escola La Pau, les fam\u00edlies s\u00f3n un motor important. \u00c9s per aquest motiu que, cada vegada m\u00e9s, volem trobar camins per obrir l\u2019escola a la seva participaci\u00f3, acollir-les i implicar-les en el dia a dia de l\u2019escola.<\/p>\n<p><a href=\"https:\/\/escolalapaubarcelona.files.wordpress.com\/2013\/09\/dsc_0103.jpg\"><img loading=\"lazy\" decoding=\"async\" class=\"wp-image-543 alignnone\" src=\"https:\/\/escolalapaubarcelona.files.wordpress.com\/2013\/09\/dsc_0103.jpg?w=299&amp;h=198\" sizes=\"auto, (max-width: 299px) 100vw, 299px\" srcset=\"https:\/\/escolalapaubarcelona.files.wordpress.com\/2013\/09\/dsc_0103.jpg?w=299&amp;h=198 299w, https:\/\/escolalapaubarcelona.files.wordpress.com\/2013\/09\/dsc_0103.jpg?w=596&amp;h=396 596w, https:\/\/escolalapaubarcelona.files.wordpress.com\/2013\/09\/dsc_0103.jpg?w=150&amp;h=100 150w\" alt=\"DSC_0103\" width=\"230\" height=\"153\" data-attachment-id=\"543\" data-permalink=\"https:\/\/escolalapaubarcelona.wordpress.com\/dsc_0103\/\" data-orig-file=\"https:\/\/escolalapaubarcelona.files.wordpress.com\/2013\/09\/dsc_0103.jpg\" data-orig-size=\"2859,1899\" data-comments-opened=\"1\" data-image-meta=\"{&quot;aperture&quot;:&quot;3.5&quot;,&quot;credit&quot;:&quot;&quot;,&quot;camera&quot;:&quot;NIKON D5000&quot;,&quot;caption&quot;:&quot;&quot;,&quot;created_timestamp&quot;:&quot;1327718590&quot;,&quot;copyright&quot;:&quot;&quot;,&quot;focal_length&quot;:&quot;18&quot;,&quot;iso&quot;:&quot;1600&quot;,&quot;shutter_speed&quot;:&quot;0.04&quot;,&quot;title&quot;:&quot;&quot;}\" data-image-title=\"DSC_0103\" data-image-description=\"\" data-medium-file=\"https:\/\/escolalapaubarcelona.files.wordpress.com\/2013\/09\/dsc_0103.jpg?w=300\" data-large-file=\"https:\/\/escolalapaubarcelona.files.wordpress.com\/2013\/09\/dsc_0103.jpg?w=299&amp;h=198\" \/><\/a>\u00a0<a href=\"https:\/\/escolalapaubarcelona.files.wordpress.com\/2013\/09\/img_1989.jpg\"><img loading=\"lazy\" decoding=\"async\" class=\"wp-image-542 alignleft\" src=\"https:\/\/escolalapaubarcelona.files.wordpress.com\/2013\/09\/img_1989.jpg?w=271&amp;h=203\" sizes=\"auto, (max-width: 271px) 100vw, 271px\" srcset=\"https:\/\/escolalapaubarcelona.files.wordpress.com\/2013\/09\/img_1989.jpg?w=271&amp;h=203 271w, https:\/\/escolalapaubarcelona.files.wordpress.com\/2013\/09\/img_1989.jpg?w=542&amp;h=406 542w, https:\/\/escolalapaubarcelona.files.wordpress.com\/2013\/09\/img_1989.jpg?w=150&amp;h=113 150w, https:\/\/escolalapaubarcelona.files.wordpress.com\/2013\/09\/img_1989.jpg?w=300&amp;h=225 300w\" alt=\"IMG_1989\" width=\"198\" height=\"148\" data-attachment-id=\"542\" data-permalink=\"https:\/\/escolalapaubarcelona.wordpress.com\/img_1989\/\" data-orig-file=\"https:\/\/escolalapaubarcelona.files.wordpress.com\/2013\/09\/img_1989.jpg\" data-orig-size=\"2592,1944\" data-comments-opened=\"1\" data-image-meta=\"{&quot;aperture&quot;:&quot;3.2&quot;,&quot;credit&quot;:&quot;&quot;,&quot;camera&quot;:&quot;Canon DIGITAL IXUS i zoom&quot;,&quot;caption&quot;:&quot;&quot;,&quot;created_timestamp&quot;:&quot;1321889992&quot;,&quot;copyright&quot;:&quot;&quot;,&quot;focal_length&quot;:&quot;6.3&quot;,&quot;iso&quot;:&quot;0&quot;,&quot;shutter_speed&quot;:&quot;0.016666666666667&quot;,&quot;title&quot;:&quot;&quot;}\" data-image-title=\"IMG_1989\" data-image-description=\"\" data-medium-file=\"https:\/\/escolalapaubarcelona.files.wordpress.com\/2013\/09\/img_1989.jpg?w=300\" data-large-file=\"https:\/\/escolalapaubarcelona.files.wordpress.com\/2013\/09\/img_1989.jpg?w=271&amp;h=203\" \/><\/a><\/p>\n","protected":false},"excerpt":{"rendered":"<p>Una escola oberta a les fam\u00edlies Per l\u2019escola La Pau, les fam\u00edlies s\u00f3n un motor important. \u00c9s per aquest motiu que, cada vegada m\u00e9s, volem trobar camins per obrir l\u2019escola a la seva participaci\u00f3, acollir-les i implicar-les en el dia a dia de l\u2019escola. \u00a0<\/p>\n","protected":false},"author":1,"featured_media":0,"parent":0,"menu_order":0,"comment_status":"closed","ping_status":"closed","template":"","meta":{"_bbp_topic_count":0,"_bbp_reply_count":0,"_bbp_total_topic_count":0,"_bbp_total_reply_count":0,"_bbp_voice_count":0,"_bbp_anonymous_reply_count":0,"_bbp_topic_count_hidden":0,"_bbp_reply_count_hidden":0,"_bbp_forum_subforum_count":0,"site-sidebar-layout":"default","site-content-layout":"","ast-site-content-layout":"","site-content-style":"default","site-sidebar-style":"default","ast-global-header-display":"","ast-banner-title-visibility":"","ast-main-header-display":"","ast-hfb-above-header-display":"","ast-hfb-below-header-display":"","ast-hfb-mobile-header-display":"","site-post-title":"","ast-breadcrumbs-content":"","ast-featured-img":"","footer-sml-layout":"","theme-transparent-header-meta":"","adv-header-id-meta":"","stick-header-meta":"","header-above-stick-meta":"","header-main-stick-meta":"","header-below-stick-meta":"","astra-migrate-meta-layouts":"default","ast-page-background-enabled":"default","ast-page-background-meta":{"desktop":{"background-color":"var(--ast-global-color-4)","background-image":"","background-repeat":"repeat","background-position":"center center","background-size":"auto","background-attachment":"scroll","background-type":"","background-media":"","overlay-type":"","overlay-color":"","overlay-opacity":"","overlay-gradient":""},"tablet":{"background-color":"","background-image":"","background-repeat":"repeat","background-position":"center center","background-size":"auto","background-attachment":"scroll","background-type":"","background-media":"","overlay-type":"","overlay-color":"","overlay-opacity":"","overlay-gradient":""},"mobile":{"background-color":"","background-image":"","background-repeat":"repeat","background-position":"center center","background-size":"auto","background-attachment":"scroll","background-type":"","background-media":"","overlay-type":"","overlay-color":"","overlay-opacity":"","overlay-gradient":""}},"ast-content-background-meta":{"desktop":{"background-color":"var(--ast-global-color-5)","background-image":"","background-repeat":"repeat","background-position":"center center","background-size":"auto","background-attachment":"scroll","background-type":"","background-media":"","overlay-type":"","overlay-color":"","overlay-opacity":"","overlay-gradient":""},"tablet":{"background-color":"var(--ast-global-color-5)","background-image":"","background-repeat":"repeat","background-position":"center center","background-size":"auto","background-attachment":"scroll","background-type":"","background-media":"","overlay-type":"","overlay-color":"","overlay-opacity":"","overlay-gradient":""},"mobile":{"background-color":"var(--ast-global-color-5)","background-image":"","background-repeat":"repeat","background-position":"center center","background-size":"auto","background-attachment":"scroll","background-type":"","background-media":"","overlay-type":"","overlay-color":"","overlay-opacity":"","overlay-gradient":""}},"footnotes":""},"class_list":["post-11400","page","type-page","status-publish","hentry"],"post_mailing_queue_ids":[],"_links":{"self":[{"href":"https:\/\/agora.xtec.cat\/ceiplapaubcn\/wp-json\/wp\/v2\/pages\/11400","targetHints":{"allow":["GET"]}}],"collection":[{"href":"https:\/\/agora.xtec.cat\/ceiplapaubcn\/wp-json\/wp\/v2\/pages"}],"about":[{"href":"https:\/\/agora.xtec.cat\/ceiplapaubcn\/wp-json\/wp\/v2\/types\/page"}],"author":[{"embeddable":true,"href":"https:\/\/agora.xtec.cat\/ceiplapaubcn\/wp-json\/wp\/v2\/users\/1"}],"replies":[{"embeddable":true,"href":"https:\/\/agora.xtec.cat\/ceiplapaubcn\/wp-json\/wp\/v2\/comments?post=11400"}],"version-history":[{"count":4,"href":"https:\/\/agora.xtec.cat\/ceiplapaubcn\/wp-json\/wp\/v2\/pages\/11400\/revisions"}],"predecessor-version":[{"id":17197,"href":"https:\/\/agora.xtec.cat\/ceiplapaubcn\/wp-json\/wp\/v2\/pages\/11400\/revisions\/17197"}],"wp:attachment":[{"href":"https:\/\/agora.xtec.cat\/ceiplapaubcn\/wp-json\/wp\/v2\/media?parent=11400"}],"curies":[{"name":"wp","href":"https:\/\/api.w.org\/{rel}","templated":true}]}}