{"id":36,"date":"2014-09-18T12:33:11","date_gmt":"2014-09-18T11:33:11","guid":{"rendered":"http:\/\/agora.xtec.cat\/ceiplanovaelectra\/?page_id=36"},"modified":"2025-07-09T16:55:12","modified_gmt":"2025-07-09T14:55:12","slug":"material-escolar","status":"publish","type":"page","link":"https:\/\/agora.xtec.cat\/ceiplanovaelectra\/lescola\/material-escolar\/","title":{"rendered":"Material escolar i llibres"},"content":{"rendered":"<p>A la nostra escola treballem amb llibres socialitzats, materials did\u00e0ctics i fungibles amb l&#8217;objectiu de fomentar valors socials i mediambientals (estalviar despeses a les fam\u00edlies, racionalitzar el consum, respectar el material com\u00fa i saber compartir).<\/p>\n<p>L&#8217;AMPA \u00e9s l&#8217;encarregada de la distribuci\u00f3 de llibres de text i gesti\u00f3 de socialitzaci\u00f3 de llibres. En el seg\u00fcent enlla\u00e7 teniu la informaci\u00f3 <span style=\"color: #ff0000;\">PATRACOL 25-26 ( pendent)<\/span><\/p>\n<p><a href=\"https:\/\/drive.google.com\/file\/d\/1Jv4fVDlfMacfDsUrbKweUW8_Kz50PDLZ\/view?usp=drive_link\" target=\"_blank\" rel=\"noopener\">ISBN 25-26<\/a><\/p>\n<p>A la <strong>guia r\u00e0pida<\/strong> de cada curs us detallem el material d&#8217;\u00fas individual propi que ha de portar cada alumne\/a de cada nivell educatiu, xandall, bata, material divers&#8230;\u00a0<a href=\"https:\/\/agora.xtec.cat\/ceiplanovaelectra\/categoria\/guia-rapida\/\" target=\"_blank\" rel=\"noopener\">GUIES R\u00c0PIDES 25-26<\/a><\/p>\n<table style=\"height: 372px; width: 25.8615%; border-color: #ebe30e;\">\n<tbody>\n<tr style=\"height: 46px;\">\n<td style=\"width: 86px; text-align: center; height: 46px;\"><strong>CURS<\/strong><\/td>\n<td style=\"width: 127px; text-align: center; height: 46px;\"><strong>APORTACI\u00d3 MATERIAL\u00a0<\/strong><\/td>\n<td style=\"width: 138px; text-align: center; height: 46px;\"><strong>APORTACI\u00d3 LLIBRES<\/strong><\/td>\n<\/tr>\n<tr>\n<td style=\"width: 86px; text-align: center;\"><strong>I3<\/strong><\/td>\n<td style=\"width: 127px; text-align: center;\">100\u20ac<\/td>\n<td style=\"width: 138px; text-align: center;\">5\u20ac<\/td>\n<\/tr>\n<tr style=\"height: 31px;\">\n<td style=\"width: 86px; text-align: center; height: 31px;\"><strong>I4<\/strong><\/td>\n<td style=\"width: 127px; text-align: center; height: 31px;\">100\u20ac<\/td>\n<td style=\"width: 138px; text-align: center; height: 31px;\">5\u20ac<\/td>\n<\/tr>\n<tr style=\"height: 31px;\">\n<td style=\"width: 86px; text-align: center; height: 31px;\"><strong>I5<\/strong><\/td>\n<td style=\"width: 127px; text-align: center; height: 31px;\">100\u20ac<\/td>\n<td style=\"width: 138px; text-align: center; height: 31px;\">5\u20ac<\/td>\n<\/tr>\n<tr style=\"height: 31px;\">\n<td style=\"width: 86px; text-align: center; height: 31px;\"><strong>1r<\/strong><\/td>\n<td style=\"width: 127px; text-align: center; height: 31px;\">100\u20ac<\/td>\n<td style=\"width: 138px; text-align: center; height: 31px;\">100\u20ac<\/td>\n<\/tr>\n<tr style=\"height: 31px;\">\n<td style=\"width: 86px; text-align: center; height: 31px;\"><strong>2n<\/strong><\/td>\n<td style=\"width: 127px; text-align: center; height: 31px;\">100\u20ac<\/td>\n<td style=\"width: 138px; text-align: center; height: 31px;\">100\u20ac<\/td>\n<\/tr>\n<tr style=\"height: 31px;\">\n<td style=\"width: 86px; text-align: center; height: 31px;\"><strong>3r<\/strong><\/td>\n<td style=\"width: 127px; text-align: center; height: 31px;\">62\u20ac<\/td>\n<td style=\"width: 138px; text-align: center; height: 31px;\">100\u20ac<\/td>\n<\/tr>\n<tr style=\"height: 31px;\">\n<td style=\"width: 86px; text-align: center; height: 31px;\"><strong>4t<\/strong><\/td>\n<td style=\"width: 127px; text-align: center; height: 31px;\">62\u20ac<\/td>\n<td style=\"width: 138px; text-align: center; height: 31px;\">100\u20ac<\/td>\n<\/tr>\n<tr style=\"height: 31px;\">\n<td style=\"width: 86px; text-align: center; height: 31px;\"><strong>5\u00e8<\/strong><\/td>\n<td style=\"width: 127px; text-align: center; height: 31px;\">62\u20ac<\/td>\n<td style=\"width: 138px; text-align: center; height: 31px;\">100\u20ac<\/td>\n<\/tr>\n<tr>\n<td style=\"width: 86px; text-align: center;\"><strong>6\u00e8<\/strong><\/td>\n<td style=\"width: 127px; text-align: center;\">62\u20ac<\/td>\n<td style=\"width: 138px; text-align: center;\">100\u20ac<\/td>\n<\/tr>\n<\/tbody>\n<\/table>\n<div class=\"addtoany_share_save_container addtoany_content addtoany_content_bottom\">\n<div class=\"a2a_kit a2a_kit_size_25 addtoany_list\" data-a2a-url=\"https:\/\/agora.xtec.cat\/ceip-turocanmates\/lescola\/material-escolar\/\" data-a2a-title=\"Material escolar\"><\/div>\n<\/div>\n<h5><\/h5>\n","protected":false},"excerpt":{"rendered":"<p>A la nostra escola treballem amb llibres socialitzats, materials did\u00e0ctics i fungibles amb l&#8217;objectiu de fomentar valors socials i mediambientals (estalviar despeses a les fam\u00edlies, racionalitzar el consum, respectar el material com\u00fa i saber compartir).<br \/>\nL&#8217;AMPA \u00e9s l&#8217;encarregada de la distribuci\u00f3 de llibres de text i&hellip;  <a href=\"https:\/\/agora.xtec.cat\/ceiplanovaelectra\/lescola\/material-escolar\/\" title=\"Read Material escolar i llibres\">Llegeix m\u00e9s\u00bb<\/a><\/p>\n","protected":false},"author":1,"featured_media":0,"parent":22,"menu_order":70,"comment_status":"closed","ping_status":"closed","template":"","meta":{"_bbp_topic_count":0,"_bbp_reply_count":0,"_bbp_total_topic_count":0,"_bbp_total_reply_count":0,"_bbp_voice_count":0,"_bbp_anonymous_reply_count":0,"_bbp_topic_count_hidden":0,"_bbp_reply_count_hidden":0,"_bbp_forum_subforum_count":0,"footnotes":""},"class_list":["post-36","page","type-page","status-publish","hentry"],"post_mailing_queue_ids":[],"_links":{"self":[{"href":"https:\/\/agora.xtec.cat\/ceiplanovaelectra\/wp-json\/wp\/v2\/pages\/36","targetHints":{"allow":["GET"]}}],"collection":[{"href":"https:\/\/agora.xtec.cat\/ceiplanovaelectra\/wp-json\/wp\/v2\/pages"}],"about":[{"href":"https:\/\/agora.xtec.cat\/ceiplanovaelectra\/wp-json\/wp\/v2\/types\/page"}],"author":[{"embeddable":true,"href":"https:\/\/agora.xtec.cat\/ceiplanovaelectra\/wp-json\/wp\/v2\/users\/1"}],"replies":[{"embeddable":true,"href":"https:\/\/agora.xtec.cat\/ceiplanovaelectra\/wp-json\/wp\/v2\/comments?post=36"}],"version-history":[{"count":6,"href":"https:\/\/agora.xtec.cat\/ceiplanovaelectra\/wp-json\/wp\/v2\/pages\/36\/revisions"}],"predecessor-version":[{"id":12897,"href":"https:\/\/agora.xtec.cat\/ceiplanovaelectra\/wp-json\/wp\/v2\/pages\/36\/revisions\/12897"}],"up":[{"embeddable":true,"href":"https:\/\/agora.xtec.cat\/ceiplanovaelectra\/wp-json\/wp\/v2\/pages\/22"}],"wp:attachment":[{"href":"https:\/\/agora.xtec.cat\/ceiplanovaelectra\/wp-json\/wp\/v2\/media?parent=36"}],"curies":[{"name":"wp","href":"https:\/\/api.w.org\/{rel}","templated":true}]}}