{"id":26,"date":"2014-09-18T12:24:32","date_gmt":"2014-09-18T11:24:32","guid":{"rendered":"http:\/\/agora.xtec.cat\/ceiplanovaelectra\/?page_id=26"},"modified":"2021-03-03T15:54:46","modified_gmt":"2021-03-03T14:54:46","slug":"historia","status":"publish","type":"page","link":"https:\/\/agora.xtec.cat\/ceiplanovaelectra\/lescola\/historia\/","title":{"rendered":"Hist\u00f2ria"},"content":{"rendered":"<p>L&#8217;escola inicia la seva activitat com a CEIP Jaume I al setembre de 2007 en una ubicaci\u00f3 provisional. El centre comptava amb 57 alumnes d&#8217;Educaci\u00f3 Infantil (P\u00b73) que ocupaven 3 aules-m\u00f2duls al C\/ Catalunya.<\/p>\n<p>A partir del curs 2011-12 l&#8217;escola es trasllada amb el seu nou nom, La Nova Electra, a les noves instal\u00b7lacions que ocupen els edificis de l&#8217;Electra Industrial, construcci\u00f3 declarada d&#8217;inter\u00e8s patrimonial per a la ciutat de Terrassa ubicada al barri d&#8217;\u00c8gara, districte 6 de Terrassa.<\/p>\n<p><a href=\"https:\/\/agora.xtec.cat\/ceiplanovaelectra\/wp-content\/uploads\/usu1276\/2021\/03\/nau-fabrica.jpg\"><img loading=\"lazy\" decoding=\"async\" class=\"alignnone size-full wp-image-5845\" src=\"https:\/\/agora.xtec.cat\/ceiplanovaelectra\/wp-content\/uploads\/usu1276\/2021\/03\/nau-fabrica.jpg\" alt=\"\" width=\"500\" height=\"300\" srcset=\"https:\/\/agora.xtec.cat\/ceiplanovaelectra\/wp-content\/uploads\/usu1276\/2021\/03\/nau-fabrica.jpg 500w, https:\/\/agora.xtec.cat\/ceiplanovaelectra\/wp-content\/uploads\/usu1276\/2021\/03\/nau-fabrica-300x180.jpg 300w\" sizes=\"auto, (max-width: 500px) 100vw, 500px\" \/><\/a><a href=\"https:\/\/agora.xtec.cat\/ceiplanovaelectra\/wp-content\/uploads\/usu1276\/2021\/03\/nau-nova-escola-2.jpg\"><img loading=\"lazy\" decoding=\"async\" class=\"alignnone  wp-image-5846\" src=\"https:\/\/agora.xtec.cat\/ceiplanovaelectra\/wp-content\/uploads\/usu1276\/2021\/03\/nau-nova-escola-2.jpg\" alt=\"\" width=\"473\" height=\"299\" srcset=\"https:\/\/agora.xtec.cat\/ceiplanovaelectra\/wp-content\/uploads\/usu1276\/2021\/03\/nau-nova-escola-2.jpg 611w, https:\/\/agora.xtec.cat\/ceiplanovaelectra\/wp-content\/uploads\/usu1276\/2021\/03\/nau-nova-escola-2-300x190.jpg 300w\" sizes=\"auto, (max-width: 473px) 100vw, 473px\" \/><\/a><\/p>\n","protected":false},"excerpt":{"rendered":"<p>L&#8217;escola inicia la seva activitat com a CEIP Jaume I al setembre de 2007 en una ubicaci\u00f3 provisional. El centre comptava amb 57 alumnes d&#8217;Educaci\u00f3 Infantil (P\u00b73) que ocupaven 3 aules-m\u00f2duls al C\/ Catalunya.<br \/>\nA partir del curs 2011-12 l&#8217;escola es trasllada amb el seu nou&hellip;  <a href=\"https:\/\/agora.xtec.cat\/ceiplanovaelectra\/lescola\/historia\/\" title=\"Read Hist\u00f2ria\">Llegeix m\u00e9s\u00bb<\/a><\/p>\n","protected":false},"author":1,"featured_media":0,"parent":22,"menu_order":20,"comment_status":"closed","ping_status":"closed","template":"page-templates\/side-menu.php","meta":{"_bbp_topic_count":0,"_bbp_reply_count":0,"_bbp_total_topic_count":0,"_bbp_total_reply_count":0,"_bbp_voice_count":0,"_bbp_anonymous_reply_count":0,"_bbp_topic_count_hidden":0,"_bbp_reply_count_hidden":0,"_bbp_forum_subforum_count":0,"footnotes":""},"class_list":["post-26","page","type-page","status-publish","hentry"],"post_mailing_queue_ids":[],"_links":{"self":[{"href":"https:\/\/agora.xtec.cat\/ceiplanovaelectra\/wp-json\/wp\/v2\/pages\/26","targetHints":{"allow":["GET"]}}],"collection":[{"href":"https:\/\/agora.xtec.cat\/ceiplanovaelectra\/wp-json\/wp\/v2\/pages"}],"about":[{"href":"https:\/\/agora.xtec.cat\/ceiplanovaelectra\/wp-json\/wp\/v2\/types\/page"}],"author":[{"embeddable":true,"href":"https:\/\/agora.xtec.cat\/ceiplanovaelectra\/wp-json\/wp\/v2\/users\/1"}],"replies":[{"embeddable":true,"href":"https:\/\/agora.xtec.cat\/ceiplanovaelectra\/wp-json\/wp\/v2\/comments?post=26"}],"version-history":[{"count":3,"href":"https:\/\/agora.xtec.cat\/ceiplanovaelectra\/wp-json\/wp\/v2\/pages\/26\/revisions"}],"predecessor-version":[{"id":5847,"href":"https:\/\/agora.xtec.cat\/ceiplanovaelectra\/wp-json\/wp\/v2\/pages\/26\/revisions\/5847"}],"up":[{"embeddable":true,"href":"https:\/\/agora.xtec.cat\/ceiplanovaelectra\/wp-json\/wp\/v2\/pages\/22"}],"wp:attachment":[{"href":"https:\/\/agora.xtec.cat\/ceiplanovaelectra\/wp-json\/wp\/v2\/media?parent=26"}],"curies":[{"name":"wp","href":"https:\/\/api.w.org\/{rel}","templated":true}]}}