{"id":8828,"date":"2023-04-12T13:37:16","date_gmt":"2023-04-12T11:37:16","guid":{"rendered":"https:\/\/agora.xtec.cat\/ceiplanaspa\/?page_id=8828"},"modified":"2023-12-07T16:42:45","modified_gmt":"2023-12-07T15:42:45","slug":"proposta-dinfantil","status":"publish","type":"page","link":"https:\/\/agora.xtec.cat\/ceiplanaspa\/proposta-dinfantil\/","title":{"rendered":"Proposta d&#8217;infantil"},"content":{"rendered":"<div>\n<h3><span style=\"color: #33cccc;\"><strong>PROPOSTA D&#8217;INFANTIL<\/strong><\/span><\/h3>\n<h4><strong><span style=\"color: #800080;\">AMBIENTS A INFANTIL<\/span><\/strong><\/p>\n<p>El curs 2023-24 inaugurem els ambients a infantil.<\/h4>\n<p><span style=\"color: #cc99ff;\"><strong>Qu\u00e8 entenem per ambients d&#8217;aprenentatge? <\/strong><\/span><\/p>\n<p><span style=\"font-family: inherit; font-size: 1em;\">Espai intercicle on els infants es barregen per gaudir de diferents espais.<\/span><\/p>\n<\/div>\n<p class=\"cvGsUA direction-ltr align-center para-style-body\">\n<span class=\"OYPEnA text-decoration-none text-strikethrough-none\"><strong><span style=\"color: #cc99ff;\">RESPECTEM RITMES DELS INFANTS.<\/span> <\/strong>Es t\u00e9 en compte l&#8217;adaptaci\u00f3 dels nens i nenes d&#8217;I3, aix\u00ed que aquests comencen els espais quan acabi aquest proc\u00e9s i tothom es senti segur psicol\u00f2gicament, congui els espais i les metsres per poder entomar la proposta d&#8217;ambients de manera satisfact\u00f2ria.. Els nens i nenes d&#8217;I3 fan una primera ronda amb la mestra per observar el que s\u00f3n els espais.<\/span><\/p>\n<p><span class=\"OYPEnA text-decoration-none text-strikethrough-none\"><strong><span style=\"color: #cc99ff;\">LLIURE ELECCI\u00d3. NO LLIURE CIRCULACI\u00d3.<\/span><\/strong> Cal que els nens i nenes facin una primera ronda i passin per tots els espais per saber qu\u00e8 es fa en cadascun ( full de registre per part de la tutora per assegurar-se que tothom ha passat per cada ambient) . Un cop &#8220;provats&#8221; tots els espais, els nens poden escollir l&#8217;espai on van&#8230; si un infant repeteix sovint el mateix espai, cal que la mestra animi a que provi d&#8217;altres espais.<\/span><\/p>\n<p><span class=\"OYPEnA text-decoration-none text-strikethrough-none\">ROTLLANA INICIAL I FINAL. <strong><span style=\"color: #cc99ff;\">NORMES<\/span> <\/strong>al principi i<span style=\"color: #cc99ff;\"><strong> FEEDBACK<\/strong> <\/span>al final de cada sessi\u00f3.<\/span><\/p>\n<p>Us detallem la proposta d&#8217;ambients, els colors que l&#8217;identifiquen i les mestres que ho porten a terme.<\/p>\n<ul>\n<li aria-level=\"4\"><em><span style=\"color: #ff0000;\"><b>AMBIENT 1 (vermell)<\/b><b> teatre amb l&#8217;\u00c0ngela 3,2,1 ACCI\u00d3!<\/b><\/span><\/em><\/li>\n<\/ul>\n<ul>\n<li aria-level=\"4\"><em><span style=\"color: #993300;\"><b>AMBIENT 2 (marr\u00f3) Ambient de ci\u00e8ncia. Experimentaci\u00f3 i hort amb l\u2019Ester.<\/b><\/span><\/em><\/li>\n<\/ul>\n<ul>\n<li aria-level=\"4\"><span style=\"color: #cfcf5f;\"><em><b>AMBIENT 3 (groc) Minimons i construccions amb la Marta FER I DESFER<\/b><\/em><\/span><\/li>\n<\/ul>\n<ul>\n<li aria-level=\"4\"><em><span style=\"color: #3366ff;\"><b>AMBIENT 4\u00a0 (blau) Joc simb\u00f2lic amb la Sheila, IMAGINA\u2026<\/b><\/span><\/em><\/li>\n<\/ul>\n<ul>\n<li aria-level=\"4\"><em><span style=\"color: #99cc00;\"><b>AMBIENT 5 (verd) Art amb l\u2019Andrea ser\u00e0 ART ATTACK!<\/b><\/span><\/em><\/li>\n<\/ul>\n<p>Us deixem aqu\u00ed algunes <a href=\"https:\/\/drive.google.com\/drive\/folders\/1inng-0sBbeB8JQd35v6JdUUlShjCs0X0?usp=drive_link\">fotos<\/a> de tots els ambients!<\/p>\n","protected":false},"excerpt":{"rendered":"<p>PROPOSTA D&#8217;INFANTIL AMBIENTS A INFANTIL El curs 2023-24 inaugurem els ambients a infantil. Qu\u00e8 entenem per ambients d&#8217;aprenentatge? Espai intercicle on els infants es barregen per gaudir de diferents espais. RESPECTEM RITMES DELS INFANTS. Es t\u00e9 en compte l&#8217;adaptaci\u00f3 dels nens i nenes d&#8217;I3, aix\u00ed que aquests comencen els espais quan acabi aquest proc\u00e9s i [&hellip;]<\/p>\n","protected":false},"author":1,"featured_media":0,"parent":0,"menu_order":0,"comment_status":"closed","ping_status":"closed","template":"","meta":{"_bbp_topic_count":0,"_bbp_reply_count":0,"_bbp_total_topic_count":0,"_bbp_total_reply_count":0,"_bbp_voice_count":0,"_bbp_anonymous_reply_count":0,"_bbp_topic_count_hidden":0,"_bbp_reply_count_hidden":0,"_bbp_forum_subforum_count":0,"site-sidebar-layout":"default","site-content-layout":"","ast-site-content-layout":"","site-content-style":"default","site-sidebar-style":"default","ast-global-header-display":"","ast-banner-title-visibility":"","ast-main-header-display":"","ast-hfb-above-header-display":"","ast-hfb-below-header-display":"","ast-hfb-mobile-header-display":"","site-post-title":"","ast-breadcrumbs-content":"","ast-featured-img":"","footer-sml-layout":"","theme-transparent-header-meta":"","adv-header-id-meta":"","stick-header-meta":"","header-above-stick-meta":"","header-main-stick-meta":"","header-below-stick-meta":"","astra-migrate-meta-layouts":"default","ast-page-background-enabled":"default","ast-page-background-meta":{"desktop":{"background-color":"var(--ast-global-color-4)","background-image":"","background-repeat":"repeat","background-position":"center center","background-size":"auto","background-attachment":"scroll","background-type":"","background-media":"","overlay-type":"","overlay-color":"","overlay-opacity":"","overlay-gradient":""},"tablet":{"background-color":"","background-image":"","background-repeat":"repeat","background-position":"center center","background-size":"auto","background-attachment":"scroll","background-type":"","background-media":"","overlay-type":"","overlay-color":"","overlay-opacity":"","overlay-gradient":""},"mobile":{"background-color":"","background-image":"","background-repeat":"repeat","background-position":"center center","background-size":"auto","background-attachment":"scroll","background-type":"","background-media":"","overlay-type":"","overlay-color":"","overlay-opacity":"","overlay-gradient":""}},"ast-content-background-meta":{"desktop":{"background-color":"var(--ast-global-color-5)","background-image":"","background-repeat":"repeat","background-position":"center center","background-size":"auto","background-attachment":"scroll","background-type":"","background-media":"","overlay-type":"","overlay-color":"","overlay-opacity":"","overlay-gradient":""},"tablet":{"background-color":"var(--ast-global-color-5)","background-image":"","background-repeat":"repeat","background-position":"center center","background-size":"auto","background-attachment":"scroll","background-type":"","background-media":"","overlay-type":"","overlay-color":"","overlay-opacity":"","overlay-gradient":""},"mobile":{"background-color":"var(--ast-global-color-5)","background-image":"","background-repeat":"repeat","background-position":"center center","background-size":"auto","background-attachment":"scroll","background-type":"","background-media":"","overlay-type":"","overlay-color":"","overlay-opacity":"","overlay-gradient":""}},"footnotes":""},"class_list":["post-8828","page","type-page","status-publish","hentry"],"post_mailing_queue_ids":[],"_links":{"self":[{"href":"https:\/\/agora.xtec.cat\/ceiplanaspa\/wp-json\/wp\/v2\/pages\/8828","targetHints":{"allow":["GET"]}}],"collection":[{"href":"https:\/\/agora.xtec.cat\/ceiplanaspa\/wp-json\/wp\/v2\/pages"}],"about":[{"href":"https:\/\/agora.xtec.cat\/ceiplanaspa\/wp-json\/wp\/v2\/types\/page"}],"author":[{"embeddable":true,"href":"https:\/\/agora.xtec.cat\/ceiplanaspa\/wp-json\/wp\/v2\/users\/1"}],"replies":[{"embeddable":true,"href":"https:\/\/agora.xtec.cat\/ceiplanaspa\/wp-json\/wp\/v2\/comments?post=8828"}],"version-history":[{"count":3,"href":"https:\/\/agora.xtec.cat\/ceiplanaspa\/wp-json\/wp\/v2\/pages\/8828\/revisions"}],"predecessor-version":[{"id":10154,"href":"https:\/\/agora.xtec.cat\/ceiplanaspa\/wp-json\/wp\/v2\/pages\/8828\/revisions\/10154"}],"wp:attachment":[{"href":"https:\/\/agora.xtec.cat\/ceiplanaspa\/wp-json\/wp\/v2\/media?parent=8828"}],"curies":[{"name":"wp","href":"https:\/\/api.w.org\/{rel}","templated":true}]}}