{"id":2833,"date":"2020-11-27T15:50:04","date_gmt":"2020-11-27T14:50:04","guid":{"rendered":"http:\/\/agora.xtec.cat\/ceiplanaspa\/?page_id=2833"},"modified":"2025-01-17T18:21:26","modified_gmt":"2025-01-17T17:21:26","slug":"articles-lectures","status":"publish","type":"page","link":"https:\/\/agora.xtec.cat\/ceiplanaspa\/per-llegir-i-pensar\/articles-lectures\/","title":{"rendered":"Lectures\/Recursos"},"content":{"rendered":"<h5><strong>Articles, v\u00eddeos i p\u00e0gines que ens inspiren:<\/strong><\/h5>\n<ul>\n<li><a href=\"https:\/\/www.3cat.cat\/324\/ets-un-pare-o-mare-llevaneu-com-detectar-ho-i-estrategies-per-evitar-la-hiperproteccio\/noticia\/3293094\/\">Ets un pare o mare llevaneu? Com detectar-ho i estrat\u00e8gies per evitar la hiperprotecci\u00f3.<\/a>entrevista a <strong>Sylvie P\u00e9rez,<\/strong>\u00a0professora dels Estudis de Psicologia i Ci\u00e8ncies de l&#8217;Educaci\u00f3 a la Universitat Oberta de Catalunya (UOC)<\/li>\n<li><a href=\"https:\/\/icellegiriescriure.wixsite.com\/aprendre\">Blog Aprendre a llegir i a escriure<\/a>\u00a0ICE de l\u2019UAB<\/li>\n<li><a href=\"http:\/\/www.rtve.es\/alacarta\/videos\/para-todos-la-2\/para-todos-2-entrevista-catherine-lecuyer-educar-asombro\/1672446\/\" target=\"_blank\" rel=\"noreferrer noopener\">Educar en el asombro<\/a>.\u00a0Entrevista a Catherine L\u2019Ecuyer (video)<\/li>\n<li><a href=\"http:\/\/xtec.gencat.cat\/web\/.content\/curriculum\/xarxacb\/treball-projectes\/Resum-conferencia-Fernando-Hernandez.pdf\">Fem projectes o entenem la vida de l\u2019escola com un gran projecte?<\/a>\u00a0F. Hern\u00e1ndez<\/li>\n<li><a href=\"https:\/\/drive.google.com\/file\/d\/0BxqR4-6_zkxCZy1JX0lmVC0tNGs\/view?usp=sharing\" target=\"_blank\" rel=\"noreferrer noopener\">Educar con Amor<\/a>.\u00a0Rebecca Wild<\/li>\n<li>\n<h6 class=\"post-title tw-text-[#2A3034] tw-text-[40px] tw-leading-[42px] tw--tracking-[0.8px] tw-mb-0 max991:tw-mt-[22px]\"><a href=\"https:\/\/beteve.cat\/basics\/david-bueno-sobreprotegim-infants-no-vincle-solid\/\">\u201cD\u2019una banda, sobreprotegim els infants i, de l\u2019altra, no hi ha un vincle prou s\u00f2lid\u201d <\/a>David Bueno<\/h6>\n<\/li>\n<\/ul>\n<p>Per\u00edode de familiaritzaci\u00f3:<\/p>\n<ul>\n<li><a href=\"http:\/\/www.xn--elcerebrodelnio-crb.com\/blog\/que-les-pasa-a-estos-pequenajos-es-el-periodo-post-adaptacion-3\/\">\u00bfQu\u00e9 les pasa a estos peque\u00f1ajos?<\/a>\u00a0Article d&#8217;\u00c1lvaro Bilbao<\/li>\n<\/ul>\n","protected":false},"excerpt":{"rendered":"<p>Articles, v\u00eddeos i p\u00e0gines que ens inspiren: Ets un pare o mare llevaneu? Com detectar-ho i estrat\u00e8gies per evitar la hiperprotecci\u00f3.entrevista a Sylvie P\u00e9rez,\u00a0professora dels Estudis de Psicologia i Ci\u00e8ncies de l&#8217;Educaci\u00f3 a la Universitat Oberta de Catalunya (UOC) Blog Aprendre a llegir i a escriure\u00a0ICE de l\u2019UAB Educar en el asombro.\u00a0Entrevista a Catherine L\u2019Ecuyer [&hellip;]<\/p>\n","protected":false},"author":1,"featured_media":0,"parent":2831,"menu_order":1,"comment_status":"closed","ping_status":"closed","template":"page-templates\/side-menu.php","meta":{"_bbp_topic_count":0,"_bbp_reply_count":0,"_bbp_total_topic_count":0,"_bbp_total_reply_count":0,"_bbp_voice_count":0,"_bbp_anonymous_reply_count":0,"_bbp_topic_count_hidden":0,"_bbp_reply_count_hidden":0,"_bbp_forum_subforum_count":0,"site-sidebar-layout":"default","site-content-layout":"","ast-site-content-layout":"","site-content-style":"default","site-sidebar-style":"default","ast-global-header-display":"","ast-banner-title-visibility":"","ast-main-header-display":"","ast-hfb-above-header-display":"","ast-hfb-below-header-display":"","ast-hfb-mobile-header-display":"","site-post-title":"","ast-breadcrumbs-content":"","ast-featured-img":"","footer-sml-layout":"","theme-transparent-header-meta":"","adv-header-id-meta":"","stick-header-meta":"","header-above-stick-meta":"","header-main-stick-meta":"","header-below-stick-meta":"","astra-migrate-meta-layouts":"default","ast-page-background-enabled":"default","ast-page-background-meta":{"desktop":{"background-color":"var(--ast-global-color-4)","background-image":"","background-repeat":"repeat","background-position":"center center","background-size":"auto","background-attachment":"scroll","background-type":"","background-media":"","overlay-type":"","overlay-color":"","overlay-opacity":"","overlay-gradient":""},"tablet":{"background-color":"","background-image":"","background-repeat":"repeat","background-position":"center center","background-size":"auto","background-attachment":"scroll","background-type":"","background-media":"","overlay-type":"","overlay-color":"","overlay-opacity":"","overlay-gradient":""},"mobile":{"background-color":"","background-image":"","background-repeat":"repeat","background-position":"center center","background-size":"auto","background-attachment":"scroll","background-type":"","background-media":"","overlay-type":"","overlay-color":"","overlay-opacity":"","overlay-gradient":""}},"ast-content-background-meta":{"desktop":{"background-color":"var(--ast-global-color-5)","background-image":"","background-repeat":"repeat","background-position":"center center","background-size":"auto","background-attachment":"scroll","background-type":"","background-media":"","overlay-type":"","overlay-color":"","overlay-opacity":"","overlay-gradient":""},"tablet":{"background-color":"var(--ast-global-color-5)","background-image":"","background-repeat":"repeat","background-position":"center center","background-size":"auto","background-attachment":"scroll","background-type":"","background-media":"","overlay-type":"","overlay-color":"","overlay-opacity":"","overlay-gradient":""},"mobile":{"background-color":"var(--ast-global-color-5)","background-image":"","background-repeat":"repeat","background-position":"center center","background-size":"auto","background-attachment":"scroll","background-type":"","background-media":"","overlay-type":"","overlay-color":"","overlay-opacity":"","overlay-gradient":""}},"footnotes":""},"class_list":["post-2833","page","type-page","status-publish","hentry"],"post_mailing_queue_ids":[],"_links":{"self":[{"href":"https:\/\/agora.xtec.cat\/ceiplanaspa\/wp-json\/wp\/v2\/pages\/2833","targetHints":{"allow":["GET"]}}],"collection":[{"href":"https:\/\/agora.xtec.cat\/ceiplanaspa\/wp-json\/wp\/v2\/pages"}],"about":[{"href":"https:\/\/agora.xtec.cat\/ceiplanaspa\/wp-json\/wp\/v2\/types\/page"}],"author":[{"embeddable":true,"href":"https:\/\/agora.xtec.cat\/ceiplanaspa\/wp-json\/wp\/v2\/users\/1"}],"replies":[{"embeddable":true,"href":"https:\/\/agora.xtec.cat\/ceiplanaspa\/wp-json\/wp\/v2\/comments?post=2833"}],"version-history":[{"count":5,"href":"https:\/\/agora.xtec.cat\/ceiplanaspa\/wp-json\/wp\/v2\/pages\/2833\/revisions"}],"predecessor-version":[{"id":12348,"href":"https:\/\/agora.xtec.cat\/ceiplanaspa\/wp-json\/wp\/v2\/pages\/2833\/revisions\/12348"}],"up":[{"embeddable":true,"href":"https:\/\/agora.xtec.cat\/ceiplanaspa\/wp-json\/wp\/v2\/pages\/2831"}],"wp:attachment":[{"href":"https:\/\/agora.xtec.cat\/ceiplanaspa\/wp-json\/wp\/v2\/media?parent=2833"}],"curies":[{"name":"wp","href":"https:\/\/api.w.org\/{rel}","templated":true}]}}