{"id":73,"date":"2014-09-18T14:01:51","date_gmt":"2014-09-18T13:01:51","guid":{"rendered":"http:\/\/agora.xtec.cat\/ceiplamitjana\/?page_id=73"},"modified":"2025-10-25T20:28:46","modified_gmt":"2025-10-25T18:28:46","slug":"menjador-escolar","status":"publish","type":"page","link":"https:\/\/agora.xtec.cat\/ceiplamitjana\/espai-families\/serveis\/menjador-escolar\/","title":{"rendered":"Menjador escolar"},"content":{"rendered":"<p style=\"text-align: left;\"><strong>Coordinadors<\/strong>: Tere Odina i Carmela Ramon<\/p>\n<p style=\"text-align: left;\"><strong>MONITORS I MONITORES DE MENJADOR<\/strong><\/p>\n<table style=\"height: 274px;\" width=\"576\">\n<tbody>\n<tr style=\"height: 33px;\">\n<td style=\"text-align: center; height: 10px; width: 81px;\">I3A<\/td>\n<td style=\"height: 10px; width: 487px;\">T\u00e0nia<\/td>\n<\/tr>\n<tr style=\"height: 33px;\">\n<td style=\"text-align: center; height: 33px; width: 81px;\">I3B<\/td>\n<td style=\"height: 33px; width: 487px;\">Rosa<\/td>\n<\/tr>\n<tr style=\"height: 33px;\">\n<td style=\"text-align: center; height: 33px; width: 81px;\">I4A<\/td>\n<td style=\"height: 33px; width: 487px;\">Sara<\/td>\n<\/tr>\n<tr style=\"height: 33px;\">\n<td style=\"text-align: center; height: 33px; width: 81px;\">I4B<\/td>\n<td style=\"height: 33px; width: 487px;\">Carla<\/td>\n<\/tr>\n<tr style=\"height: 33px;\">\n<td style=\"text-align: center; height: 33px; width: 81px;\">I5A<\/td>\n<td style=\"height: 33px; width: 487px;\">Aroa<\/td>\n<\/tr>\n<tr style=\"height: 33px;\">\n<td style=\"text-align: center; height: 33px; width: 81px;\">I5B<\/td>\n<td style=\"height: 33px; width: 487px;\">\u00a0Ares<\/td>\n<\/tr>\n<tr style=\"height: 33px;\">\n<td style=\"text-align: center; height: 33px; width: 81px;\">REFOR\u00c7 INFANTIL<\/td>\n<td style=\"height: 33px; width: 487px;\">Cristina Olius<\/td>\n<\/tr>\n<tr style=\"height: 33px;\">\n<td style=\"text-align: center; height: 33px; width: 81px;\">1rA<\/td>\n<td style=\"height: 33px; width: 487px;\">\u00a0Anna Baena<\/td>\n<\/tr>\n<tr style=\"height: 33px;\">\n<td style=\"text-align: center; height: 33px; width: 81px;\">1rB<\/td>\n<td style=\"height: 33px; width: 487px;\">Llu\u00efsa<\/td>\n<\/tr>\n<tr>\n<td style=\"text-align: center; width: 81px;\">2nA<\/td>\n<td style=\"width: 487px;\">Anna<\/td>\n<\/tr>\n<tr>\n<td style=\"text-align: center; width: 81px;\">2nB<\/td>\n<td style=\"width: 487px;\">Roberta<\/td>\n<\/tr>\n<tr>\n<td style=\"text-align: center; width: 81px;\">3rA<\/td>\n<td style=\"width: 487px;\">Pili<\/td>\n<\/tr>\n<tr>\n<td style=\"text-align: center; width: 81px;\">3rB<\/td>\n<td style=\"width: 487px;\">Ma Mar<\/td>\n<\/tr>\n<tr>\n<td style=\"text-align: center; width: 81px;\">4tA<\/td>\n<td style=\"width: 487px;\">Al\u00e8xia<\/td>\n<\/tr>\n<tr>\n<td style=\"text-align: center; width: 81px;\">4tB<\/td>\n<td style=\"width: 487px;\"><\/td>\n<\/tr>\n<tr>\n<td style=\"text-align: center; width: 81px;\">5\u00e8A<\/td>\n<td style=\"width: 487px;\">Maria<\/td>\n<\/tr>\n<tr>\n<td style=\"text-align: center; width: 81px;\">5\u00e8B<\/td>\n<td style=\"width: 487px;\">Eva<\/td>\n<\/tr>\n<tr>\n<td style=\"text-align: center; width: 81px;\">6\u00e8A<\/td>\n<td style=\"width: 487px;\">Aleix<\/td>\n<\/tr>\n<tr>\n<td style=\"text-align: center; width: 81px;\">6\u00e8B<\/td>\n<td style=\"width: 487px;\">Carmela<\/td>\n<\/tr>\n<\/tbody>\n<\/table>\n<table style=\"height: 102px;\" width=\"578\">\n<tbody>\n<tr>\n<td style=\"text-align: center; width: 206.3px;\"><strong>Personal de cuina<\/strong><\/td>\n<td style=\"text-align: center; width: 363.7px;\">Sabina &#8211; M\u00aa Carmen Vidaller -Marta Jov\u00e9 -Pepi<\/td>\n<\/tr>\n<\/tbody>\n<\/table>\n<p>Qualsevol persona que vulgui reservar menjador o acollida ha de trucar al tel\u00e8fon seg\u00fcent:<\/p>\n<p>Menjador i Acollida: 660172880 (Tere)<\/p>\n<p><span style=\"border-radius: 2px; text-indent: 20px; width: auto; padding: 0px 4px 0px 0px; text-align: center; font: bold 11px\/20px 'Helvetica Neue',Helvetica,sans-serif; color: #ffffff; background: #bd081c no-repeat scroll 3px 50% \/ 14px 14px; position: absolute; opacity: 1; z-index: 8675309; display: none; cursor: pointer; top: 91px; left: 25px;\">Save<\/span><\/p>\n<p><span style=\"border-radius: 2px; text-indent: 20px; width: auto; padding: 0px 4px 0px 0px; text-align: center; font: bold 11px\/20px 'Helvetica Neue',Helvetica,sans-serif; color: #ffffff; background: #bd081c no-repeat scroll 3px 50% \/ 14px 14px; position: absolute; opacity: 1; z-index: 8675309; display: none; cursor: pointer; top: 451px; left: 113px;\">Save<\/span><\/p>\n","protected":false},"excerpt":{"rendered":"<p>Coordinadors: Tere Odina i Carmela Ramon MONITORS I MONITORES DE MENJADOR I3A T\u00e0nia I3B Rosa I4A Sara I4B Carla I5A Aroa I5B \u00a0Ares REFOR\u00c7 INFANTIL Cristina Olius 1rA \u00a0Anna Baena 1rB Llu\u00efsa 2nA Anna 2nB Roberta 3rA Pili 3rB Ma Mar 4tA Al\u00e8xia 4tB 5\u00e8A Maria 5\u00e8B Eva 6\u00e8A Aleix 6\u00e8B Carmela Personal de cuina [&hellip;]<\/p>\n","protected":false},"author":1,"featured_media":0,"parent":66,"menu_order":2,"comment_status":"closed","ping_status":"closed","template":"","meta":{"_bbp_topic_count":0,"_bbp_reply_count":0,"_bbp_total_topic_count":0,"_bbp_total_reply_count":0,"_bbp_voice_count":0,"_bbp_anonymous_reply_count":0,"_bbp_topic_count_hidden":0,"_bbp_reply_count_hidden":0,"_bbp_forum_subforum_count":0,"site-sidebar-layout":"default","site-content-layout":"","ast-site-content-layout":"default","site-content-style":"default","site-sidebar-style":"default","ast-global-header-display":"","ast-banner-title-visibility":"","ast-main-header-display":"","ast-hfb-above-header-display":"","ast-hfb-below-header-display":"","ast-hfb-mobile-header-display":"","site-post-title":"","ast-breadcrumbs-content":"","ast-featured-img":"","footer-sml-layout":"","theme-transparent-header-meta":"","adv-header-id-meta":"","stick-header-meta":"","header-above-stick-meta":"","header-main-stick-meta":"","header-below-stick-meta":"","astra-migrate-meta-layouts":"set","ast-page-background-enabled":"default","ast-page-background-meta":{"desktop":{"background-color":"var(--ast-global-color-4)","background-image":"","background-repeat":"repeat","background-position":"center center","background-size":"auto","background-attachment":"scroll","background-type":"","background-media":"","overlay-type":"","overlay-color":"","overlay-opacity":"","overlay-gradient":""},"tablet":{"background-color":"","background-image":"","background-repeat":"repeat","background-position":"center center","background-size":"auto","background-attachment":"scroll","background-type":"","background-media":"","overlay-type":"","overlay-color":"","overlay-opacity":"","overlay-gradient":""},"mobile":{"background-color":"","background-image":"","background-repeat":"repeat","background-position":"center center","background-size":"auto","background-attachment":"scroll","background-type":"","background-media":"","overlay-type":"","overlay-color":"","overlay-opacity":"","overlay-gradient":""}},"ast-content-background-meta":{"desktop":{"background-color":"var(--ast-global-color-5)","background-image":"","background-repeat":"repeat","background-position":"center center","background-size":"auto","background-attachment":"scroll","background-type":"","background-media":"","overlay-type":"","overlay-color":"","overlay-opacity":"","overlay-gradient":""},"tablet":{"background-color":"var(--ast-global-color-5)","background-image":"","background-repeat":"repeat","background-position":"center center","background-size":"auto","background-attachment":"scroll","background-type":"","background-media":"","overlay-type":"","overlay-color":"","overlay-opacity":"","overlay-gradient":""},"mobile":{"background-color":"var(--ast-global-color-5)","background-image":"","background-repeat":"repeat","background-position":"center center","background-size":"auto","background-attachment":"scroll","background-type":"","background-media":"","overlay-type":"","overlay-color":"","overlay-opacity":"","overlay-gradient":""}},"footnotes":""},"class_list":["post-73","page","type-page","status-publish","hentry"],"post_mailing_queue_ids":[],"_links":{"self":[{"href":"https:\/\/agora.xtec.cat\/ceiplamitjana\/wp-json\/wp\/v2\/pages\/73","targetHints":{"allow":["GET"]}}],"collection":[{"href":"https:\/\/agora.xtec.cat\/ceiplamitjana\/wp-json\/wp\/v2\/pages"}],"about":[{"href":"https:\/\/agora.xtec.cat\/ceiplamitjana\/wp-json\/wp\/v2\/types\/page"}],"author":[{"embeddable":true,"href":"https:\/\/agora.xtec.cat\/ceiplamitjana\/wp-json\/wp\/v2\/users\/1"}],"replies":[{"embeddable":true,"href":"https:\/\/agora.xtec.cat\/ceiplamitjana\/wp-json\/wp\/v2\/comments?post=73"}],"version-history":[{"count":7,"href":"https:\/\/agora.xtec.cat\/ceiplamitjana\/wp-json\/wp\/v2\/pages\/73\/revisions"}],"predecessor-version":[{"id":23422,"href":"https:\/\/agora.xtec.cat\/ceiplamitjana\/wp-json\/wp\/v2\/pages\/73\/revisions\/23422"}],"up":[{"embeddable":true,"href":"https:\/\/agora.xtec.cat\/ceiplamitjana\/wp-json\/wp\/v2\/pages\/66"}],"wp:attachment":[{"href":"https:\/\/agora.xtec.cat\/ceiplamitjana\/wp-json\/wp\/v2\/media?parent=73"}],"curies":[{"name":"wp","href":"https:\/\/api.w.org\/{rel}","templated":true}]}}