{"id":343,"date":"2016-05-14T19:32:46","date_gmt":"2016-05-14T18:32:46","guid":{"rendered":"http:\/\/agora.xtec.cat\/ceiplamitjana\/?page_id=343"},"modified":"2022-01-19T11:03:35","modified_gmt":"2022-01-19T10:03:35","slug":"espais","status":"publish","type":"page","link":"https:\/\/agora.xtec.cat\/ceiplamitjana\/documents\/projecte-educatiu\/metodologies\/espais\/","title":{"rendered":"Espais a prim\u00e0ria"},"content":{"rendered":"<table style=\"height: 179px;\" width=\"461\">\n<tbody>\n<tr>\n<td>\n<h4>Cicle Inicial<\/h4>\n<\/td>\n<td>\n<ul>\n<li>Matem\u00e0tiques<\/li>\n<li>Llengua<\/li>\n<li>Moviment<\/li>\n<\/ul>\n<\/td>\n<\/tr>\n<tr>\n<td>\n<h4>Cicle Mitj\u00e0<\/h4>\n<\/td>\n<td>\n<ul>\n<li>Matem\u00e0tiques<\/li>\n<li>Programaci\u00f3 (rob\u00f2tica)<\/li>\n<li>Escacs<\/li>\n<li>Llengua<\/li>\n<li>Moviment<\/li>\n<li>M\u00fasica<\/li>\n<\/ul>\n<\/td>\n<\/tr>\n<\/tbody>\n<\/table>\n<p align=\"JUSTIFY\">Els <strong>Espais variats <\/strong>s\u00f3n una proposta metodol\u00f2gica on els nostres alumnes poden realitzar, de manera simult\u00e0nia, diferents activitats de tipus cognitiu, manipulatiu i simb\u00f2lic.<\/p>\n<p align=\"JUSTIFY\">Oferim a l&#8217;alumnat activitats amb una gran varietat de propostes a les quals els alumnes poden accedir-hi segons els seus interessos.<\/p>\n<p align=\"JUSTIFY\">Els objectius generals s\u00f3n afavorir l\u2019autonomia i la capacitat d\u2019organitzar-se, respectar els diferents ritmes de treball i d&#8217;aprenentatge i educar els alumnes perqu\u00e8 tinguin criteri propi potenciant la interrelaci\u00f3.<\/p>\n<p align=\"JUSTIFY\">De moment, degut a la Covid 19 espais variats no es fan intercicle.<\/p>\n","protected":false},"excerpt":{"rendered":"<p>Cicle Inicial Matem\u00e0tiques Llengua Moviment Cicle Mitj\u00e0 Matem\u00e0tiques Programaci\u00f3 (rob\u00f2tica) Escacs Llengua Moviment M\u00fasica Els Espais variats s\u00f3n una proposta metodol\u00f2gica on els nostres alumnes poden realitzar, de manera simult\u00e0nia, diferents activitats de tipus cognitiu, manipulatiu i simb\u00f2lic. Oferim a l&#8217;alumnat activitats amb una gran varietat de propostes a les quals els alumnes poden accedir-hi [&hellip;]<\/p>\n","protected":false},"author":3,"featured_media":0,"parent":232,"menu_order":0,"comment_status":"closed","ping_status":"closed","template":"","meta":{"_bbp_topic_count":0,"_bbp_reply_count":0,"_bbp_total_topic_count":0,"_bbp_total_reply_count":0,"_bbp_voice_count":0,"_bbp_anonymous_reply_count":0,"_bbp_topic_count_hidden":0,"_bbp_reply_count_hidden":0,"_bbp_forum_subforum_count":0,"site-sidebar-layout":"default","site-content-layout":"","ast-site-content-layout":"","site-content-style":"default","site-sidebar-style":"default","ast-global-header-display":"","ast-banner-title-visibility":"","ast-main-header-display":"","ast-hfb-above-header-display":"","ast-hfb-below-header-display":"","ast-hfb-mobile-header-display":"","site-post-title":"","ast-breadcrumbs-content":"","ast-featured-img":"","footer-sml-layout":"","theme-transparent-header-meta":"","adv-header-id-meta":"","stick-header-meta":"","header-above-stick-meta":"","header-main-stick-meta":"","header-below-stick-meta":"","astra-migrate-meta-layouts":"default","ast-page-background-enabled":"default","ast-page-background-meta":{"desktop":{"background-color":"var(--ast-global-color-4)","background-image":"","background-repeat":"repeat","background-position":"center center","background-size":"auto","background-attachment":"scroll","background-type":"","background-media":"","overlay-type":"","overlay-color":"","overlay-opacity":"","overlay-gradient":""},"tablet":{"background-color":"","background-image":"","background-repeat":"repeat","background-position":"center center","background-size":"auto","background-attachment":"scroll","background-type":"","background-media":"","overlay-type":"","overlay-color":"","overlay-opacity":"","overlay-gradient":""},"mobile":{"background-color":"","background-image":"","background-repeat":"repeat","background-position":"center center","background-size":"auto","background-attachment":"scroll","background-type":"","background-media":"","overlay-type":"","overlay-color":"","overlay-opacity":"","overlay-gradient":""}},"ast-content-background-meta":{"desktop":{"background-color":"var(--ast-global-color-5)","background-image":"","background-repeat":"repeat","background-position":"center center","background-size":"auto","background-attachment":"scroll","background-type":"","background-media":"","overlay-type":"","overlay-color":"","overlay-opacity":"","overlay-gradient":""},"tablet":{"background-color":"var(--ast-global-color-5)","background-image":"","background-repeat":"repeat","background-position":"center center","background-size":"auto","background-attachment":"scroll","background-type":"","background-media":"","overlay-type":"","overlay-color":"","overlay-opacity":"","overlay-gradient":""},"mobile":{"background-color":"var(--ast-global-color-5)","background-image":"","background-repeat":"repeat","background-position":"center center","background-size":"auto","background-attachment":"scroll","background-type":"","background-media":"","overlay-type":"","overlay-color":"","overlay-opacity":"","overlay-gradient":""}},"footnotes":""},"class_list":["post-343","page","type-page","status-publish","hentry"],"post_mailing_queue_ids":[],"_links":{"self":[{"href":"https:\/\/agora.xtec.cat\/ceiplamitjana\/wp-json\/wp\/v2\/pages\/343","targetHints":{"allow":["GET"]}}],"collection":[{"href":"https:\/\/agora.xtec.cat\/ceiplamitjana\/wp-json\/wp\/v2\/pages"}],"about":[{"href":"https:\/\/agora.xtec.cat\/ceiplamitjana\/wp-json\/wp\/v2\/types\/page"}],"author":[{"embeddable":true,"href":"https:\/\/agora.xtec.cat\/ceiplamitjana\/wp-json\/wp\/v2\/users\/3"}],"replies":[{"embeddable":true,"href":"https:\/\/agora.xtec.cat\/ceiplamitjana\/wp-json\/wp\/v2\/comments?post=343"}],"version-history":[{"count":4,"href":"https:\/\/agora.xtec.cat\/ceiplamitjana\/wp-json\/wp\/v2\/pages\/343\/revisions"}],"predecessor-version":[{"id":14482,"href":"https:\/\/agora.xtec.cat\/ceiplamitjana\/wp-json\/wp\/v2\/pages\/343\/revisions\/14482"}],"up":[{"embeddable":true,"href":"https:\/\/agora.xtec.cat\/ceiplamitjana\/wp-json\/wp\/v2\/pages\/232"}],"wp:attachment":[{"href":"https:\/\/agora.xtec.cat\/ceiplamitjana\/wp-json\/wp\/v2\/media?parent=343"}],"curies":[{"name":"wp","href":"https:\/\/api.w.org\/{rel}","templated":true}]}}