{"id":22642,"date":"2025-07-03T13:35:43","date_gmt":"2025-07-03T11:35:43","guid":{"rendered":"https:\/\/agora.xtec.cat\/ceiplamitjana\/?page_id=22642"},"modified":"2025-07-10T11:17:34","modified_gmt":"2025-07-10T09:17:34","slug":"pla-catala-de-lesport","status":"publish","type":"page","link":"https:\/\/agora.xtec.cat\/ceiplamitjana\/documents\/pla-catala-de-lesport\/","title":{"rendered":"Pla Catal\u00e0 de l&#8217;Esport"},"content":{"rendered":"\n<figure class=\"wp-block-image alignright size-full is-resized\"><a href=\"https:\/\/agora.xtec.cat\/ceiplamitjana\/wp-content\/uploads\/usu573\/2025\/07\/esport.jpg\"><img loading=\"lazy\" decoding=\"async\" width=\"220\" height=\"196\" src=\"https:\/\/agora.xtec.cat\/ceiplamitjana\/wp-content\/uploads\/usu573\/2025\/07\/esport.jpg\" alt=\"\" class=\"wp-image-22985\" style=\"width:341px;height:auto\"\/><\/a><\/figure>\n\n\n\n<p>El Pla Catal\u00e0 d\u2019Esport a l\u2019Escola \u00e9s el programa de la Generalitat de Catalunya que t\u00e9 com a objectiu principal posar a l\u2019abast de tots els alumnes dels centres educatius de Catalunya la pr\u00e0ctica d\u2019activitats f\u00edsiques i esportives fora de l\u2019horari lectiu, per tal de lluitar contra el redu\u00eft \u00edndex de participaci\u00f3 de l\u2019alumnat en l\u2019esport escolar i l\u2019increment dels h\u00e0bits sedentaris i de l\u2019obesitat -amb una incid\u00e8ncia preocupant en la poblaci\u00f3 infantil i juvenil- i de fomentar la demanda social creixent en mat\u00e8ria de salut i benestar.<\/p>\n\n\n\n<p>Els destinataris del PCEE s\u00f3n tots els infants, adolescents i joves escolaritzats a Catalunya, amb una especial incid\u00e8ncia als col\u00b7lectius espec\u00edfics que presenten menor \u00edndex de participaci\u00f3 en activitats f\u00edsiques i esportives, com per exemple les noies, els nouvinguts, les persones amb discapacitat, els adolescents, i els infants i joves amb risc d\u2019exclusi\u00f3 social.<\/p>\n\n\n\n<p>El programa, liderat i coordinat pel Consell Catal\u00e0 de l\u2019Esport i el Departament d\u2019Ensenyament, amb la col\u00b7laboraci\u00f3 de la UCEC i dels consells esportius, com a agents de proximitat al territori, preveu dos grans \u00e0mbits:<\/p>\n\n\n\n<ul class=\"wp-block-list\">\n<li>L\u2019intern, organitzat pels centres educatius, les Associacions Esportives Escolars (AEE) o les Seccions Esportives Escolars de les AFES (SEE), o pels consells esportius.<\/li>\n\n\n\n<li>L\u2019extern, organitzat pels consells esportius, els ajuntaments, d\u2019altres entitats promotores de l\u2019esport escolar, o pel mateix Consell Catal\u00e0 de l\u2019Esport.<\/li>\n<\/ul>\n\n\n\n<p>El programa promou la participaci\u00f3 activa dels infants, adolescents i joves en la gesti\u00f3 de les associacions esportives escolars i en la dinamitzaci\u00f3 de les activitats. A trav\u00e9s de l\u2019activitat f\u00edsica i esportiva, proporciona recursos que afavoreixen els processos d\u2019aprenentatge al llarg de tota la vida.<\/p>\n\n\n\n<figure class=\"wp-block-image aligncenter size-full is-resized\"><a href=\"https:\/\/agora.xtec.cat\/ceiplamitjana\/wp-content\/uploads\/usu573\/2025\/07\/image-1.png\"><img loading=\"lazy\" decoding=\"async\" width=\"626\" height=\"292\" src=\"https:\/\/agora.xtec.cat\/ceiplamitjana\/wp-content\/uploads\/usu573\/2025\/07\/image-1.png\" alt=\"\" class=\"wp-image-22988\" style=\"width:584px;height:auto\" srcset=\"https:\/\/agora.xtec.cat\/ceiplamitjana\/wp-content\/uploads\/usu573\/2025\/07\/image-1.png 626w, https:\/\/agora.xtec.cat\/ceiplamitjana\/wp-content\/uploads\/usu573\/2025\/07\/image-1-300x140.png 300w\" sizes=\"auto, (max-width: 626px) 100vw, 626px\" \/><\/a><\/figure>\n\n\n\n<p><\/p>\n","protected":false},"excerpt":{"rendered":"<p>El Pla Catal\u00e0 d\u2019Esport a l\u2019Escola \u00e9s el programa de la Generalitat de Catalunya que t\u00e9 com a objectiu principal posar a l\u2019abast de tots els alumnes dels centres educatius de Catalunya la pr\u00e0ctica d\u2019activitats f\u00edsiques i esportives fora de l\u2019horari lectiu, per tal de lluitar contra el redu\u00eft \u00edndex de participaci\u00f3 de l\u2019alumnat en [&hellip;]<\/p>\n","protected":false},"author":1,"featured_media":0,"parent":22621,"menu_order":8,"comment_status":"closed","ping_status":"closed","template":"","meta":{"_bbp_topic_count":0,"_bbp_reply_count":0,"_bbp_total_topic_count":0,"_bbp_total_reply_count":0,"_bbp_voice_count":0,"_bbp_anonymous_reply_count":0,"_bbp_topic_count_hidden":0,"_bbp_reply_count_hidden":0,"_bbp_forum_subforum_count":0,"site-sidebar-layout":"default","site-content-layout":"","ast-site-content-layout":"default","site-content-style":"default","site-sidebar-style":"default","ast-global-header-display":"","ast-banner-title-visibility":"","ast-main-header-display":"","ast-hfb-above-header-display":"","ast-hfb-below-header-display":"","ast-hfb-mobile-header-display":"","site-post-title":"","ast-breadcrumbs-content":"","ast-featured-img":"","footer-sml-layout":"","theme-transparent-header-meta":"","adv-header-id-meta":"","stick-header-meta":"","header-above-stick-meta":"","header-main-stick-meta":"","header-below-stick-meta":"","astra-migrate-meta-layouts":"set","ast-page-background-enabled":"default","ast-page-background-meta":{"desktop":{"background-color":"var(--ast-global-color-4)","background-image":"","background-repeat":"repeat","background-position":"center center","background-size":"auto","background-attachment":"scroll","background-type":"","background-media":"","overlay-type":"","overlay-color":"","overlay-opacity":"","overlay-gradient":""},"tablet":{"background-color":"","background-image":"","background-repeat":"repeat","background-position":"center center","background-size":"auto","background-attachment":"scroll","background-type":"","background-media":"","overlay-type":"","overlay-color":"","overlay-opacity":"","overlay-gradient":""},"mobile":{"background-color":"","background-image":"","background-repeat":"repeat","background-position":"center center","background-size":"auto","background-attachment":"scroll","background-type":"","background-media":"","overlay-type":"","overlay-color":"","overlay-opacity":"","overlay-gradient":""}},"ast-content-background-meta":{"desktop":{"background-color":"var(--ast-global-color-5)","background-image":"","background-repeat":"repeat","background-position":"center center","background-size":"auto","background-attachment":"scroll","background-type":"","background-media":"","overlay-type":"","overlay-color":"","overlay-opacity":"","overlay-gradient":""},"tablet":{"background-color":"var(--ast-global-color-5)","background-image":"","background-repeat":"repeat","background-position":"center center","background-size":"auto","background-attachment":"scroll","background-type":"","background-media":"","overlay-type":"","overlay-color":"","overlay-opacity":"","overlay-gradient":""},"mobile":{"background-color":"var(--ast-global-color-5)","background-image":"","background-repeat":"repeat","background-position":"center center","background-size":"auto","background-attachment":"scroll","background-type":"","background-media":"","overlay-type":"","overlay-color":"","overlay-opacity":"","overlay-gradient":""}},"footnotes":""},"class_list":["post-22642","page","type-page","status-publish","hentry"],"post_mailing_queue_ids":[],"_links":{"self":[{"href":"https:\/\/agora.xtec.cat\/ceiplamitjana\/wp-json\/wp\/v2\/pages\/22642","targetHints":{"allow":["GET"]}}],"collection":[{"href":"https:\/\/agora.xtec.cat\/ceiplamitjana\/wp-json\/wp\/v2\/pages"}],"about":[{"href":"https:\/\/agora.xtec.cat\/ceiplamitjana\/wp-json\/wp\/v2\/types\/page"}],"author":[{"embeddable":true,"href":"https:\/\/agora.xtec.cat\/ceiplamitjana\/wp-json\/wp\/v2\/users\/1"}],"replies":[{"embeddable":true,"href":"https:\/\/agora.xtec.cat\/ceiplamitjana\/wp-json\/wp\/v2\/comments?post=22642"}],"version-history":[{"count":4,"href":"https:\/\/agora.xtec.cat\/ceiplamitjana\/wp-json\/wp\/v2\/pages\/22642\/revisions"}],"predecessor-version":[{"id":22990,"href":"https:\/\/agora.xtec.cat\/ceiplamitjana\/wp-json\/wp\/v2\/pages\/22642\/revisions\/22990"}],"up":[{"embeddable":true,"href":"https:\/\/agora.xtec.cat\/ceiplamitjana\/wp-json\/wp\/v2\/pages\/22621"}],"wp:attachment":[{"href":"https:\/\/agora.xtec.cat\/ceiplamitjana\/wp-json\/wp\/v2\/media?parent=22642"}],"curies":[{"name":"wp","href":"https:\/\/api.w.org\/{rel}","templated":true}]}}