{"id":13637,"date":"2021-06-23T00:04:21","date_gmt":"2021-06-22T22:04:21","guid":{"rendered":"http:\/\/agora.xtec.cat\/ceiplamitjana\/?page_id=13637"},"modified":"2025-07-04T09:50:02","modified_gmt":"2025-07-04T07:50:02","slug":"transformacio-de-la-nostra-aula-del-futur","status":"publish","type":"page","link":"https:\/\/agora.xtec.cat\/ceiplamitjana\/projectes-de-centre\/erasmus-ka1-future-classroom-lab\/transformacio-de-la-nostra-aula-del-futur\/","title":{"rendered":"Transformaci\u00f3 de la nostra aula del futur"},"content":{"rendered":"<p>La nostra aula del futur est\u00e0 en proc\u00e9s de construcci\u00f3. Aquest proc\u00e9s est\u00e0 estructurat en una s\u00e8rie d&#8217;actuacions que ens permetran crear un espai adequat a les caracter\u00edstiques i necessitats del nostre centre.<\/p>\n<p>Aquestes actuacions s\u00f3n les seg\u00fcent:<\/p>\n<ul>\n<li>Formaci\u00f3 del professorat.<\/li>\n<li>Creaci\u00f3 d&#8217;un grup impulsor d&#8217;innovaci\u00f3.<\/li>\n<li>Avaluaci\u00f3 del punt en el que es troba el centre en relaci\u00f3 amb l&#8217;aprenentatge en l&#8217;era digital. Per aquesta avaluaci\u00f3 es va utilitzar l&#8217;eina <a href=\"https:\/\/ec.europa.eu\/education\/schools-go-digital_es\">SELFIE<\/a> facilitada per la Comissi\u00f3 Europea.<\/li>\n<li>Infraestructura del centre: espai f\u00edsic, recursos tecnol\u00f2gics i recursos humans.<\/li>\n<li>Identificaci\u00f3, an\u00e0lisi i reflexi\u00f3 de les tend\u00e8ncies educatives.<\/li>\n<li>Creaci\u00f3 de dissenys tenint en compte les necessitats i partint dels espais i recursos del centre.<\/li>\n<li>Adquisici\u00f3 de recursos i mobiliari.<\/li>\n<li>Organitzaci\u00f3 i gesti\u00f3 de l&#8217;espai f\u00edsic i temporal.<\/li>\n<\/ul>\n<p>Aquests s\u00f3n alguns dels dissenys que hem realitzat a les formacions.<\/p>\n<table style=\"border-collapse: collapse; width: 100%;\">\n<tbody>\n<tr>\n<td style=\"width: 50%;\">\n<div style=\"width: 100%;\">\n<div style=\"position: relative; padding-bottom: 52.346193952033374%; padding-top: 0; height: 0;\"><iframe loading=\"lazy\" style=\"position: absolute; top: 0; left: 0; width: 100%; height: 100%;\" src=\"https:\/\/view.genial.ly\/60afb374679e7e0da45aa99e\" width=\"959px\" height=\"502px\" frameborder=\"0\" scrolling=\"yes\" allowfullscreen=\"allowfullscreen\"><\/iframe><\/div>\n<\/div>\n<p>&lt;\/td&gt;<\/td>\n<td style=\"width: 50%;\"><a href=\"https:\/\/agora.xtec.cat\/ceiplamitjana\/wp-content\/uploads\/usu573\/2021\/10\/disseny-joan-carles.png\"><img loading=\"lazy\" decoding=\"async\" class=\"alignnone size-full wp-image-14069\" src=\"https:\/\/agora.xtec.cat\/ceiplamitjana\/wp-content\/uploads\/usu573\/2021\/10\/disseny-joan-carles.png\" alt=\"\" width=\"1320\" height=\"761\" srcset=\"https:\/\/agora.xtec.cat\/ceiplamitjana\/wp-content\/uploads\/usu573\/2021\/10\/disseny-joan-carles.png 1320w, https:\/\/agora.xtec.cat\/ceiplamitjana\/wp-content\/uploads\/usu573\/2021\/10\/disseny-joan-carles-300x173.png 300w, https:\/\/agora.xtec.cat\/ceiplamitjana\/wp-content\/uploads\/usu573\/2021\/10\/disseny-joan-carles-1024x590.png 1024w, https:\/\/agora.xtec.cat\/ceiplamitjana\/wp-content\/uploads\/usu573\/2021\/10\/disseny-joan-carles-768x443.png 768w\" sizes=\"auto, (max-width: 1320px) 100vw, 1320px\" \/><\/a><\/td>\n<\/tr>\n<tr>\n<td style=\"width: 50%;\">\n<div style=\"width: 100%;\">\n<div style=\"position: relative; padding-bottom: 56.25%; padding-top: 0; height: 0;\"><iframe loading=\"lazy\" style=\"position: absolute; top: 0; left: 0; width: 100%; height: 100%;\" src=\"https:\/\/view.genial.ly\/617ea3ec9ada4f0de26627b5\" width=\"1200\" height=\"675\" frameborder=\"0\" scrolling=\"yes\" allowfullscreen=\"allowfullscreen\"><\/iframe><\/div>\n<\/div>\n<\/td>\n<td style=\"width: 50%;\"><img decoding=\"async\" src=\"https:\/\/byme-prod-697c4ef6b5ec31e272ee67749bea4b727f31d5b0.s3-eu-west-1.amazonaws.com\/data\/homebymeProjects\/9CB72FC2-7FBD-4FB7-B0BB-330CE90B32FE\/images\/turntable_1024_768\/9.jpg\" \/><\/td>\n<\/tr>\n<\/tbody>\n<\/table>\n<p>Actualment, una part de l&#8217;aula del futur est\u00e0 situada a la biblioteca. Comptem amb un espai croma, una zona de presentaci\u00f3 amb grades m\u00f2bils i un espai de comunicaci\u00f3\/col\u00b7laboraci\u00f3 amb 4 taules i 12 cadires amb rodes. Tamb\u00e9 disposem d&#8217;una pila de coixins de terra i pales-pupitre apilables.<\/p>\n<p>Com a dotaci\u00f3 de premis guanyats en cursos anteriors, comptem 2 focus led per l&#8217;espai croma, un tr\u00edpode amb un tel\u00e8fon m\u00f2bil, micros, 1 ulleres 3D i\u00a0 una c\u00e0mera 360\u00ba.<\/p>\n\r\n\t<div class=\"slideshow_container slideshow_container_style-light\" style=\"height: 300px; \" data-slideshow-id=\"13762\" data-style-name=\"style-light\" data-style-version=\"2.3.1\" >\r\n\r\n\t\t\t\t\t<div class=\"slideshow_loading_icon\"><\/div>\r\n\t\t\r\n\t\t<div class=\"slideshow_content\" style=\"display: none;\">\r\n\r\n\t\t\t<div class=\"slideshow_view\">\r\n\t\t\t\t<div class=\"slideshow_slide slideshow_slide_image\">\r\n\t\t\t\t\t\t\t\t\t\t\t<img src=\"https:\/\/agora.xtec.cat\/ceiplamitjana\/wp-content\/uploads\/usu573\/2021\/09\/IMG_2181-scaled.jpg\" alt=\"IMG_2181\" width=\"2560\" height=\"1920\" \/>\r\n\t\t\t\t\t\t\t\t\t\t<div class=\"slideshow_description_box slideshow_transparent\">\r\n\t\t\t\t\t\t<div class=\"slideshow_title\">IMG_2181<\/div>\t\t\t\t\t\t\t\t\t\t\t<\/div>\r\n\t\t\t\t<\/div>\r\n\r\n\t\t\t\t\t\t<div style=\"clear: both;\"><\/div><\/div><div class=\"slideshow_view\">\r\n\t\t\t\t<div class=\"slideshow_slide slideshow_slide_image\">\r\n\t\t\t\t\t\t\t\t\t\t\t<img src=\"https:\/\/agora.xtec.cat\/ceiplamitjana\/wp-content\/uploads\/usu573\/2021\/09\/IMG_2179-scaled.jpg\" alt=\"IMG_2179\" width=\"2560\" height=\"1920\" \/>\r\n\t\t\t\t\t\t\t\t\t\t<div class=\"slideshow_description_box slideshow_transparent\">\r\n\t\t\t\t\t\t<div class=\"slideshow_title\">IMG_2179<\/div>\t\t\t\t\t\t\t\t\t\t\t<\/div>\r\n\t\t\t\t<\/div>\r\n\r\n\t\t\t\t\t\t<div style=\"clear: both;\"><\/div><\/div><div class=\"slideshow_view\">\r\n\t\t\t\t<div class=\"slideshow_slide slideshow_slide_image\">\r\n\t\t\t\t\t\t\t\t\t\t\t<img src=\"https:\/\/agora.xtec.cat\/ceiplamitjana\/wp-content\/uploads\/usu573\/2021\/09\/IMG_2178-scaled.jpg\" alt=\"IMG_2178\" width=\"2560\" height=\"1920\" \/>\r\n\t\t\t\t\t\t\t\t\t\t<div class=\"slideshow_description_box slideshow_transparent\">\r\n\t\t\t\t\t\t<div class=\"slideshow_title\">IMG_2178<\/div>\t\t\t\t\t\t\t\t\t\t\t<\/div>\r\n\t\t\t\t<\/div>\r\n\r\n\t\t\t\t\t\t<div style=\"clear: both;\"><\/div><\/div><div class=\"slideshow_view\">\r\n\t\t\t\t<div class=\"slideshow_slide slideshow_slide_image\">\r\n\t\t\t\t\t\t\t\t\t\t\t<img src=\"https:\/\/agora.xtec.cat\/ceiplamitjana\/wp-content\/uploads\/usu573\/2021\/09\/IMG_2177-scaled.jpg\" alt=\"IMG_2177\" width=\"2560\" height=\"1920\" \/>\r\n\t\t\t\t\t\t\t\t\t\t<div class=\"slideshow_description_box slideshow_transparent\">\r\n\t\t\t\t\t\t<div class=\"slideshow_title\">IMG_2177<\/div>\t\t\t\t\t\t\t\t\t\t\t<\/div>\r\n\t\t\t\t<\/div>\r\n\r\n\t\t\t\t\t\t<div style=\"clear: both;\"><\/div><\/div><div class=\"slideshow_view\">\r\n\t\t\t\t<div class=\"slideshow_slide slideshow_slide_image\">\r\n\t\t\t\t\t\t\t\t\t\t\t<img src=\"https:\/\/agora.xtec.cat\/ceiplamitjana\/wp-content\/uploads\/usu573\/2021\/09\/IMG_2176-scaled.jpg\" alt=\"IMG_2176\" width=\"2560\" height=\"1920\" \/>\r\n\t\t\t\t\t\t\t\t\t\t<div class=\"slideshow_description_box slideshow_transparent\">\r\n\t\t\t\t\t\t<div class=\"slideshow_title\">IMG_2176<\/div>\t\t\t\t\t\t\t\t\t\t\t<\/div>\r\n\t\t\t\t<\/div>\r\n\r\n\t\t\t\t\t\t<div style=\"clear: both;\"><\/div><\/div>\r\n\t\t<\/div>\r\n\r\n\t\t<div class=\"slideshow_controlPanel slideshow_transparent\" style=\"display: none;\"><ul><li class=\"slideshow_togglePlay\" data-play-text=\"Visualitza\" data-pause-text=\"Pausa\"><\/li><\/ul><\/div>\r\n\r\n\t\t<div class=\"slideshow_button slideshow_previous slideshow_transparent\" role=\"button\" data-previous-text=\"Anterior\" style=\"display: none;\"><\/div>\r\n\t\t<div class=\"slideshow_button slideshow_next slideshow_transparent\" role=\"button\" data-next-text=\"Seg\u00fcent\" style=\"display: none;\"><\/div>\r\n\r\n\t\t<div class=\"slideshow_pagination\" style=\"display: none;\" data-go-to-text=\"V\u00e9s a la diapositiva\"><div class=\"slideshow_pagination_center\"><\/div><\/div>\r\n\r\n\t\t<!-- WordPress Slideshow Version 2.3.1 -->\r\n\r\n\t\t\t<\/div>\r\n\r\n\n","protected":false},"excerpt":{"rendered":"<p>La nostra aula del futur est\u00e0 en proc\u00e9s de construcci\u00f3. Aquest proc\u00e9s est\u00e0 estructurat en una s\u00e8rie d&#8217;actuacions que ens permetran crear un espai adequat a les caracter\u00edstiques i necessitats del nostre centre. Aquestes actuacions s\u00f3n les seg\u00fcent: Formaci\u00f3 del professorat. Creaci\u00f3 d&#8217;un grup impulsor d&#8217;innovaci\u00f3. Avaluaci\u00f3 del punt en el que es troba el [&hellip;]<\/p>\n","protected":false},"author":22,"featured_media":0,"parent":10767,"menu_order":0,"comment_status":"closed","ping_status":"closed","template":"","meta":{"_bbp_topic_count":0,"_bbp_reply_count":0,"_bbp_total_topic_count":0,"_bbp_total_reply_count":0,"_bbp_voice_count":0,"_bbp_anonymous_reply_count":0,"_bbp_topic_count_hidden":0,"_bbp_reply_count_hidden":0,"_bbp_forum_subforum_count":0,"site-sidebar-layout":"default","site-content-layout":"","ast-site-content-layout":"default","site-content-style":"default","site-sidebar-style":"default","ast-global-header-display":"","ast-banner-title-visibility":"","ast-main-header-display":"","ast-hfb-above-header-display":"","ast-hfb-below-header-display":"","ast-hfb-mobile-header-display":"","site-post-title":"","ast-breadcrumbs-content":"","ast-featured-img":"","footer-sml-layout":"","theme-transparent-header-meta":"","adv-header-id-meta":"","stick-header-meta":"","header-above-stick-meta":"","header-main-stick-meta":"","header-below-stick-meta":"","astra-migrate-meta-layouts":"set","ast-page-background-enabled":"default","ast-page-background-meta":{"desktop":{"background-color":"var(--ast-global-color-4)","background-image":"","background-repeat":"repeat","background-position":"center center","background-size":"auto","background-attachment":"scroll","background-type":"","background-media":"","overlay-type":"","overlay-color":"","overlay-opacity":"","overlay-gradient":""},"tablet":{"background-color":"","background-image":"","background-repeat":"repeat","background-position":"center center","background-size":"auto","background-attachment":"scroll","background-type":"","background-media":"","overlay-type":"","overlay-color":"","overlay-opacity":"","overlay-gradient":""},"mobile":{"background-color":"","background-image":"","background-repeat":"repeat","background-position":"center center","background-size":"auto","background-attachment":"scroll","background-type":"","background-media":"","overlay-type":"","overlay-color":"","overlay-opacity":"","overlay-gradient":""}},"ast-content-background-meta":{"desktop":{"background-color":"var(--ast-global-color-5)","background-image":"","background-repeat":"repeat","background-position":"center center","background-size":"auto","background-attachment":"scroll","background-type":"","background-media":"","overlay-type":"","overlay-color":"","overlay-opacity":"","overlay-gradient":""},"tablet":{"background-color":"var(--ast-global-color-5)","background-image":"","background-repeat":"repeat","background-position":"center center","background-size":"auto","background-attachment":"scroll","background-type":"","background-media":"","overlay-type":"","overlay-color":"","overlay-opacity":"","overlay-gradient":""},"mobile":{"background-color":"var(--ast-global-color-5)","background-image":"","background-repeat":"repeat","background-position":"center center","background-size":"auto","background-attachment":"scroll","background-type":"","background-media":"","overlay-type":"","overlay-color":"","overlay-opacity":"","overlay-gradient":""}},"footnotes":""},"class_list":["post-13637","page","type-page","status-publish","hentry"],"post_mailing_queue_ids":[],"_links":{"self":[{"href":"https:\/\/agora.xtec.cat\/ceiplamitjana\/wp-json\/wp\/v2\/pages\/13637","targetHints":{"allow":["GET"]}}],"collection":[{"href":"https:\/\/agora.xtec.cat\/ceiplamitjana\/wp-json\/wp\/v2\/pages"}],"about":[{"href":"https:\/\/agora.xtec.cat\/ceiplamitjana\/wp-json\/wp\/v2\/types\/page"}],"author":[{"embeddable":true,"href":"https:\/\/agora.xtec.cat\/ceiplamitjana\/wp-json\/wp\/v2\/users\/22"}],"replies":[{"embeddable":true,"href":"https:\/\/agora.xtec.cat\/ceiplamitjana\/wp-json\/wp\/v2\/comments?post=13637"}],"version-history":[{"count":3,"href":"https:\/\/agora.xtec.cat\/ceiplamitjana\/wp-json\/wp\/v2\/pages\/13637\/revisions"}],"predecessor-version":[{"id":22718,"href":"https:\/\/agora.xtec.cat\/ceiplamitjana\/wp-json\/wp\/v2\/pages\/13637\/revisions\/22718"}],"up":[{"embeddable":true,"href":"https:\/\/agora.xtec.cat\/ceiplamitjana\/wp-json\/wp\/v2\/pages\/10767"}],"wp:attachment":[{"href":"https:\/\/agora.xtec.cat\/ceiplamitjana\/wp-json\/wp\/v2\/media?parent=13637"}],"curies":[{"name":"wp","href":"https:\/\/api.w.org\/{rel}","templated":true}]}}

Transformació de la nostra aula del futur

<p>La nostra aula del futur està en procés de construcció. Aquest procés està estructurat en una sèrie d&#8217;actuacions que ens permetran crear un espai adequat a les característiques i necessitats del nostre centre.</p>
<p>Aquestes actuacions són les següent:</p>
<ul>
<li>Formació del professorat.</li>
<li>Creació d&#8217;un grup impulsor d&#8217;innovació.</li>
<li>Avaluació del punt en el que es troba el centre en relació amb l&#8217;aprenentatge en l&#8217;era digital. Per aquesta avaluació es va utilitzar l&#8217;eina <a href="https://ec.europa.eu/education/schools-go-digital_es">SELFIE</a> facilitada per la Comissió Europea.</li>
<li>Infraestructura del centre: espai físic, recursos tecnològics i recursos humans.</li>
<li>Identificació, anàlisi i reflexió de les tendències educatives.</li>
<li>Creació de dissenys tenint en compte les necessitats i partint dels espais i recursos del centre.</li>
<li>Adquisició de recursos i mobiliari.</li>
<li>Organització i gestió de l&#8217;espai físic i temporal.</li>
</ul>
<p>Aquests són alguns dels dissenys que hem realitzat a les formacions.</p>
<table style="border-collapse: collapse; width: 100%;">
<tbody>
<tr>
<td style="width: 50%;">
<div style="width: 100%;">
<div style="position: relative; padding-bottom: 52.346193952033374%; padding-top: 0; height: 0;"><iframe loading="lazy" style="position: absolute; top: 0; left: 0; width: 100%; height: 100%;" src="https://view.genial.ly/60afb374679e7e0da45aa99e" width="959px" height="502px" frameborder="0" scrolling="yes" allowfullscreen="allowfullscreen"></iframe></div>
</div>
<p>&lt;/td&gt;</td>
<td style="width: 50%;"><a href="https://agora.xtec.cat/ceiplamitjana/wp-content/uploads/usu573/2021/10/disseny-joan-carles.png"><img loading="lazy" decoding="async" class="alignnone size-full wp-image-14069" src="https://agora.xtec.cat/ceiplamitjana/wp-content/uploads/usu573/2021/10/disseny-joan-carles.png" alt="" width="1320" height="761" srcset="https://agora.xtec.cat/ceiplamitjana/wp-content/uploads/usu573/2021/10/disseny-joan-carles.png 1320w, https://agora.xtec.cat/ceiplamitjana/wp-content/uploads/usu573/2021/10/disseny-joan-carles-300x173.png 300w, https://agora.xtec.cat/ceiplamitjana/wp-content/uploads/usu573/2021/10/disseny-joan-carles-1024x590.png 1024w, https://agora.xtec.cat/ceiplamitjana/wp-content/uploads/usu573/2021/10/disseny-joan-carles-768x443.png 768w" sizes="auto, (max-width: 1320px) 100vw, 1320px" /></a></td>
</tr>
<tr>
<td style="width: 50%;">
<div style="width: 100%;">
<div style="position: relative; padding-bottom: 56.25%; padding-top: 0; height: 0;"><iframe loading="lazy" style="position: absolute; top: 0; left: 0; width: 100%; height: 100%;" src="https://view.genial.ly/617ea3ec9ada4f0de26627b5" width="1200" height="675" frameborder="0" scrolling="yes" allowfullscreen="allowfullscreen"></iframe></div>
</div>
</td>
<td style="width: 50%;"><img decoding="async" src="https://byme-prod-697c4ef6b5ec31e272ee67749bea4b727f31d5b0.s3-eu-west-1.amazonaws.com/data/homebymeProjects/9CB72FC2-7FBD-4FB7-B0BB-330CE90B32FE/images/turntable_1024_768/9.jpg" /></td>
</tr>
</tbody>
</table>
<p>Actualment, una part de l&#8217;aula del futur està situada a la biblioteca. Comptem amb un espai croma, una zona de presentació amb grades mòbils i un espai de comunicació/col·laboració amb 4 taules i 12 cadires amb rodes. També disposem d&#8217;una pila de coixins de terra i pales-pupitre apilables.</p>
<p>Com a dotació de premis guanyats en cursos anteriors, comptem 2 focus led per l&#8217;espai croma, un trípode amb un telèfon mòbil, micros, 1 ulleres 3D i  una càmera 360º.</p>

	<div class="slideshow_container slideshow_container_style-light" style="height: 300px; " data-slideshow-id="13762" data-style-name="style-light" data-style-version="2.3.1" >

					<div class="slideshow_loading_icon"></div>
		
		<div class="slideshow_content" style="display: none;">

			<div class="slideshow_view">
				<div class="slideshow_slide slideshow_slide_image">
											<img src="https://agora.xtec.cat/ceiplamitjana/wp-content/uploads/usu573/2021/09/IMG_2181-scaled.jpg" alt="IMG_2181" width="2560" height="1920" />
										<div class="slideshow_description_box slideshow_transparent">
						<div class="slideshow_title">IMG_2181</div>											</div>
				</div>

						<div style="clear: both;"></div></div><div class="slideshow_view">
				<div class="slideshow_slide slideshow_slide_image">
											<img src="https://agora.xtec.cat/ceiplamitjana/wp-content/uploads/usu573/2021/09/IMG_2179-scaled.jpg" alt="IMG_2179" width="2560" height="1920" />
										<div class="slideshow_description_box slideshow_transparent">
						<div class="slideshow_title">IMG_2179</div>											</div>
				</div>

						<div style="clear: both;"></div></div><div class="slideshow_view">
				<div class="slideshow_slide slideshow_slide_image">
											<img src="https://agora.xtec.cat/ceiplamitjana/wp-content/uploads/usu573/2021/09/IMG_2178-scaled.jpg" alt="IMG_2178" width="2560" height="1920" />
										<div class="slideshow_description_box slideshow_transparent">
						<div class="slideshow_title">IMG_2178</div>											</div>
				</div>

						<div style="clear: both;"></div></div><div class="slideshow_view">
				<div class="slideshow_slide slideshow_slide_image">
											<img src="https://agora.xtec.cat/ceiplamitjana/wp-content/uploads/usu573/2021/09/IMG_2177-scaled.jpg" alt="IMG_2177" width="2560" height="1920" />
										<div class="slideshow_description_box slideshow_transparent">
						<div class="slideshow_title">IMG_2177</div>											</div>
				</div>

						<div style="clear: both;"></div></div><div class="slideshow_view">
				<div class="slideshow_slide slideshow_slide_image">
											<img src="https://agora.xtec.cat/ceiplamitjana/wp-content/uploads/usu573/2021/09/IMG_2176-scaled.jpg" alt="IMG_2176" width="2560" height="1920" />
										<div class="slideshow_description_box slideshow_transparent">
						<div class="slideshow_title">IMG_2176</div>											</div>
				</div>

						<div style="clear: both;"></div></div>
		</div>

		<div class="slideshow_controlPanel slideshow_transparent" style="display: none;"><ul><li class="slideshow_togglePlay" data-play-text="Visualitza" data-pause-text="Pausa"></li></ul></div>

		<div class="slideshow_button slideshow_previous slideshow_transparent" role="button" data-previous-text="Anterior" style="display: none;"></div>
		<div class="slideshow_button slideshow_next slideshow_transparent" role="button" data-next-text="Següent" style="display: none;"></div>

		<div class="slideshow_pagination" style="display: none;" data-go-to-text="Vés a la diapositiva"><div class="slideshow_pagination_center"></div></div>

		<!-- WordPress Slideshow Version 2.3.1 -->

			</div>

<p>La nostra aula del futur està en procés de construcció. Aquest procés està estructurat en una sèrie d&#8217;actuacions que ens permetran crear un espai adequat a les característiques i necessitats del nostre centre. Aquestes actuacions són les següent: Formació del professorat. Creació d&#8217;un grup impulsor d&#8217;innovació. Avaluació del punt en el que es troba el [&hellip;]</p>
