{"id":12927,"date":"2021-04-19T14:21:28","date_gmt":"2021-04-19T12:21:28","guid":{"rendered":"http:\/\/agora.xtec.cat\/ceiplamitjana\/?page_id=12927"},"modified":"2025-07-04T09:48:55","modified_gmt":"2025-07-04T07:48:55","slug":"centres-socis-partners","status":"publish","type":"page","link":"https:\/\/agora.xtec.cat\/ceiplamitjana\/projectes-de-centre\/erasmus-ka1-future-classroom-lab\/centres-socis-partners\/","title":{"rendered":"Centres socis- Partners"},"content":{"rendered":"<p>Aquests son els centres educatius que anirem a visitar per aprendre sobre com han creat i transformat els seus espais per a dissenyar un aula del futur.<\/p>\n<p><a href=\"https:\/\/agora.xtec.cat\/ceiplamitjana\/wp-content\/uploads\/usu573\/2021\/04\/mapa-erasmus.jpg\"><img loading=\"lazy\" decoding=\"async\" class=\"wp-image-13028 aligncenter\" src=\"https:\/\/agora.xtec.cat\/ceiplamitjana\/wp-content\/uploads\/usu573\/2021\/04\/mapa-erasmus.jpg\" alt=\"\" width=\"623\" height=\"473\" srcset=\"https:\/\/agora.xtec.cat\/ceiplamitjana\/wp-content\/uploads\/usu573\/2021\/04\/mapa-erasmus.jpg 3032w, https:\/\/agora.xtec.cat\/ceiplamitjana\/wp-content\/uploads\/usu573\/2021\/04\/mapa-erasmus-300x228.jpg 300w, https:\/\/agora.xtec.cat\/ceiplamitjana\/wp-content\/uploads\/usu573\/2021\/04\/mapa-erasmus-768x584.jpg 768w, https:\/\/agora.xtec.cat\/ceiplamitjana\/wp-content\/uploads\/usu573\/2021\/04\/mapa-erasmus-1024x778.jpg 1024w\" sizes=\"auto, (max-width: 623px) 100vw, 623px\" \/><\/a><\/p>\n<table class=\" alignleft\" style=\"border-style: dotted;\">\n<tbody>\n<tr>\n<td>\u00a0<img loading=\"lazy\" decoding=\"async\" class=\"alignnone wp-image-13018\" style=\"font-family: inherit; font-size: 16px;\" src=\"https:\/\/agora.xtec.cat\/ceiplamitjana\/wp-content\/uploads\/usu573\/2021\/04\/circulo-castiello-1.jpg\" alt=\"\" width=\"235\" height=\"157\" srcset=\"https:\/\/agora.xtec.cat\/ceiplamitjana\/wp-content\/uploads\/usu573\/2021\/04\/circulo-castiello-1.jpg 380w, https:\/\/agora.xtec.cat\/ceiplamitjana\/wp-content\/uploads\/usu573\/2021\/04\/circulo-castiello-1-300x201.jpg 300w\" sizes=\"auto, (max-width: 235px) 100vw, 235px\" \/><\/td>\n<td><a href=\"https:\/\/agora.xtec.cat\/ceiplamitjana\/wp-content\/uploads\/usu573\/2021\/04\/TURQUIA-ESCOLA.png\"><img loading=\"lazy\" decoding=\"async\" class=\"wp-image-13020 aligncenter\" src=\"https:\/\/agora.xtec.cat\/ceiplamitjana\/wp-content\/uploads\/usu573\/2021\/04\/TURQUIA-ESCOLA.png\" alt=\"\" width=\"142\" height=\"142\" \/><\/a><\/td>\n<td><a href=\"https:\/\/agora.xtec.cat\/ceiplamitjana\/wp-content\/uploads\/usu573\/2021\/04\/casimiro-pereira.png\"><img loading=\"lazy\" decoding=\"async\" class=\"alignnone size-full wp-image-13021\" src=\"https:\/\/agora.xtec.cat\/ceiplamitjana\/wp-content\/uploads\/usu573\/2021\/04\/casimiro-pereira.png\" alt=\"\" width=\"300\" height=\"82\" \/><\/a><\/td>\n<td><a href=\"https:\/\/agora.xtec.cat\/ceiplamitjana\/wp-content\/uploads\/usu573\/2021\/04\/embassadors.jpg\"><img loading=\"lazy\" decoding=\"async\" class=\"alignnone size-full wp-image-13022\" src=\"https:\/\/agora.xtec.cat\/ceiplamitjana\/wp-content\/uploads\/usu573\/2021\/04\/embassadors.jpg\" alt=\"\" width=\"446\" height=\"256\" \/><\/a><\/td>\n<\/tr>\n<tr>\n<td>\n<p dir=\"ltr\"><a href=\"https:\/\/www.scuolesanfilippo.edu.it\/ita\/\">SCUOLA S<\/a><a style=\"font-family: inherit; font-size: 1em;\" href=\"https:\/\/www.scuolesanfilippo.edu.it\/ita\/\">AN FILIPPO\u00a0<\/a><\/p>\n<ul>\n<li dir=\"ltr\" aria-level=\"1\">\n<p dir=\"ltr\" role=\"presentation\"><a href=\"https:\/\/www.google.com\/search?safe=strict&amp;sa=X&amp;biw=1536&amp;bih=722&amp;q=scuola+direzione+didattica+1+circolo+san+filippo+san+pio+x+adre%C3%A7a&amp;stick=H4sIAAAAAAAAAOPgE-LWT9c3LEkxyMqtLNSSzU620s_JT04syczPgzOsElNSilKLixexOhUnl-bnJCqkZBalVgFlUoGslMSSkszkRAVDheTMouT8nHyF4sQ8hbTMnMyCAgi7IDNfoUIhEWjG4eWJAJ-AhzdzAAAA&amp;ludocid=658394708021954227&amp;ved=2ahUKEwi8j8qrxM3uAhVPeMAKHRyrCfgQ6BMwDnoECB4QAg\">Adre\u00e7a<\/a>: Via Borgo Inferiore, 7, 06012 Citt\u00e0 di Castello PG, It\u00e0lia<\/p>\n<\/li>\n<\/ul>\n<p dir=\"ltr\" role=\"presentation\">\n<\/td>\n<td>\n<p dir=\"ltr\"><a href=\"http:\/\/feridebekciogluortaokulu.meb.k12.tr\/\">Pursaklar Feride Bek\u00e7io\u011fl Secondary School\u00a0<\/a><\/p>\n<ul>\n<li dir=\"ltr\" aria-level=\"1\">\n<p dir=\"ltr\" role=\"presentation\">Adre\u00e7a: Sembol Sk. No:6 Yunus Emre, 06145 Pursaklar\/Ankara, Turquia<\/p>\n<\/li>\n<\/ul>\n<p dir=\"ltr\" role=\"presentation\"><span style=\"font-family: inherit; font-size: 1em;\">Info FCL <\/span><a style=\"font-family: inherit; font-size: 1em;\" href=\"https:\/\/fclmosaic.weebly.com\/\">https:\/\/fclmosaic.weebly.com\/<\/a><\/p>\n<\/td>\n<td>\n<p dir=\"ltr\"><a href=\"https:\/\/aefernandocasimiro.wordpress.com\/\">AGRUPAMENTO DE ESCOLAS FERNANDO CASIMIRO PEREIRA DA SILVA<\/a><\/p>\n<ul>\n<li dir=\"ltr\" aria-level=\"1\">\n<p dir=\"ltr\" role=\"presentation\"><a href=\"https:\/\/www.google.com\/search?safe=strict&amp;sa=X&amp;biw=1536&amp;bih=722&amp;q=scuola+direzione+didattica+1+circolo+san+filippo+san+pio+x+adre%C3%A7a&amp;stick=H4sIAAAAAAAAAOPgE-LWT9c3LEkxyMqtLNSSzU620s_JT04syczPgzOsElNSilKLixexOhUnl-bnJCqkZBalVgFlUoGslMSSkszkRAVDheTMouT8nHyF4sQ8hbTMnMyCAgi7IDNfoUIhEWjG4eWJAJ-AhzdzAAAA&amp;ludocid=658394708021954227&amp;ved=2ahUKEwi8j8qrxM3uAhVPeMAKHRyrCfgQ6BMwDnoECB4QAg\">Adre\u00e7a<\/a>: R. Urbaniza\u00e7\u00e3o P\u00e1 da Ribeira 10, Rio Maior (Portugal)<\/p>\n<\/li>\n<li dir=\"ltr\" aria-level=\"1\">\n<p dir=\"ltr\" role=\"presentation\">FACEBOOK <a href=\"https:\/\/www.facebook.com\/aefcps\/?ref=bookmarks\">https:\/\/www.facebook.com\/aefcps\/?ref=bookmarks<\/a><\/p>\n<\/li>\n<\/ul>\n<p dir=\"ltr\" role=\"presentation\"><span style=\"font-family: inherit; font-size: 1em;\">I<\/span><a style=\"font-family: inherit; font-size: 1em;\" href=\"https:\/\/www.schooleducationgateway.eu\/downloads\/webinars\/Webinar2019_LearningSpaces_Cid%C3%A1lia_Marques.pdf\">nfo sobre FCL<\/a><\/p>\n<\/td>\n<td>\n<p dir=\"ltr\"><a href=\"http:\/\/www.ec-neuf-brisach.ac-strasbourg.fr\/lespetitsambassadeurs\/\">\u00c9COLE \u00c9L\u00c9MENTAIRE S\u00c9BASTIEN LE PRESTRE<\/a><\/p>\n<ul>\n<li dir=\"ltr\" aria-level=\"1\">\n<p dir=\"ltr\" role=\"presentation\">Adre\u00e7a: 13 rue d&#8217;Angoul\u00eame, 68600 Neuf-Brisach Fran\u00e7a<\/p>\n<\/li>\n<\/ul>\n<p dir=\"ltr\" role=\"presentation\"><a href=\"https:\/\/www.youtube.com\/watch?v=KEZBoLUBPgk&amp;t=5s\">Informaci\u00f3 FCL<\/a><\/p>\n<\/td>\n<\/tr>\n<\/tbody>\n<\/table>\n","protected":false},"excerpt":{"rendered":"<p>Aquests son els centres educatius que anirem a visitar per aprendre sobre com han creat i transformat els seus espais per a dissenyar un aula del futur. \u00a0 SCUOLA SAN FILIPPO\u00a0 Adre\u00e7a: Via Borgo Inferiore, 7, 06012 Citt\u00e0 di Castello PG, It\u00e0lia Pursaklar Feride Bek\u00e7io\u011fl Secondary School\u00a0 Adre\u00e7a: Sembol Sk. No:6 Yunus Emre, 06145 Pursaklar\/Ankara, [&hellip;]<\/p>\n","protected":false},"author":22,"featured_media":0,"parent":10767,"menu_order":0,"comment_status":"closed","ping_status":"closed","template":"","meta":{"_bbp_topic_count":0,"_bbp_reply_count":0,"_bbp_total_topic_count":0,"_bbp_total_reply_count":0,"_bbp_voice_count":0,"_bbp_anonymous_reply_count":0,"_bbp_topic_count_hidden":0,"_bbp_reply_count_hidden":0,"_bbp_forum_subforum_count":0,"site-sidebar-layout":"default","site-content-layout":"","ast-site-content-layout":"default","site-content-style":"default","site-sidebar-style":"default","ast-global-header-display":"","ast-banner-title-visibility":"","ast-main-header-display":"","ast-hfb-above-header-display":"","ast-hfb-below-header-display":"","ast-hfb-mobile-header-display":"","site-post-title":"","ast-breadcrumbs-content":"","ast-featured-img":"","footer-sml-layout":"","theme-transparent-header-meta":"","adv-header-id-meta":"","stick-header-meta":"","header-above-stick-meta":"","header-main-stick-meta":"","header-below-stick-meta":"","astra-migrate-meta-layouts":"set","ast-page-background-enabled":"default","ast-page-background-meta":{"desktop":{"background-color":"var(--ast-global-color-4)","background-image":"","background-repeat":"repeat","background-position":"center center","background-size":"auto","background-attachment":"scroll","background-type":"","background-media":"","overlay-type":"","overlay-color":"","overlay-opacity":"","overlay-gradient":""},"tablet":{"background-color":"","background-image":"","background-repeat":"repeat","background-position":"center center","background-size":"auto","background-attachment":"scroll","background-type":"","background-media":"","overlay-type":"","overlay-color":"","overlay-opacity":"","overlay-gradient":""},"mobile":{"background-color":"","background-image":"","background-repeat":"repeat","background-position":"center center","background-size":"auto","background-attachment":"scroll","background-type":"","background-media":"","overlay-type":"","overlay-color":"","overlay-opacity":"","overlay-gradient":""}},"ast-content-background-meta":{"desktop":{"background-color":"var(--ast-global-color-5)","background-image":"","background-repeat":"repeat","background-position":"center center","background-size":"auto","background-attachment":"scroll","background-type":"","background-media":"","overlay-type":"","overlay-color":"","overlay-opacity":"","overlay-gradient":""},"tablet":{"background-color":"var(--ast-global-color-5)","background-image":"","background-repeat":"repeat","background-position":"center center","background-size":"auto","background-attachment":"scroll","background-type":"","background-media":"","overlay-type":"","overlay-color":"","overlay-opacity":"","overlay-gradient":""},"mobile":{"background-color":"var(--ast-global-color-5)","background-image":"","background-repeat":"repeat","background-position":"center center","background-size":"auto","background-attachment":"scroll","background-type":"","background-media":"","overlay-type":"","overlay-color":"","overlay-opacity":"","overlay-gradient":""}},"footnotes":""},"class_list":["post-12927","page","type-page","status-publish","hentry"],"post_mailing_queue_ids":[],"_links":{"self":[{"href":"https:\/\/agora.xtec.cat\/ceiplamitjana\/wp-json\/wp\/v2\/pages\/12927","targetHints":{"allow":["GET"]}}],"collection":[{"href":"https:\/\/agora.xtec.cat\/ceiplamitjana\/wp-json\/wp\/v2\/pages"}],"about":[{"href":"https:\/\/agora.xtec.cat\/ceiplamitjana\/wp-json\/wp\/v2\/types\/page"}],"author":[{"embeddable":true,"href":"https:\/\/agora.xtec.cat\/ceiplamitjana\/wp-json\/wp\/v2\/users\/22"}],"replies":[{"embeddable":true,"href":"https:\/\/agora.xtec.cat\/ceiplamitjana\/wp-json\/wp\/v2\/comments?post=12927"}],"version-history":[{"count":4,"href":"https:\/\/agora.xtec.cat\/ceiplamitjana\/wp-json\/wp\/v2\/pages\/12927\/revisions"}],"predecessor-version":[{"id":22715,"href":"https:\/\/agora.xtec.cat\/ceiplamitjana\/wp-json\/wp\/v2\/pages\/12927\/revisions\/22715"}],"up":[{"embeddable":true,"href":"https:\/\/agora.xtec.cat\/ceiplamitjana\/wp-json\/wp\/v2\/pages\/10767"}],"wp:attachment":[{"href":"https:\/\/agora.xtec.cat\/ceiplamitjana\/wp-json\/wp\/v2\/media?parent=12927"}],"curies":[{"name":"wp","href":"https:\/\/api.w.org\/{rel}","templated":true}]}}