{"id":82,"date":"2014-09-18T14:10:51","date_gmt":"2014-09-18T13:10:51","guid":{"rendered":"http:\/\/agora.xtec.cat\/ceiplaminerva\/?page_id=82"},"modified":"2025-05-12T12:34:38","modified_gmt":"2025-05-12T10:34:38","slug":"casal-destiu","status":"publish","type":"page","link":"https:\/\/agora.xtec.cat\/ceiplaminerva\/serveis\/casal-destiu\/","title":{"rendered":"Casal d&#8217;estiu municipal"},"content":{"rendered":"\n<div class=\"wp-block-columns is-layout-flex wp-container-core-columns-is-layout-1 wp-block-columns-is-layout-flex\">\n<div class=\"wp-block-column is-layout-flow wp-block-column-is-layout-flow\">\n<h2 class=\"wp-block-heading has-large-font-size\">Calella &#8211; Estiu 2025<\/h2>\n\n\n\n<p>Enguany el Casal es far\u00e0 del<strong>&nbsp;30 de JUNY&nbsp; fins al 29 d\u2019AGOST de 2025<\/strong>&nbsp;a l\u2019escola El Far<\/p>\n\n\n\n<p>Les inscripcions s&#8217;efectuaran del&nbsp;<strong>28 d\u2019abril fins al 23 de maig&nbsp;<\/strong>a trav\u00e9s&nbsp;de la p\u00e0gina web de <a href=\"https:\/\/www.quiralia.cat\/casals\/casal\/casal-destiu-de-calella-2025\/\" data-type=\"link\" data-id=\"https:\/\/www.quiralia.cat\/casals\/casal\/casal-destiu-de-calella-2025\/\">Quir\u00e0lia<\/a>.<\/p>\n\n\n\n<p>Est\u00e0 adre\u00e7at a infants de&nbsp;<strong>3 a 12 anys (que hagin cursat pr\u00e8viament I3)<\/strong>, i es far\u00e0 en horari de mat\u00ed de les&nbsp;<strong>9h a les 13h<\/strong>&nbsp;i en horari de tarda de<strong>&nbsp;16h a 19h<\/strong>&nbsp;(amb la possibilitat de serveis complementaris d\u2019acollida i carmanyola).<\/p>\n<\/div>\n\n\n\n<div class=\"wp-block-column is-layout-flow wp-block-column-is-layout-flow\">\n<figure class=\"wp-block-image size-full is-resized\"><a href=\"https:\/\/agora.xtec.cat\/ceiplaminerva\/wp-content\/uploads\/usu929\/2025\/05\/Captura-de-Pantalla-2025-05-12-a-las-12.22.00.png\"><img loading=\"lazy\" decoding=\"async\" width=\"481\" height=\"600\" src=\"https:\/\/agora.xtec.cat\/ceiplaminerva\/wp-content\/uploads\/usu929\/2025\/05\/Captura-de-Pantalla-2025-05-12-a-las-12.22.00.png\" alt=\"\" class=\"wp-image-19438\" style=\"width:320px;height:auto\" srcset=\"https:\/\/agora.xtec.cat\/ceiplaminerva\/wp-content\/uploads\/usu929\/2025\/05\/Captura-de-Pantalla-2025-05-12-a-las-12.22.00.png 481w, https:\/\/agora.xtec.cat\/ceiplaminerva\/wp-content\/uploads\/usu929\/2025\/05\/Captura-de-Pantalla-2025-05-12-a-las-12.22.00-241x300.png 241w\" sizes=\"auto, (max-width: 481px) 100vw, 481px\" \/><\/a><\/figure>\n<\/div>\n<\/div>\n\n\n\n<h2 class=\"wp-block-heading has-text-align-center\">Fil conductor<\/h2>\n\n\n\n<div class=\"wp-block-columns is-layout-flex wp-container-core-columns-is-layout-2 wp-block-columns-is-layout-flex\">\n<div class=\"wp-block-column is-layout-flow wp-block-column-is-layout-flow\" style=\"flex-basis:33.33%\">\n<figure class=\"wp-block-image size-full\"><a href=\"https:\/\/agora.xtec.cat\/ceiplaminerva\/wp-content\/uploads\/usu929\/2025\/05\/Calella-Portada-2025-570x570-1.png\"><img loading=\"lazy\" decoding=\"async\" width=\"570\" height=\"570\" src=\"https:\/\/agora.xtec.cat\/ceiplaminerva\/wp-content\/uploads\/usu929\/2025\/05\/Calella-Portada-2025-570x570-1.png\" alt=\"\" class=\"wp-image-19440\" srcset=\"https:\/\/agora.xtec.cat\/ceiplaminerva\/wp-content\/uploads\/usu929\/2025\/05\/Calella-Portada-2025-570x570-1.png 570w, https:\/\/agora.xtec.cat\/ceiplaminerva\/wp-content\/uploads\/usu929\/2025\/05\/Calella-Portada-2025-570x570-1-300x300.png 300w, https:\/\/agora.xtec.cat\/ceiplaminerva\/wp-content\/uploads\/usu929\/2025\/05\/Calella-Portada-2025-570x570-1-150x150.png 150w\" sizes=\"auto, (max-width: 570px) 100vw, 570px\" \/><\/a><\/figure>\n<\/div>\n\n\n\n<div class=\"wp-block-column is-layout-flow wp-block-column-is-layout-flow\" style=\"flex-basis:66.66%\">\n<p>L\u2019\u00c0lex l\u2019Astronauta acaba d\u2019arribar al planeta Terra. Ve d\u2019una altra gal\u00e0xia, de molt molt lluny, i necessita que els infants i joves l\u2019ajudin a con\u00e8ixer el nostre sistema solar i a saber com es viu a la Terra. Ha aterrat al nostre casal d\u2019estiu i l\u2019\u00fanic que t\u00e9 a les mans \u00e9s un mapa amb els diferents planetes, que anirem a con\u00e8ixer i ens iniciarem en aquest viatge estel\u00b7lar. L\u2019\u00c0lex l\u2019Astronauta t\u00e9 hist\u00f2ries molt emocionants a explicar-nos, ha viscut un munt d\u2019aventures i d\u2019aquestes n\u2019ha tret molts aprenentatges que t\u00e9 ganes de compartir, de la mateixa manera que t\u00e9 ganes de con\u00e8ixer la nostra manera de viure i compartir plegades un estiu \u00fanic.<\/p>\n<\/div>\n<\/div>\n\n\n\n<p>Durant les cinc setmanes del casal, l\u2019\u00c0lex l\u2019Astronauta ens proposar\u00e0 un repte setmanal que caldr\u00e0 resoldre i on viurem totes plegades un munt d\u2019aventures, experi\u00e8ncies i activitats que ens portaran a aprendre noves coses relacionades amb les emocions, la capacitat de decidir, l\u2019entorn proper, les relacions humanes, els drets dels infants, l\u2019activitat f\u00edsica, el feminisme, la diversitat cultural,&nbsp; entre moltes altres coses. Cada dia ser\u00e0 un dia ple d\u2019emocions, teniu ganes d\u2019iniciar aquest viatge estel\u00b7lar?<\/p>\n\n\n\n<p class=\"has-text-align-center\"><em>Per a m\u00e9s informaci\u00f3 i\/o inscripci\u00f3, visita la p\u00e0gina web de <a href=\"https:\/\/www.quiralia.cat\/casals\/casal\/casal-destiu-de-calella-2025\/\" data-type=\"link\" data-id=\"https:\/\/www.quiralia.cat\/casals\/casal\/casal-destiu-de-calella-2025\/\">Quir\u00e0lia<\/a>.<\/em><\/p>\n","protected":false},"excerpt":{"rendered":"<p>Calella &#8211; Estiu 2025 Enguany el Casal es far\u00e0 del&nbsp;30 de JUNY&nbsp; fins al 29 d\u2019AGOST de 2025&nbsp;a l\u2019escola El Far Les inscripcions s&#8217;efectuaran del&nbsp;28 d\u2019abril fins al 23 de maig&nbsp;a trav\u00e9s&nbsp;de la p\u00e0gina web de Quir\u00e0lia. Est\u00e0 adre\u00e7at a infants de&nbsp;3 a 12 anys (que hagin cursat pr\u00e8viament I3), i es far\u00e0 en horari [&hellip;]<\/p>\n","protected":false},"author":1,"featured_media":0,"parent":66,"menu_order":40,"comment_status":"closed","ping_status":"closed","template":"","meta":{"_bbp_topic_count":0,"_bbp_reply_count":0,"_bbp_total_topic_count":0,"_bbp_total_reply_count":0,"_bbp_voice_count":0,"_bbp_anonymous_reply_count":0,"_bbp_topic_count_hidden":0,"_bbp_reply_count_hidden":0,"_bbp_forum_subforum_count":0,"site-sidebar-layout":"default","site-content-layout":"","ast-site-content-layout":"default","site-content-style":"default","site-sidebar-style":"default","ast-global-header-display":"","ast-banner-title-visibility":"","ast-main-header-display":"","ast-hfb-above-header-display":"","ast-hfb-below-header-display":"","ast-hfb-mobile-header-display":"","site-post-title":"","ast-breadcrumbs-content":"","ast-featured-img":"","footer-sml-layout":"","theme-transparent-header-meta":"default","adv-header-id-meta":"","stick-header-meta":"","header-above-stick-meta":"","header-main-stick-meta":"","header-below-stick-meta":"","astra-migrate-meta-layouts":"set","ast-page-background-enabled":"default","ast-page-background-meta":{"desktop":{"background-color":"var(--ast-global-color-4)","background-image":"","background-repeat":"repeat","background-position":"center center","background-size":"auto","background-attachment":"scroll","background-type":"","background-media":"","overlay-type":"","overlay-color":"","overlay-opacity":"","overlay-gradient":""},"tablet":{"background-color":"","background-image":"","background-repeat":"repeat","background-position":"center center","background-size":"auto","background-attachment":"scroll","background-type":"","background-media":"","overlay-type":"","overlay-color":"","overlay-opacity":"","overlay-gradient":""},"mobile":{"background-color":"","background-image":"","background-repeat":"repeat","background-position":"center center","background-size":"auto","background-attachment":"scroll","background-type":"","background-media":"","overlay-type":"","overlay-color":"","overlay-opacity":"","overlay-gradient":""}},"ast-content-background-meta":{"desktop":{"background-color":"var(--ast-global-color-5)","background-image":"","background-repeat":"repeat","background-position":"center center","background-size":"auto","background-attachment":"scroll","background-type":"","background-media":"","overlay-type":"","overlay-color":"","overlay-opacity":"","overlay-gradient":""},"tablet":{"background-color":"var(--ast-global-color-5)","background-image":"","background-repeat":"repeat","background-position":"center center","background-size":"auto","background-attachment":"scroll","background-type":"","background-media":"","overlay-type":"","overlay-color":"","overlay-opacity":"","overlay-gradient":""},"mobile":{"background-color":"var(--ast-global-color-5)","background-image":"","background-repeat":"repeat","background-position":"center center","background-size":"auto","background-attachment":"scroll","background-type":"","background-media":"","overlay-type":"","overlay-color":"","overlay-opacity":"","overlay-gradient":""}},"footnotes":""},"class_list":["post-82","page","type-page","status-publish","hentry"],"post_mailing_queue_ids":[],"_links":{"self":[{"href":"https:\/\/agora.xtec.cat\/ceiplaminerva\/wp-json\/wp\/v2\/pages\/82","targetHints":{"allow":["GET"]}}],"collection":[{"href":"https:\/\/agora.xtec.cat\/ceiplaminerva\/wp-json\/wp\/v2\/pages"}],"about":[{"href":"https:\/\/agora.xtec.cat\/ceiplaminerva\/wp-json\/wp\/v2\/types\/page"}],"author":[{"embeddable":true,"href":"https:\/\/agora.xtec.cat\/ceiplaminerva\/wp-json\/wp\/v2\/users\/1"}],"replies":[{"embeddable":true,"href":"https:\/\/agora.xtec.cat\/ceiplaminerva\/wp-json\/wp\/v2\/comments?post=82"}],"version-history":[{"count":6,"href":"https:\/\/agora.xtec.cat\/ceiplaminerva\/wp-json\/wp\/v2\/pages\/82\/revisions"}],"predecessor-version":[{"id":19449,"href":"https:\/\/agora.xtec.cat\/ceiplaminerva\/wp-json\/wp\/v2\/pages\/82\/revisions\/19449"}],"up":[{"embeddable":true,"href":"https:\/\/agora.xtec.cat\/ceiplaminerva\/wp-json\/wp\/v2\/pages\/66"}],"wp:attachment":[{"href":"https:\/\/agora.xtec.cat\/ceiplaminerva\/wp-json\/wp\/v2\/media?parent=82"}],"curies":[{"name":"wp","href":"https:\/\/api.w.org\/{rel}","templated":true}]}}