{"id":867,"date":"2020-02-25T00:11:26","date_gmt":"2020-02-24T23:11:26","guid":{"rendered":"https:\/\/agora.xtec.cat\/ceiplajota\/?page_id=867"},"modified":"2020-05-11T02:14:17","modified_gmt":"2020-05-11T00:14:17","slug":"connectant-mons","status":"publish","type":"page","link":"https:\/\/agora.xtec.cat\/ceiplajota\/projecte-educatiu\/projectes-de-lescola\/connectant-mons\/","title":{"rendered":"Connectant mons"},"content":{"rendered":"<div class=\"col-12\">\n<h5><a href=\"https:\/\/agora.xtec.cat\/ceiplajota\/wp-content\/uploads\/usu1571\/2020\/05\/Logo_Connectant_Mons.png\"><img loading=\"lazy\" decoding=\"async\" class=\"alignleft size-medium wp-image-2290\" src=\"https:\/\/agora.xtec.cat\/ceiplajota\/wp-content\/uploads\/usu1571\/2020\/05\/Logo_Connectant_Mons-300x105.png\" alt=\"\" width=\"300\" height=\"105\" srcset=\"https:\/\/agora.xtec.cat\/ceiplajota\/wp-content\/uploads\/usu1571\/2020\/05\/Logo_Connectant_Mons-300x105.png 300w, https:\/\/agora.xtec.cat\/ceiplajota\/wp-content\/uploads\/usu1571\/2020\/05\/Logo_Connectant_Mons.png 325w\" sizes=\"auto, (max-width: 300px) 100vw, 300px\" \/><\/a><\/h5>\n<h5><\/h5>\n<h5><\/h5>\n<h5 class=\"oxfam text-danger mb-3\"><\/h5>\n<\/div>\n<p>&nbsp;<\/p>\n<p>&nbsp;<\/p>\n<p>&nbsp;<\/p>\n<div class=\"col-12 col-lg-6 order-2 order-lg-1\">\n<p><a href=\"https:\/\/www.conectandomundos.org\/ca\/presentacion\" target=\"_blank\" rel=\"noopener noreferrer\">Connectant mons<\/a> \u00e9s una proposta educativa telem\u00e0tica que combina l\u2019activitat a l\u2019aula i el treball en xarxa entre\u00a0<strong>alumnat de 6 a 17 anys<\/strong>\u00a0de diferents realitats culturals, econ\u00f2miques i socials, en la qual participen centres de tot el m\u00f3n.<\/p>\n<p>Es treballa a trav\u00e9s d\u2019una plataforma telem\u00e0tica multiling\u00fce en 8 lleng\u00fces (itali\u00e0, castell\u00e0, portugu\u00e8s, angl\u00e8s, franc\u00e8s, gallec, catal\u00e0 i \u00e8uscar), en la qual s\u2019interacciona i es treballa de manera cooperativa, organitzats en equips de treball de la mateixa franja d\u2019edat.<\/p>\n<p>Cada any treballem una tem\u00e0tica concreta relacionada amb\u00a0<strong><a href=\"http:\/\/www.ciudadaniaglobal.org\/\" target=\"_blank\" rel=\"dofollow noopener noreferrer\">l\u2019educaci\u00f3 per a una ciutadania global<\/a><\/strong>, com ara els drets laborals, el canvi clim\u00e0tic o la pobresa, amb\u00a0<strong>propostes did\u00e0ctiques<\/strong>\u00a0adequades a l\u2019edat.<\/p>\n<h5 class=\"headline text-secondary border-bottom border-secondary my-4\"><span style=\"color: #0000ff;\">Els objectius generals s\u00f3n:<\/span><\/h5>\n<div class=\"row\">&#8211; Afavorir el di\u00e0leg intercultural\u00a0entre nois i noies d\u2019entorns socials i geogr\u00e0fics diferents.<\/div>\n<div><\/div>\n<div>&#8211; Facilitar un espai de treball cooperatiu efectiu\u00a0a trav\u00e9s de les Tecnologies de la Informaci\u00f3 i la Comunicaci\u00f3 (TIC) que possibiliti el coneixement mutu, permeti compartir realitats diverses i descobrir problemes comuns, basant-se en el lema &#8220;pensa globalment, actua localment&#8221;.<\/div>\n<div><\/div>\n<\/div>\n<div>&#8211; A partir de la reflexi\u00f3 sobre l\u2019entorn proper i el coneixement sobre la realitat de la resta dels i les participants, prendre consci\u00e8ncia\u00a0sobre les causes que provoquen que una majoria de la poblaci\u00f3 mundial no pugui satisfer les necessitats b\u00e0siques i no tingui oportunitats i drets, i elaborar conjuntament una proposta-comprom\u00eds<\/div>\n<div><\/div>\n<div>\n<h5 class=\"headline text-secondary border-bottom border-secondary my-4\"><span style=\"color: #0000ff;\">Quan, com i on el treballem a l&#8217;Escola La Jota?<\/span><\/h5>\n<div>A l&#8217;Escola La Jota treballem el Connectant Mons a Prim\u00e0ria, al llarg del segon trimestre. Cada classe t\u00e9 una sessi\u00f3 setmanal i amb l&#8217;acomapanyament de dos docents es va donant forma al projecte.<\/div>\n<div>Cada curs t\u00e9 una tem\u00e0tica concreta, aquest curs:<\/div>\n<div><\/div>\n<h5><span style=\"color: #0000ff;\">Edici\u00f3 2019-2020. GET IN THE LOOP: PER UN FUTUR EN EQUILIBRI.<\/span><\/h5>\n<p><a href=\"https:\/\/agora.xtec.cat\/ceiplajota\/wp-content\/uploads\/usu1571\/2020\/05\/Logo_Connectant_Mons_2019-20.png\"><img loading=\"lazy\" decoding=\"async\" class=\"size-medium wp-image-2291 aligncenter\" src=\"https:\/\/agora.xtec.cat\/ceiplajota\/wp-content\/uploads\/usu1571\/2020\/05\/Logo_Connectant_Mons_2019-20-300x118.png\" alt=\"\" width=\"300\" height=\"118\" srcset=\"https:\/\/agora.xtec.cat\/ceiplajota\/wp-content\/uploads\/usu1571\/2020\/05\/Logo_Connectant_Mons_2019-20-300x118.png 300w, https:\/\/agora.xtec.cat\/ceiplajota\/wp-content\/uploads\/usu1571\/2020\/05\/Logo_Connectant_Mons_2019-20.png 385w\" sizes=\"auto, (max-width: 300px) 100vw, 300px\" \/><\/a><\/p>\n<div><\/div>\n<\/div>\n","protected":false},"excerpt":{"rendered":"<p><a href=\"https:\/\/agora.xtec.cat\/ceiplajota\/wp-content\/uploads\/usu1571\/2020\/05\/Logo_Connectant_Mons.png\"><\/a><\/p>\n<p>&nbsp;<br \/>\n&nbsp;<br \/>\n&nbsp;<\/p>\n<p><a href=\"https:\/\/www.conectandomundos.org\/ca\/presentacion\" target=\"_blank\" rel=\"noopener noreferrer\">Connectant mons<\/a> \u00e9s una proposta educativa telem\u00e0tica que combina l\u2019activitat a l\u2019aula i el treball en xarxa entre\u00a0alumnat de 6 a 17 anys\u00a0de diferents realitats culturals, econ\u00f2miques i socials, en la qual participen centres de tot el m\u00f3n.<br \/>\nEs treballa a&hellip;  <a href=\"https:\/\/agora.xtec.cat\/ceiplajota\/projecte-educatiu\/projectes-de-lescola\/connectant-mons\/\" title=\"Read Connectant mons\">Llegeix m\u00e9s\u00bb<\/a><\/p>\n","protected":false},"author":1,"featured_media":0,"parent":617,"menu_order":0,"comment_status":"closed","ping_status":"closed","template":"page-templates\/side-menu.php","meta":{"_bbp_topic_count":0,"_bbp_reply_count":0,"_bbp_total_topic_count":0,"_bbp_total_reply_count":0,"_bbp_voice_count":0,"_bbp_anonymous_reply_count":0,"_bbp_topic_count_hidden":0,"_bbp_reply_count_hidden":0,"_bbp_forum_subforum_count":0,"footnotes":""},"class_list":["post-867","page","type-page","status-publish","hentry"],"post_mailing_queue_ids":[],"_links":{"self":[{"href":"https:\/\/agora.xtec.cat\/ceiplajota\/wp-json\/wp\/v2\/pages\/867","targetHints":{"allow":["GET"]}}],"collection":[{"href":"https:\/\/agora.xtec.cat\/ceiplajota\/wp-json\/wp\/v2\/pages"}],"about":[{"href":"https:\/\/agora.xtec.cat\/ceiplajota\/wp-json\/wp\/v2\/types\/page"}],"author":[{"embeddable":true,"href":"https:\/\/agora.xtec.cat\/ceiplajota\/wp-json\/wp\/v2\/users\/1"}],"replies":[{"embeddable":true,"href":"https:\/\/agora.xtec.cat\/ceiplajota\/wp-json\/wp\/v2\/comments?post=867"}],"version-history":[{"count":4,"href":"https:\/\/agora.xtec.cat\/ceiplajota\/wp-json\/wp\/v2\/pages\/867\/revisions"}],"predecessor-version":[{"id":2294,"href":"https:\/\/agora.xtec.cat\/ceiplajota\/wp-json\/wp\/v2\/pages\/867\/revisions\/2294"}],"up":[{"embeddable":true,"href":"https:\/\/agora.xtec.cat\/ceiplajota\/wp-json\/wp\/v2\/pages\/617"}],"wp:attachment":[{"href":"https:\/\/agora.xtec.cat\/ceiplajota\/wp-json\/wp\/v2\/media?parent=867"}],"curies":[{"name":"wp","href":"https:\/\/api.w.org\/{rel}","templated":true}]}}

<div class="col-12">
<h5><a href="https://agora.xtec.cat/ceiplajota/wp-content/uploads/usu1571/2020/05/Logo_Connectant_Mons.png"><img loading="lazy" decoding="async" class="alignleft size-medium wp-image-2290" src="https://agora.xtec.cat/ceiplajota/wp-content/uploads/usu1571/2020/05/Logo_Connectant_Mons-300x105.png" alt="" width="300" height="105" srcset="https://agora.xtec.cat/ceiplajota/wp-content/uploads/usu1571/2020/05/Logo_Connectant_Mons-300x105.png 300w, https://agora.xtec.cat/ceiplajota/wp-content/uploads/usu1571/2020/05/Logo_Connectant_Mons.png 325w" sizes="auto, (max-width: 300px) 100vw, 300px" /></a></h5>
<h5></h5>
<h5></h5>
<h5 class="oxfam text-danger mb-3"></h5>
</div>
<p>&nbsp;</p>
<p>&nbsp;</p>
<p>&nbsp;</p>
<div class="col-12 col-lg-6 order-2 order-lg-1">
<p><a href="https://www.conectandomundos.org/ca/presentacion" target="_blank" rel="noopener noreferrer">Connectant mons</a> és una proposta educativa telemàtica que combina l’activitat a l’aula i el treball en xarxa entre <strong>alumnat de 6 a 17 anys</strong> de diferents realitats culturals, econòmiques i socials, en la qual participen centres de tot el món.</p>
<p>Es treballa a través d’una plataforma telemàtica multilingüe en 8 llengües (italià, castellà, portuguès, anglès, francès, gallec, català i èuscar), en la qual s’interacciona i es treballa de manera cooperativa, organitzats en equips de treball de la mateixa franja d’edat.</p>
<p>Cada any treballem una temàtica concreta relacionada amb <strong><a href="http://www.ciudadaniaglobal.org/" target="_blank" rel="dofollow noopener noreferrer">l’educació per a una ciutadania global</a></strong>, com ara els drets laborals, el canvi climàtic o la pobresa, amb <strong>propostes didàctiques</strong> adequades a l’edat.</p>
<h5 class="headline text-secondary border-bottom border-secondary my-4"><span style="color: #0000ff;">Els objectius generals són:</span></h5>
<div class="row">&#8211; Afavorir el diàleg intercultural entre nois i noies d’entorns socials i geogràfics diferents.</div>
<div></div>
<div>&#8211; Facilitar un espai de treball cooperatiu efectiu a través de les Tecnologies de la Informació i la Comunicació (TIC) que possibiliti el coneixement mutu, permeti compartir realitats diverses i descobrir problemes comuns, basant-se en el lema &#8220;pensa globalment, actua localment&#8221;.</div>
<div></div>
</div>
<div>&#8211; A partir de la reflexió sobre l’entorn proper i el coneixement sobre la realitat de la resta dels i les participants, prendre consciència sobre les causes que provoquen que una majoria de la població mundial no pugui satisfer les necessitats bàsiques i no tingui oportunitats i drets, i elaborar conjuntament una proposta-compromís</div>
<div></div>
<div>
<h5 class="headline text-secondary border-bottom border-secondary my-4"><span style="color: #0000ff;">Quan, com i on el treballem a l&#8217;Escola La Jota?</span></h5>
<div>A l&#8217;Escola La Jota treballem el Connectant Mons a Primària, al llarg del segon trimestre. Cada classe té una sessió setmanal i amb l&#8217;acomapanyament de dos docents es va donant forma al projecte.</div>
<div>Cada curs té una temàtica concreta, aquest curs:</div>
<div></div>
<h5><span style="color: #0000ff;">Edició 2019-2020. GET IN THE LOOP: PER UN FUTUR EN EQUILIBRI.</span></h5>
<p><a href="https://agora.xtec.cat/ceiplajota/wp-content/uploads/usu1571/2020/05/Logo_Connectant_Mons_2019-20.png"><img loading="lazy" decoding="async" class="size-medium wp-image-2291 aligncenter" src="https://agora.xtec.cat/ceiplajota/wp-content/uploads/usu1571/2020/05/Logo_Connectant_Mons_2019-20-300x118.png" alt="" width="300" height="118" srcset="https://agora.xtec.cat/ceiplajota/wp-content/uploads/usu1571/2020/05/Logo_Connectant_Mons_2019-20-300x118.png 300w, https://agora.xtec.cat/ceiplajota/wp-content/uploads/usu1571/2020/05/Logo_Connectant_Mons_2019-20.png 385w" sizes="auto, (max-width: 300px) 100vw, 300px" /></a></p>
<div></div>
</div>

<p><a href="https://agora.xtec.cat/ceiplajota/wp-content/uploads/usu1571/2020/05/Logo_Connectant_Mons.png"></a></p>
<p>&nbsp;<br />
&nbsp;<br />
&nbsp;</p>
<p><a href="https://www.conectandomundos.org/ca/presentacion" target="_blank" rel="noopener noreferrer">Connectant mons</a> és una proposta educativa telemàtica que combina l’activitat a l’aula i el treball en xarxa entre alumnat de 6 a 17 anys de diferents realitats culturals, econòmiques i socials, en la qual participen centres de tot el món.<br />
Es treballa a&hellip;  <a href="https://agora.xtec.cat/ceiplajota/projecte-educatiu/projectes-de-lescola/connectant-mons/" title="Read Connectant mons">Llegeix més»</a></p>
