{"id":820,"date":"2020-02-24T12:28:02","date_gmt":"2020-02-24T11:28:02","guid":{"rendered":"https:\/\/agora.xtec.cat\/ceiplajota\/?page_id=820"},"modified":"2024-12-19T22:03:37","modified_gmt":"2024-12-19T21:03:37","slug":"sant-jordi","status":"publish","type":"page","link":"https:\/\/agora.xtec.cat\/ceiplajota\/festes-a-lescola\/sant-jordi\/","title":{"rendered":"Sant Jordi"},"content":{"rendered":"<p style=\"text-align: center;\"><strong>SANT JORDI<\/strong><\/p>\n<p>El 23 d&#8217;abril \u00e9s un dia molt m\u00e0gic, el dia dels llibres i de les roses. L&#8217;Institut Escola La Jota s&#8217;omple de colors, llibres per aqu\u00ed, llibres per all\u00e0. Fem poesia, fem narracions, llegim fragments de contes, tenim a familiars experts que ens venen a llegir en diferents idiomes,&#8230;Fem una mostra de textos elaborats per l&#8217;alumnat i compartim l&#8217;emoci\u00f3 dels Jocs Florals.<\/p>\n<p>L&#8217;AFA organitza un parada de llibres, tots hi anem per comprar-ne!<\/p>\n<p style=\"text-align: center;\"><a href=\"https:\/\/agora.xtec.cat\/ceiplajota\/wp-content\/uploads\/usu1571\/2024\/12\/Sant-Jordi.png\"><img loading=\"lazy\" decoding=\"async\" class=\"aligncenter size-full wp-image-6542\" src=\"https:\/\/agora.xtec.cat\/ceiplajota\/wp-content\/uploads\/usu1571\/2024\/12\/Sant-Jordi.png\" alt=\"\" width=\"516\" height=\"334\" srcset=\"https:\/\/agora.xtec.cat\/ceiplajota\/wp-content\/uploads\/usu1571\/2024\/12\/Sant-Jordi.png 516w, https:\/\/agora.xtec.cat\/ceiplajota\/wp-content\/uploads\/usu1571\/2024\/12\/Sant-Jordi-300x194.png 300w\" sizes=\"auto, (max-width: 516px) 100vw, 516px\" \/><\/a><\/p>\n","protected":false},"excerpt":{"rendered":"<p>SANT JORDI<br \/>\nEl 23 d&#8217;abril \u00e9s un dia molt m\u00e0gic, el dia dels llibres i de les roses. L&#8217;Institut Escola La Jota s&#8217;omple de colors, llibres per aqu\u00ed, llibres per all\u00e0. Fem poesia, fem narracions, llegim fragments de contes, tenim a familiars experts que ens venen&hellip;  <a href=\"https:\/\/agora.xtec.cat\/ceiplajota\/festes-a-lescola\/sant-jordi\/\" title=\"Read Sant Jordi\">Llegeix m\u00e9s\u00bb<\/a><\/p>\n","protected":false},"author":1,"featured_media":0,"parent":721,"menu_order":0,"comment_status":"closed","ping_status":"closed","template":"page-templates\/side-menu.php","meta":{"_bbp_topic_count":0,"_bbp_reply_count":0,"_bbp_total_topic_count":0,"_bbp_total_reply_count":0,"_bbp_voice_count":0,"_bbp_anonymous_reply_count":0,"_bbp_topic_count_hidden":0,"_bbp_reply_count_hidden":0,"_bbp_forum_subforum_count":0,"footnotes":""},"class_list":["post-820","page","type-page","status-publish","hentry"],"post_mailing_queue_ids":[],"_links":{"self":[{"href":"https:\/\/agora.xtec.cat\/ceiplajota\/wp-json\/wp\/v2\/pages\/820","targetHints":{"allow":["GET"]}}],"collection":[{"href":"https:\/\/agora.xtec.cat\/ceiplajota\/wp-json\/wp\/v2\/pages"}],"about":[{"href":"https:\/\/agora.xtec.cat\/ceiplajota\/wp-json\/wp\/v2\/types\/page"}],"author":[{"embeddable":true,"href":"https:\/\/agora.xtec.cat\/ceiplajota\/wp-json\/wp\/v2\/users\/1"}],"replies":[{"embeddable":true,"href":"https:\/\/agora.xtec.cat\/ceiplajota\/wp-json\/wp\/v2\/comments?post=820"}],"version-history":[{"count":3,"href":"https:\/\/agora.xtec.cat\/ceiplajota\/wp-json\/wp\/v2\/pages\/820\/revisions"}],"predecessor-version":[{"id":6544,"href":"https:\/\/agora.xtec.cat\/ceiplajota\/wp-json\/wp\/v2\/pages\/820\/revisions\/6544"}],"up":[{"embeddable":true,"href":"https:\/\/agora.xtec.cat\/ceiplajota\/wp-json\/wp\/v2\/pages\/721"}],"wp:attachment":[{"href":"https:\/\/agora.xtec.cat\/ceiplajota\/wp-json\/wp\/v2\/media?parent=820"}],"curies":[{"name":"wp","href":"https:\/\/api.w.org\/{rel}","templated":true}]}}

<p style="text-align: center;"><strong>SANT JORDI</strong></p>
<p>El 23 d&#8217;abril és un dia molt màgic, el dia dels llibres i de les roses. L&#8217;Institut Escola La Jota s&#8217;omple de colors, llibres per aquí, llibres per allà. Fem poesia, fem narracions, llegim fragments de contes, tenim a familiars experts que ens venen a llegir en diferents idiomes,&#8230;Fem una mostra de textos elaborats per l&#8217;alumnat i compartim l&#8217;emoció dels Jocs Florals.</p>
<p>L&#8217;AFA organitza un parada de llibres, tots hi anem per comprar-ne!</p>
<p style="text-align: center;"><a href="https://agora.xtec.cat/ceiplajota/wp-content/uploads/usu1571/2024/12/Sant-Jordi.png"><img loading="lazy" decoding="async" class="aligncenter size-full wp-image-6542" src="https://agora.xtec.cat/ceiplajota/wp-content/uploads/usu1571/2024/12/Sant-Jordi.png" alt="" width="516" height="334" srcset="https://agora.xtec.cat/ceiplajota/wp-content/uploads/usu1571/2024/12/Sant-Jordi.png 516w, https://agora.xtec.cat/ceiplajota/wp-content/uploads/usu1571/2024/12/Sant-Jordi-300x194.png 300w" sizes="auto, (max-width: 516px) 100vw, 516px" /></a></p>

<p>SANT JORDI<br />
El 23 d&#8217;abril és un dia molt màgic, el dia dels llibres i de les roses. L&#8217;Institut Escola La Jota s&#8217;omple de colors, llibres per aquí, llibres per allà. Fem poesia, fem narracions, llegim fragments de contes, tenim a familiars experts que ens venen&hellip;  <a href="https://agora.xtec.cat/ceiplajota/festes-a-lescola/sant-jordi/" title="Read Sant Jordi">Llegeix més»</a></p>
