{"id":818,"date":"2024-04-14T12:27:41","date_gmt":"2024-04-14T10:27:41","guid":{"rendered":"https:\/\/agora.xtec.cat\/ceiplajota\/?page_id=818"},"modified":"2024-04-14T12:44:26","modified_gmt":"2024-04-14T10:44:26","slug":"jornada-de-jocs-avac","status":"publish","type":"page","link":"https:\/\/agora.xtec.cat\/ceiplajota\/festes-a-lescola\/jornada-de-jocs-avac\/","title":{"rendered":"Jornada de Jocs AVAC"},"content":{"rendered":"<p>Qu\u00e8 \u00e9s la JORNADA DE JOCS AVAC?\u00a0 \u00a0 <a href=\"https:\/\/agora.xtec.cat\/ceiplajota\/wp-content\/uploads\/usu1571\/2024\/04\/miniAVAC2.jpg\"><img loading=\"lazy\" decoding=\"async\" class=\"aligncenter  wp-image-6193\" src=\"https:\/\/agora.xtec.cat\/ceiplajota\/wp-content\/uploads\/usu1571\/2024\/04\/miniAVAC2.jpg\" alt=\"\" width=\"253\" height=\"221\" srcset=\"https:\/\/agora.xtec.cat\/ceiplajota\/wp-content\/uploads\/usu1571\/2024\/04\/miniAVAC2.jpg 332w, https:\/\/agora.xtec.cat\/ceiplajota\/wp-content\/uploads\/usu1571\/2024\/04\/miniAVAC2-300x262.jpg 300w\" sizes=\"auto, (max-width: 253px) 100vw, 253px\" \/><\/a><\/p>\n<p>\u00c9s la festa m\u00e9s bonica del centre, amb la m\u00e0xima participaci\u00f3 de les fam\u00edlies (pares, mares, avis i \u00e0vies, germans grans, exalumnes,&#8230;).<\/p>\n<p>Organitzem una gran gimcana que l&#8217;alumnat juga en grups de diferents edats, des d&#8217;i3 fins als m\u00e9s grans. Cada edat t\u00e9 la seva tasca; des de 6\u00e8, que s\u00f3n els capitans, fins als de secund\u00e0ria que tenen ja m\u00e9s responsabilitats.<\/p>\n<p>Es fan reunions fam\u00edlies i docents per\u00a0 preparar-ho tot i garantir que la jornada sigui exitosa.<\/p>\n<p>Si hi vols venir, si ets de la comunitat de l&#8217;Institut Escola, no badis, Juga amb nosaltres!!!<\/p>\n<p><a href=\"https:\/\/agora.xtec.cat\/ceiplajota\/wp-content\/uploads\/usu1571\/2024\/04\/Foto-2.png\"><img loading=\"lazy\" decoding=\"async\" class=\"aligncenter size-full wp-image-6191\" src=\"https:\/\/agora.xtec.cat\/ceiplajota\/wp-content\/uploads\/usu1571\/2024\/04\/Foto-2.png\" alt=\"\" width=\"924\" height=\"536\" srcset=\"https:\/\/agora.xtec.cat\/ceiplajota\/wp-content\/uploads\/usu1571\/2024\/04\/Foto-2.png 924w, https:\/\/agora.xtec.cat\/ceiplajota\/wp-content\/uploads\/usu1571\/2024\/04\/Foto-2-300x174.png 300w, https:\/\/agora.xtec.cat\/ceiplajota\/wp-content\/uploads\/usu1571\/2024\/04\/Foto-2-768x446.png 768w\" sizes=\"auto, (max-width: 924px) 100vw, 924px\" \/><\/a><\/p>\n","protected":false},"excerpt":{"rendered":"<p>Qu\u00e8 \u00e9s la JORNADA DE JOCS AVAC?\u00a0 \u00a0 <a href=\"https:\/\/agora.xtec.cat\/ceiplajota\/wp-content\/uploads\/usu1571\/2024\/04\/miniAVAC2.jpg\"><\/a><br \/>\n\u00c9s la festa m\u00e9s bonica del centre, amb la m\u00e0xima participaci\u00f3 de les fam\u00edlies (pares, mares, avis i \u00e0vies, germans grans, exalumnes,&#8230;).<br \/>\nOrganitzem una gran gimcana que l&#8217;alumnat juga en grups de diferents edats, des d&#8217;i3 fins&hellip;  <a href=\"https:\/\/agora.xtec.cat\/ceiplajota\/festes-a-lescola\/jornada-de-jocs-avac\/\" title=\"Read Jornada de Jocs AVAC\">Llegeix m\u00e9s\u00bb<\/a><\/p>\n","protected":false},"author":1,"featured_media":0,"parent":721,"menu_order":0,"comment_status":"closed","ping_status":"closed","template":"page-templates\/side-menu.php","meta":{"_bbp_topic_count":0,"_bbp_reply_count":0,"_bbp_total_topic_count":0,"_bbp_total_reply_count":0,"_bbp_voice_count":0,"_bbp_anonymous_reply_count":0,"_bbp_topic_count_hidden":0,"_bbp_reply_count_hidden":0,"_bbp_forum_subforum_count":0,"footnotes":""},"class_list":["post-818","page","type-page","status-publish","hentry"],"post_mailing_queue_ids":[],"_links":{"self":[{"href":"https:\/\/agora.xtec.cat\/ceiplajota\/wp-json\/wp\/v2\/pages\/818","targetHints":{"allow":["GET"]}}],"collection":[{"href":"https:\/\/agora.xtec.cat\/ceiplajota\/wp-json\/wp\/v2\/pages"}],"about":[{"href":"https:\/\/agora.xtec.cat\/ceiplajota\/wp-json\/wp\/v2\/types\/page"}],"author":[{"embeddable":true,"href":"https:\/\/agora.xtec.cat\/ceiplajota\/wp-json\/wp\/v2\/users\/1"}],"replies":[{"embeddable":true,"href":"https:\/\/agora.xtec.cat\/ceiplajota\/wp-json\/wp\/v2\/comments?post=818"}],"version-history":[{"count":4,"href":"https:\/\/agora.xtec.cat\/ceiplajota\/wp-json\/wp\/v2\/pages\/818\/revisions"}],"predecessor-version":[{"id":6194,"href":"https:\/\/agora.xtec.cat\/ceiplajota\/wp-json\/wp\/v2\/pages\/818\/revisions\/6194"}],"up":[{"embeddable":true,"href":"https:\/\/agora.xtec.cat\/ceiplajota\/wp-json\/wp\/v2\/pages\/721"}],"wp:attachment":[{"href":"https:\/\/agora.xtec.cat\/ceiplajota\/wp-json\/wp\/v2\/media?parent=818"}],"curies":[{"name":"wp","href":"https:\/\/api.w.org\/{rel}","templated":true}]}}

<p>Què és la JORNADA DE JOCS AVAC?    <a href="https://agora.xtec.cat/ceiplajota/wp-content/uploads/usu1571/2024/04/miniAVAC2.jpg"><img loading="lazy" decoding="async" class="aligncenter  wp-image-6193" src="https://agora.xtec.cat/ceiplajota/wp-content/uploads/usu1571/2024/04/miniAVAC2.jpg" alt="" width="253" height="221" srcset="https://agora.xtec.cat/ceiplajota/wp-content/uploads/usu1571/2024/04/miniAVAC2.jpg 332w, https://agora.xtec.cat/ceiplajota/wp-content/uploads/usu1571/2024/04/miniAVAC2-300x262.jpg 300w" sizes="auto, (max-width: 253px) 100vw, 253px" /></a></p>
<p>És la festa més bonica del centre, amb la màxima participació de les famílies (pares, mares, avis i àvies, germans grans, exalumnes,&#8230;).</p>
<p>Organitzem una gran gimcana que l&#8217;alumnat juga en grups de diferents edats, des d&#8217;i3 fins als més grans. Cada edat té la seva tasca; des de 6è, que són els capitans, fins als de secundària que tenen ja més responsabilitats.</p>
<p>Es fan reunions famílies i docents per  preparar-ho tot i garantir que la jornada sigui exitosa.</p>
<p>Si hi vols venir, si ets de la comunitat de l&#8217;Institut Escola, no badis, Juga amb nosaltres!!!</p>
<p><a href="https://agora.xtec.cat/ceiplajota/wp-content/uploads/usu1571/2024/04/Foto-2.png"><img loading="lazy" decoding="async" class="aligncenter size-full wp-image-6191" src="https://agora.xtec.cat/ceiplajota/wp-content/uploads/usu1571/2024/04/Foto-2.png" alt="" width="924" height="536" srcset="https://agora.xtec.cat/ceiplajota/wp-content/uploads/usu1571/2024/04/Foto-2.png 924w, https://agora.xtec.cat/ceiplajota/wp-content/uploads/usu1571/2024/04/Foto-2-300x174.png 300w, https://agora.xtec.cat/ceiplajota/wp-content/uploads/usu1571/2024/04/Foto-2-768x446.png 768w" sizes="auto, (max-width: 924px) 100vw, 924px" /></a></p>

<p>Què és la JORNADA DE JOCS AVAC?    <a href="https://agora.xtec.cat/ceiplajota/wp-content/uploads/usu1571/2024/04/miniAVAC2.jpg"></a><br />
És la festa més bonica del centre, amb la màxima participació de les famílies (pares, mares, avis i àvies, germans grans, exalumnes,&#8230;).<br />
Organitzem una gran gimcana que l&#8217;alumnat juga en grups de diferents edats, des d&#8217;i3 fins&hellip;  <a href="https://agora.xtec.cat/ceiplajota/festes-a-lescola/jornada-de-jocs-avac/" title="Read Jornada de Jocs AVAC">Llegeix més»</a></p>
